{"id":4336,"date":"2024-11-24T22:22:55","date_gmt":"2024-11-24T21:22:55","guid":{"rendered":"http:\/\/agora.xtec.cat\/esc-renaixencahostalets\/?page_id=4336"},"modified":"2024-11-24T22:26:03","modified_gmt":"2024-11-24T21:26:03","slug":"noms-de-les-portes","status":"publish","type":"page","link":"https:\/\/agora.xtec.cat\/esc-renaixencahostalets\/lescola\/noms-de-les-portes\/","title":{"rendered":"Noms de les aules"},"content":{"rendered":"<p>Cada una de les aules de l&#8217;Institut Escola t\u00e9 el nom d&#8217;un dels animals trobats a <strong>l&#8217;abocador de Can Mata<\/strong> que tant caracteritzen la nostra poblaci\u00f3, els <strong>Hostalets de Pierola<\/strong>. Aquestes restes paleontol\u00f2giques es troben a <strong>l&#8217;Institut Catal\u00e0 de Paleontologia &#8220;Miquel Crusafont&#8221; a<\/strong> Sabadell.<\/p>\n<p><a href=\"https:\/\/www.icp.cat\/index.php\/ca\/\" target=\"_blank\" rel=\"noopener\">https:\/\/www.icp.cat\/index.php\/ca\/<\/a><\/p>\n<p>&nbsp;<\/p>\n<p><a href=\"https:\/\/agora.xtec.cat\/esc-renaixencahostalets\/wp-content\/uploads\/usu1823\/2023\/11\/CRIP.jpg\"><img loading=\"lazy\" decoding=\"async\" class=\"alignnone wp-image-20961\" src=\"https:\/\/agora.xtec.cat\/esc-renaixencahostalets\/wp-content\/uploads\/usu1823\/2023\/11\/CRIP.jpg\" alt=\"\" width=\"238\" height=\"179\" srcset=\"https:\/\/agora.xtec.cat\/esc-renaixencahostalets\/wp-content\/uploads\/usu1823\/2023\/11\/CRIP.jpg 900w, https:\/\/agora.xtec.cat\/esc-renaixencahostalets\/wp-content\/uploads\/usu1823\/2023\/11\/CRIP-300x225.jpg 300w, https:\/\/agora.xtec.cat\/esc-renaixencahostalets\/wp-content\/uploads\/usu1823\/2023\/11\/CRIP-768x576.jpg 768w, https:\/\/agora.xtec.cat\/esc-renaixencahostalets\/wp-content\/uploads\/usu1823\/2023\/11\/CRIP-200x150.jpg 200w\" sizes=\"auto, (max-width: 238px) 100vw, 238px\" \/><\/a><a href=\"https:\/\/agora.xtec.cat\/esc-renaixencahostalets\/wp-content\/uploads\/usu1823\/2023\/11\/triptic-crip.jpeg\"><img loading=\"lazy\" decoding=\"async\" class=\"alignnone size-full wp-image-20962\" src=\"https:\/\/agora.xtec.cat\/esc-renaixencahostalets\/wp-content\/uploads\/usu1823\/2023\/11\/triptic-crip.jpeg\" alt=\"\" width=\"283\" height=\"178\" \/><\/a><\/p>\n<p><strong>Al nostre municipi<\/strong> es va obrir el <strong>CRIP<\/strong> (centre d&#8217;interpretaci\u00f3 paleontol\u00f2gica i alberg) on es poden realitzar activitats guiades al museu i per l&#8217;entorn del municipi.<\/p>\n<p><a href=\"https:\/\/crip.cat\/\" target=\"_blank\" rel=\"noopener\">https:\/\/crip.cat\/<\/a><\/p>\n<p>Alguns d&#8217;aquests animals del Mioc\u00e8 s\u00f3n \u00fanics de la zona. Per aquest motiu n&#8217;hem volgut fer un homenatge, posant aquests noms a les nostres aules i sent el primer projecte d&#8217;aula que es realitza a totes les classes nom\u00e9s iniciar el curs acad\u00e8mic.<\/p>\n<p><a href=\"https:\/\/agora.xtec.cat\/esc-renaixencahostalets\/wp-content\/uploads\/usu1823\/2024\/11\/Noms-aules.jpg\"><img loading=\"lazy\" decoding=\"async\" class=\"size-large wp-image-21293 aligncenter\" src=\"https:\/\/agora.xtec.cat\/esc-renaixencahostalets\/wp-content\/uploads\/usu1823\/2024\/11\/Noms-aules-410x1024.jpg\" alt=\"\" width=\"410\" height=\"1024\" srcset=\"https:\/\/agora.xtec.cat\/esc-renaixencahostalets\/wp-content\/uploads\/usu1823\/2024\/11\/Noms-aules-410x1024.jpg 410w, https:\/\/agora.xtec.cat\/esc-renaixencahostalets\/wp-content\/uploads\/usu1823\/2024\/11\/Noms-aules-120x300.jpg 120w, https:\/\/agora.xtec.cat\/esc-renaixencahostalets\/wp-content\/uploads\/usu1823\/2024\/11\/Noms-aules-768x1920.jpg 768w, https:\/\/agora.xtec.cat\/esc-renaixencahostalets\/wp-content\/uploads\/usu1823\/2024\/11\/Noms-aules.jpg 800w\" sizes=\"auto, (max-width: 410px) 100vw, 410px\" \/><\/a><\/p>\n<h3 style=\"text-align: center;\">UNA PETJADA PER L&#8217;APRENENTATGE!<\/h3>\n","protected":false},"excerpt":{"rendered":"<p>Cada una de les aules de l&#8217;Institut Escola t\u00e9 el nom d&#8217;un dels animals trobats a l&#8217;abocador de Can Mata que tant caracteritzen la nostra poblaci\u00f3, els Hostalets de Pierola. Aquestes restes paleontol\u00f2giques es troben a l&#8217;Institut Catal\u00e0 de Paleontologia &#8220;Miquel Crusafont&#8221; a Sabadell.<br \/>\n<a href=\"https:\/\/www.icp.cat\/index.php\/ca\/\"&hellip;  <a href=\"https:\/\/agora.xtec.cat\/esc-renaixencahostalets\/lescola\/noms-de-les-portes\/\" title=\"Read Noms de les aules\">Llegeix m\u00e9s\u00bb<\/a><\/p>\n","protected":false},"author":1,"featured_media":0,"parent":22,"menu_order":3,"comment_status":"closed","ping_status":"closed","template":"page-templates\/side-menu.php","meta":{"_bbp_topic_count":0,"_bbp_reply_count":0,"_bbp_total_topic_count":0,"_bbp_total_reply_count":0,"_bbp_voice_count":0,"_bbp_anonymous_reply_count":0,"_bbp_topic_count_hidden":0,"_bbp_reply_count_hidden":0,"_bbp_forum_subforum_count":0,"footnotes":""},"class_list":["post-4336","page","type-page","status-publish","hentry"],"post_mailing_queue_ids":[],"_links":{"self":[{"href":"https:\/\/agora.xtec.cat\/esc-renaixencahostalets\/wp-json\/wp\/v2\/pages\/4336","targetHints":{"allow":["GET"]}}],"collection":[{"href":"https:\/\/agora.xtec.cat\/esc-renaixencahostalets\/wp-json\/wp\/v2\/pages"}],"about":[{"href":"https:\/\/agora.xtec.cat\/esc-renaixencahostalets\/wp-json\/wp\/v2\/types\/page"}],"author":[{"embeddable":true,"href":"https:\/\/agora.xtec.cat\/esc-renaixencahostalets\/wp-json\/wp\/v2\/users\/1"}],"replies":[{"embeddable":true,"href":"https:\/\/agora.xtec.cat\/esc-renaixencahostalets\/wp-json\/wp\/v2\/comments?post=4336"}],"version-history":[{"count":9,"href":"https:\/\/agora.xtec.cat\/esc-renaixencahostalets\/wp-json\/wp\/v2\/pages\/4336\/revisions"}],"predecessor-version":[{"id":21295,"href":"https:\/\/agora.xtec.cat\/esc-renaixencahostalets\/wp-json\/wp\/v2\/pages\/4336\/revisions\/21295"}],"up":[{"embeddable":true,"href":"https:\/\/agora.xtec.cat\/esc-renaixencahostalets\/wp-json\/wp\/v2\/pages\/22"}],"wp:attachment":[{"href":"https:\/\/agora.xtec.cat\/esc-renaixencahostalets\/wp-json\/wp\/v2\/media?parent=4336"}],"curies":[{"name":"wp","href":"https:\/\/api.w.org\/{rel}","templated":true}]}}

<p>Cada una de les aules de l&#8217;Institut Escola té el nom d&#8217;un dels animals trobats a <strong>l&#8217;abocador de Can Mata</strong> que tant caracteritzen la nostra població, els <strong>Hostalets de Pierola</strong>. Aquestes restes paleontològiques es troben a <strong>l&#8217;Institut Català de Paleontologia &#8220;Miquel Crusafont&#8221; a</strong> Sabadell.</p>
<p><a href="https://www.icp.cat/index.php/ca/" target="_blank" rel="noopener">https://www.icp.cat/index.php/ca/</a></p>
<p>&nbsp;</p>
<p><a href="https://agora.xtec.cat/esc-renaixencahostalets/wp-content/uploads/usu1823/2023/11/CRIP.jpg"><img loading="lazy" decoding="async" class="alignnone wp-image-20961" src="https://agora.xtec.cat/esc-renaixencahostalets/wp-content/uploads/usu1823/2023/11/CRIP.jpg" alt="" width="238" height="179" srcset="https://agora.xtec.cat/esc-renaixencahostalets/wp-content/uploads/usu1823/2023/11/CRIP.jpg 900w, https://agora.xtec.cat/esc-renaixencahostalets/wp-content/uploads/usu1823/2023/11/CRIP-300x225.jpg 300w, https://agora.xtec.cat/esc-renaixencahostalets/wp-content/uploads/usu1823/2023/11/CRIP-768x576.jpg 768w, https://agora.xtec.cat/esc-renaixencahostalets/wp-content/uploads/usu1823/2023/11/CRIP-200x150.jpg 200w" sizes="auto, (max-width: 238px) 100vw, 238px" /></a><a href="https://agora.xtec.cat/esc-renaixencahostalets/wp-content/uploads/usu1823/2023/11/triptic-crip.jpeg"><img loading="lazy" decoding="async" class="alignnone size-full wp-image-20962" src="https://agora.xtec.cat/esc-renaixencahostalets/wp-content/uploads/usu1823/2023/11/triptic-crip.jpeg" alt="" width="283" height="178" /></a></p>
<p><strong>Al nostre municipi</strong> es va obrir el <strong>CRIP</strong> (centre d&#8217;interpretació paleontològica i alberg) on es poden realitzar activitats guiades al museu i per l&#8217;entorn del municipi.</p>
<p><a href="https://crip.cat/" target="_blank" rel="noopener">https://crip.cat/</a></p>
<p>Alguns d&#8217;aquests animals del Miocè són únics de la zona. Per aquest motiu n&#8217;hem volgut fer un homenatge, posant aquests noms a les nostres aules i sent el primer projecte d&#8217;aula que es realitza a totes les classes només iniciar el curs acadèmic.</p>
<p><a href="https://agora.xtec.cat/esc-renaixencahostalets/wp-content/uploads/usu1823/2024/11/Noms-aules.jpg"><img loading="lazy" decoding="async" class="size-large wp-image-21293 aligncenter" src="https://agora.xtec.cat/esc-renaixencahostalets/wp-content/uploads/usu1823/2024/11/Noms-aules-410x1024.jpg" alt="" width="410" height="1024" srcset="https://agora.xtec.cat/esc-renaixencahostalets/wp-content/uploads/usu1823/2024/11/Noms-aules-410x1024.jpg 410w, https://agora.xtec.cat/esc-renaixencahostalets/wp-content/uploads/usu1823/2024/11/Noms-aules-120x300.jpg 120w, https://agora.xtec.cat/esc-renaixencahostalets/wp-content/uploads/usu1823/2024/11/Noms-aules-768x1920.jpg 768w, https://agora.xtec.cat/esc-renaixencahostalets/wp-content/uploads/usu1823/2024/11/Noms-aules.jpg 800w" sizes="auto, (max-width: 410px) 100vw, 410px" /></a></p>
<h3 style="text-align: center;">UNA PETJADA PER L&#8217;APRENENTATGE!</h3>

<p>Cada una de les aules de l&#8217;Institut Escola té el nom d&#8217;un dels animals trobats a l&#8217;abocador de Can Mata que tant caracteritzen la nostra població, els Hostalets de Pierola. Aquestes restes paleontològiques es troben a l&#8217;Institut Català de Paleontologia &#8220;Miquel Crusafont&#8221; a Sabadell.<br />
<a href="https://www.icp.cat/index.php/ca/"&hellip;  <a href="https://agora.xtec.cat/esc-renaixencahostalets/lescola/noms-de-les-portes/" title="Read Noms de les aules">Llegeix més»</a></p>
