{"id":4174,"date":"2018-09-28T12:11:04","date_gmt":"2018-09-28T10:11:04","guid":{"rendered":"http:\/\/agora.xtec.cat\/esc-renaixencahostalets\/?page_id=4174"},"modified":"2018-11-07T13:49:31","modified_gmt":"2018-11-07T12:49:31","slug":"projectes","status":"publish","type":"page","link":"https:\/\/agora.xtec.cat\/esc-renaixencahostalets\/projecte-educatiu\/projectes\/","title":{"rendered":"Projectes"},"content":{"rendered":"<p><strong>Per qu\u00e8?<\/strong><\/p>\n<ul>\n<li>Aprenentatge funcional, significatiu, global i proper.<\/li>\n<li>Afrontar situacions canviants.<\/li>\n<li>Aprendre a treballar cooperativament.<\/li>\n<\/ul>\n<p><strong>Com?<\/strong><\/p>\n<p>A<em> cicle infantil<\/em> ho fem a trav\u00e9s de les\u00a0<strong>petites hist\u00f2ries,<\/strong>\u00a0petits projectes de curta durada per tal de que els infants no perdin el fil, la motivaci\u00f3 i l&#8217;inter\u00e8s.<\/p>\n<p>A <em>cicle inicial<\/em> amb les\u00a0<strong>grans hist\u00f2ries<\/strong><strong>\u00a0<\/strong>on els temes treballats parteixen del medi per\u00f2 que relacionen totes les altres \u00e0rees del curr\u00edculum. Poden tenir una durada m\u00e9s llarga i en podem fer m\u00e9s d&#8217;un durant l&#8217;any.<\/p>\n<p>A <em>cicle mitj\u00e0 i superor<\/em> ja treballem amb aquesta metodologia d&#8217;aprenentatge basat en projectes (ABP) en els <strong>projectes de nivell<\/strong>\u00a0i com a m\u00e8tode principal d&#8217;ensenyament-aprenentatge<strong>.<\/strong> A <em>cicle mitj\u00e0<\/em> tamb\u00e9 fem servir els <strong>reptes,<\/strong>\u00a0un espai dins l&#8217;aula per tal de fomentar l&#8217;autonomia, l&#8217;esperit cr\u00edtic i la recerca d&#8217;informaci\u00f3 entre els infants. I\u00a0a <em>cicle superior<\/em> <strong>l&#8217;espai de somnis,<\/strong>\u00a0on l&#8217;alumnat pot deixar volar la seva imaginaci\u00f3 per fer realitat el seu somni m\u00e9s preuat.<strong>\u00a0<\/strong><\/p>\n<p><strong>Qu\u00e8?<\/strong><\/p>\n<p>Integrem les compet\u00e8ncies que ens dicta el curr\u00edculum amb les diferents \u00e0rees en un mateix eix\/metodologia.<\/p>\n","protected":false},"excerpt":{"rendered":"<p>Per qu\u00e8?<\/p>\n<ul>\n<li>Aprenentatge funcional, significatiu, global i proper.<\/li>\n<li>Afrontar situacions canviants.<\/li>\n<li>Aprendre a treballar cooperativament.<\/li>\n<\/ul>\n<p>Com?<br \/>\nA cicle infantil ho fem a trav\u00e9s de les\u00a0petites hist\u00f2ries,\u00a0petits projectes de curta durada per tal de que els infants no perdin el fil, la motivaci\u00f3 i l&#8217;inter\u00e8s.<br \/>\nA cicle inicial amb les\u00a0grans hist\u00f2ries\u00a0on els&hellip;  <a href=\"https:\/\/agora.xtec.cat\/esc-renaixencahostalets\/projecte-educatiu\/projectes\/\" title=\"Read Projectes\">Llegeix m\u00e9s\u00bb<\/a><\/p>\n","protected":false},"author":1,"featured_media":0,"parent":4009,"menu_order":0,"comment_status":"closed","ping_status":"closed","template":"","meta":{"_bbp_topic_count":0,"_bbp_reply_count":0,"_bbp_total_topic_count":0,"_bbp_total_reply_count":0,"_bbp_voice_count":0,"_bbp_anonymous_reply_count":0,"_bbp_topic_count_hidden":0,"_bbp_reply_count_hidden":0,"_bbp_forum_subforum_count":0,"footnotes":""},"class_list":["post-4174","page","type-page","status-publish","hentry"],"post_mailing_queue_ids":[],"_links":{"self":[{"href":"https:\/\/agora.xtec.cat\/esc-renaixencahostalets\/wp-json\/wp\/v2\/pages\/4174","targetHints":{"allow":["GET"]}}],"collection":[{"href":"https:\/\/agora.xtec.cat\/esc-renaixencahostalets\/wp-json\/wp\/v2\/pages"}],"about":[{"href":"https:\/\/agora.xtec.cat\/esc-renaixencahostalets\/wp-json\/wp\/v2\/types\/page"}],"author":[{"embeddable":true,"href":"https:\/\/agora.xtec.cat\/esc-renaixencahostalets\/wp-json\/wp\/v2\/users\/1"}],"replies":[{"embeddable":true,"href":"https:\/\/agora.xtec.cat\/esc-renaixencahostalets\/wp-json\/wp\/v2\/comments?post=4174"}],"version-history":[{"count":3,"href":"https:\/\/agora.xtec.cat\/esc-renaixencahostalets\/wp-json\/wp\/v2\/pages\/4174\/revisions"}],"predecessor-version":[{"id":4400,"href":"https:\/\/agora.xtec.cat\/esc-renaixencahostalets\/wp-json\/wp\/v2\/pages\/4174\/revisions\/4400"}],"up":[{"embeddable":true,"href":"https:\/\/agora.xtec.cat\/esc-renaixencahostalets\/wp-json\/wp\/v2\/pages\/4009"}],"wp:attachment":[{"href":"https:\/\/agora.xtec.cat\/esc-renaixencahostalets\/wp-json\/wp\/v2\/media?parent=4174"}],"curies":[{"name":"wp","href":"https:\/\/api.w.org\/{rel}","templated":true}]}}

<p><strong>Per què?</strong></p>
<ul>
<li>Aprenentatge funcional, significatiu, global i proper.</li>
<li>Afrontar situacions canviants.</li>
<li>Aprendre a treballar cooperativament.</li>
</ul>
<p><strong>Com?</strong></p>
<p>A<em> cicle infantil</em> ho fem a través de les <strong>petites històries,</strong> petits projectes de curta durada per tal de que els infants no perdin el fil, la motivació i l&#8217;interès.</p>
<p>A <em>cicle inicial</em> amb les <strong>grans històries</strong><strong> </strong>on els temes treballats parteixen del medi però que relacionen totes les altres àrees del currículum. Poden tenir una durada més llarga i en podem fer més d&#8217;un durant l&#8217;any.</p>
<p>A <em>cicle mitjà i superor</em> ja treballem amb aquesta metodologia d&#8217;aprenentatge basat en projectes (ABP) en els <strong>projectes de nivell</strong> i com a mètode principal d&#8217;ensenyament-aprenentatge<strong>.</strong> A <em>cicle mitjà</em> també fem servir els <strong>reptes,</strong> un espai dins l&#8217;aula per tal de fomentar l&#8217;autonomia, l&#8217;esperit crític i la recerca d&#8217;informació entre els infants. I a <em>cicle superior</em> <strong>l&#8217;espai de somnis,</strong> on l&#8217;alumnat pot deixar volar la seva imaginació per fer realitat el seu somni més preuat.<strong> </strong></p>
<p><strong>Què?</strong></p>
<p>Integrem les competències que ens dicta el currículum amb les diferents àrees en un mateix eix/metodologia.</p>

<p>Per què?</p>
<ul>
<li>Aprenentatge funcional, significatiu, global i proper.</li>
<li>Afrontar situacions canviants.</li>
<li>Aprendre a treballar cooperativament.</li>
</ul>
<p>Com?<br />
A cicle infantil ho fem a través de les petites històries, petits projectes de curta durada per tal de que els infants no perdin el fil, la motivació i l&#8217;interès.<br />
A cicle inicial amb les grans històries on els&hellip;  <a href="https://agora.xtec.cat/esc-renaixencahostalets/projecte-educatiu/projectes/" title="Read Projectes">Llegeix més»</a></p>
