{"id":3932,"date":"2018-05-18T09:39:27","date_gmt":"2018-05-18T07:39:27","guid":{"rendered":"http:\/\/agora.xtec.cat\/esc-renaixencahostalets\/?page_id=3932"},"modified":"2024-04-19T12:26:34","modified_gmt":"2024-04-19T10:26:34","slug":"ampa","status":"publish","type":"page","link":"https:\/\/agora.xtec.cat\/esc-renaixencahostalets\/ampa\/","title":{"rendered":"AFA"},"content":{"rendered":"<p><a href=\"https:\/\/agora.xtec.cat\/esc-renaixencahostalets\/wp-content\/uploads\/usu1823\/2023\/07\/LOGO-AFA.jpg\"><img loading=\"lazy\" decoding=\"async\" class=\"alignnone wp-image-20912\" src=\"https:\/\/agora.xtec.cat\/esc-renaixencahostalets\/wp-content\/uploads\/usu1823\/2023\/07\/LOGO-AFA.jpg\" alt=\"\" width=\"194\" height=\"103\" srcset=\"https:\/\/agora.xtec.cat\/esc-renaixencahostalets\/wp-content\/uploads\/usu1823\/2023\/07\/LOGO-AFA.jpg 571w, https:\/\/agora.xtec.cat\/esc-renaixencahostalets\/wp-content\/uploads\/usu1823\/2023\/07\/LOGO-AFA-300x159.jpg 300w\" sizes=\"auto, (max-width: 194px) 100vw, 194px\" \/><\/a><\/p>\n<p><strong>L\u2019Associaci\u00f3 de Fam\u00edlies d&#8217;Alumnes<\/strong> (AFA) de l\u2019Institut Escola Renaixen\u00e7a est\u00e0 formada per fam\u00edlies de l\u2019escola. \u00c9s un motor per a la din\u00e0mica escolar i t\u00e9 com objectius participar i ajudar en el funcionament del centre i contribuir a l\u2019assoliment de nivells \u00f2ptims de qualitat en totes les activitats en qu\u00e8 participen els nostres fills i filles.<\/p>\n<p>Estem conven\u00e7uts que l\u2019educaci\u00f3 dels nostres fills i filles \u00e9s una\u00a0<strong>responsabilitat compartida<\/strong>. Les fam\u00edlies fan un esfor\u00e7 personal i econ\u00f2mic (a trav\u00e9s de quotes) per tal que l\u2019escola tingui els mitjans necessaris per funcionar de manera \u00f2ptima.<\/p>\n<p><strong>Et convidem a participar, tenir un paper actiu en el projecte educatiu de l\u2019institut escola<\/strong>, i con\u00e8ixer de prop qu\u00e8 fan els nostres fills\/filles. La nostra associaci\u00f3 \u00e9s de car\u00e0cter obert i participatiu i est\u00e0 sempre oberta a noves incorporacions.<\/p>\n<p><strong>La teva participaci\u00f3<\/strong>\u00a0dep\u00e8n del temps que vulguis i puguis dedicar: de forma puntual, sense adquirir responsabilitats permanents ni comprom\u00eds de continu\u00eftat, ajudant en aquelles tasques que et sigui possible regularment, col\u00b7laborant amb alguna comissi\u00f3 de treball, etc.<\/p>\n<p>El correu electr\u00f2nic de l&#8217;AFA de l&#8217;Institut Escola Renaixen\u00e7a \u00e9s <a href=\"amparenaixencahostalets@gmail.com\" target=\"_blank\" rel=\"noopener\">amparenaixencahostalets@gmail.com<\/a><\/p>\n","protected":false},"excerpt":{"rendered":"<p><a href=\"https:\/\/agora.xtec.cat\/esc-renaixencahostalets\/wp-content\/uploads\/usu1823\/2023\/07\/LOGO-AFA.jpg\"><\/a><br \/>\nL\u2019Associaci\u00f3 de Fam\u00edlies d&#8217;Alumnes (AFA) de l\u2019Institut Escola Renaixen\u00e7a est\u00e0 formada per fam\u00edlies de l\u2019escola. \u00c9s un motor per a la din\u00e0mica escolar i t\u00e9 com objectius participar i ajudar en el funcionament del centre i contribuir a l\u2019assoliment de nivells \u00f2ptims de qualitat&hellip;  <a href=\"https:\/\/agora.xtec.cat\/esc-renaixencahostalets\/ampa\/\" title=\"Read AFA\">Llegeix m\u00e9s\u00bb<\/a><\/p>\n","protected":false},"author":1,"featured_media":0,"parent":0,"menu_order":0,"comment_status":"closed","ping_status":"closed","template":"page-templates\/side-menu.php","meta":{"_bbp_topic_count":0,"_bbp_reply_count":0,"_bbp_total_topic_count":0,"_bbp_total_reply_count":0,"_bbp_voice_count":0,"_bbp_anonymous_reply_count":0,"_bbp_topic_count_hidden":0,"_bbp_reply_count_hidden":0,"_bbp_forum_subforum_count":0,"footnotes":""},"class_list":["post-3932","page","type-page","status-publish","hentry"],"post_mailing_queue_ids":[],"_links":{"self":[{"href":"https:\/\/agora.xtec.cat\/esc-renaixencahostalets\/wp-json\/wp\/v2\/pages\/3932","targetHints":{"allow":["GET"]}}],"collection":[{"href":"https:\/\/agora.xtec.cat\/esc-renaixencahostalets\/wp-json\/wp\/v2\/pages"}],"about":[{"href":"https:\/\/agora.xtec.cat\/esc-renaixencahostalets\/wp-json\/wp\/v2\/types\/page"}],"author":[{"embeddable":true,"href":"https:\/\/agora.xtec.cat\/esc-renaixencahostalets\/wp-json\/wp\/v2\/users\/1"}],"replies":[{"embeddable":true,"href":"https:\/\/agora.xtec.cat\/esc-renaixencahostalets\/wp-json\/wp\/v2\/comments?post=3932"}],"version-history":[{"count":6,"href":"https:\/\/agora.xtec.cat\/esc-renaixencahostalets\/wp-json\/wp\/v2\/pages\/3932\/revisions"}],"predecessor-version":[{"id":21133,"href":"https:\/\/agora.xtec.cat\/esc-renaixencahostalets\/wp-json\/wp\/v2\/pages\/3932\/revisions\/21133"}],"wp:attachment":[{"href":"https:\/\/agora.xtec.cat\/esc-renaixencahostalets\/wp-json\/wp\/v2\/media?parent=3932"}],"curies":[{"name":"wp","href":"https:\/\/api.w.org\/{rel}","templated":true}]}}

<p><a href="https://agora.xtec.cat/esc-renaixencahostalets/wp-content/uploads/usu1823/2023/07/LOGO-AFA.jpg"><img loading="lazy" decoding="async" class="alignnone wp-image-20912" src="https://agora.xtec.cat/esc-renaixencahostalets/wp-content/uploads/usu1823/2023/07/LOGO-AFA.jpg" alt="" width="194" height="103" srcset="https://agora.xtec.cat/esc-renaixencahostalets/wp-content/uploads/usu1823/2023/07/LOGO-AFA.jpg 571w, https://agora.xtec.cat/esc-renaixencahostalets/wp-content/uploads/usu1823/2023/07/LOGO-AFA-300x159.jpg 300w" sizes="auto, (max-width: 194px) 100vw, 194px" /></a></p>
<p><strong>L’Associació de Famílies d&#8217;Alumnes</strong> (AFA) de l’Institut Escola Renaixença està formada per famílies de l’escola. És un motor per a la dinàmica escolar i té com objectius participar i ajudar en el funcionament del centre i contribuir a l’assoliment de nivells òptims de qualitat en totes les activitats en què participen els nostres fills i filles.</p>
<p>Estem convençuts que l’educació dels nostres fills i filles és una <strong>responsabilitat compartida</strong>. Les famílies fan un esforç personal i econòmic (a través de quotes) per tal que l’escola tingui els mitjans necessaris per funcionar de manera òptima.</p>
<p><strong>Et convidem a participar, tenir un paper actiu en el projecte educatiu de l’institut escola</strong>, i conèixer de prop què fan els nostres fills/filles. La nostra associació és de caràcter obert i participatiu i està sempre oberta a noves incorporacions.</p>
<p><strong>La teva participació</strong> depèn del temps que vulguis i puguis dedicar: de forma puntual, sense adquirir responsabilitats permanents ni compromís de continuïtat, ajudant en aquelles tasques que et sigui possible regularment, col·laborant amb alguna comissió de treball, etc.</p>
<p>El correu electrònic de l&#8217;AFA de l&#8217;Institut Escola Renaixença és <a href="amparenaixencahostalets@gmail.com" target="_blank" rel="noopener">amparenaixencahostalets@gmail.com</a></p>

<p><a href="https://agora.xtec.cat/esc-renaixencahostalets/wp-content/uploads/usu1823/2023/07/LOGO-AFA.jpg"></a><br />
L’Associació de Famílies d&#8217;Alumnes (AFA) de l’Institut Escola Renaixença està formada per famílies de l’escola. És un motor per a la dinàmica escolar i té com objectius participar i ajudar en el funcionament del centre i contribuir a l’assoliment de nivells òptims de qualitat&hellip;  <a href="https://agora.xtec.cat/esc-renaixencahostalets/ampa/" title="Read AFA">Llegeix més»</a></p>
