{"id":3923,"date":"2018-05-18T09:37:23","date_gmt":"2018-05-18T07:37:23","guid":{"rendered":"http:\/\/agora.xtec.cat\/esc-renaixencahostalets\/?page_id=3923"},"modified":"2024-11-24T22:28:19","modified_gmt":"2024-11-24T21:28:19","slug":"serveis","status":"publish","type":"page","link":"https:\/\/agora.xtec.cat\/esc-renaixencahostalets\/lescola\/serveis\/","title":{"rendered":"Serveis"},"content":{"rendered":"<h4><strong>TRANSPORT ESCOLAR<\/strong><\/h4>\n<p><a href=\"https:\/\/agora.xtec.cat\/esc-renaixencahostalets\/wp-content\/uploads\/usu1823\/2023\/11\/montferri.jpeg\"><img loading=\"lazy\" decoding=\"async\" class=\"alignnone wp-image-20992\" src=\"https:\/\/agora.xtec.cat\/esc-renaixencahostalets\/wp-content\/uploads\/usu1823\/2023\/11\/montferri.jpeg\" alt=\"\" width=\"163\" height=\"87\" srcset=\"https:\/\/agora.xtec.cat\/esc-renaixencahostalets\/wp-content\/uploads\/usu1823\/2023\/11\/montferri.jpeg 308w, https:\/\/agora.xtec.cat\/esc-renaixencahostalets\/wp-content\/uploads\/usu1823\/2023\/11\/montferri-300x160.jpeg 300w\" sizes=\"auto, (max-width: 163px) 100vw, 163px\" \/><\/a><\/p>\n<p>El nostre centre compta amb un <strong>servei de transport escolar gratu\u00eft<\/strong> per a aquells alumnes que viuen a les urbanitzacions de Serra Alta, Can Fosalba i d\u2019altres nuclis disseminats que pertanyen al nostre municipi, per\u00f2 que estan lluny del poble (a c\u00e0rrec de l\u2019Ajuntament d\u2019Els Hostalets de Pierola).<\/p>\n<p>Per sol\u00b7licitar el servei, un cop l&#8217;alumnat es matricula al centre, les fam\u00edlies\u00a0 poden adre\u00e7ar-se a la Regidoria d&#8217;Educaci\u00f3 de l\u2019Ajuntament d\u2019Els Hostalets de Pierola<\/p>\n<h4>MENJADOR ESCOLAR<\/h4>\n<p><a href=\"https:\/\/agora.xtec.cat\/esc-renaixencahostalets\/wp-content\/uploads\/usu1823\/2023\/07\/LOGO-MARIONA.jpg\"><img loading=\"lazy\" decoding=\"async\" class=\"alignnone wp-image-20913\" src=\"https:\/\/agora.xtec.cat\/esc-renaixencahostalets\/wp-content\/uploads\/usu1823\/2023\/07\/LOGO-MARIONA.jpg\" alt=\"\" width=\"93\" height=\"112\" srcset=\"https:\/\/agora.xtec.cat\/esc-renaixencahostalets\/wp-content\/uploads\/usu1823\/2023\/07\/LOGO-MARIONA.jpg 522w, https:\/\/agora.xtec.cat\/esc-renaixencahostalets\/wp-content\/uploads\/usu1823\/2023\/07\/LOGO-MARIONA-249x300.jpg 249w\" sizes=\"auto, (max-width: 93px) 100vw, 93px\" \/><\/a><\/p>\n<p>L\u2019escola compta amb un servei de menjador amb cuina pr\u00f2pia i monitores que acompanyen els infants en l\u2019estona del migdia. Si voleu m\u00e9s infomarci\u00f3 del servei, el preu i els men\u00fas, podeu consultar el web de\u00a0<a href=\"https:\/\/www.lamariona.cat\/\">La Mariona<\/a>, menjador d\u2019escola.<br \/>\nTamb\u00e9 disposeu d\u2019un tel\u00e8fon directe de contacte: 93 7797197.<\/p>\n<p>&nbsp;<\/p>\n","protected":false},"excerpt":{"rendered":"<p>TRANSPORT ESCOLAR<br \/>\n<a href=\"https:\/\/agora.xtec.cat\/esc-renaixencahostalets\/wp-content\/uploads\/usu1823\/2023\/11\/montferri.jpeg\"><\/a><br \/>\nEl nostre centre compta amb un servei de transport escolar gratu\u00eft per a aquells alumnes que viuen a les urbanitzacions de Serra Alta, Can Fosalba i d\u2019altres nuclis disseminats que pertanyen al nostre municipi, per\u00f2 que estan lluny del poble (a c\u00e0rrec de&hellip;  <a href=\"https:\/\/agora.xtec.cat\/esc-renaixencahostalets\/lescola\/serveis\/\" title=\"Read Serveis\">Llegeix m\u00e9s\u00bb<\/a><\/p>\n","protected":false},"author":1,"featured_media":0,"parent":22,"menu_order":8,"comment_status":"closed","ping_status":"closed","template":"page-templates\/side-menu.php","meta":{"_bbp_topic_count":0,"_bbp_reply_count":0,"_bbp_total_topic_count":0,"_bbp_total_reply_count":0,"_bbp_voice_count":0,"_bbp_anonymous_reply_count":0,"_bbp_topic_count_hidden":0,"_bbp_reply_count_hidden":0,"_bbp_forum_subforum_count":0,"footnotes":""},"class_list":["post-3923","page","type-page","status-publish","hentry"],"post_mailing_queue_ids":[],"_links":{"self":[{"href":"https:\/\/agora.xtec.cat\/esc-renaixencahostalets\/wp-json\/wp\/v2\/pages\/3923","targetHints":{"allow":["GET"]}}],"collection":[{"href":"https:\/\/agora.xtec.cat\/esc-renaixencahostalets\/wp-json\/wp\/v2\/pages"}],"about":[{"href":"https:\/\/agora.xtec.cat\/esc-renaixencahostalets\/wp-json\/wp\/v2\/types\/page"}],"author":[{"embeddable":true,"href":"https:\/\/agora.xtec.cat\/esc-renaixencahostalets\/wp-json\/wp\/v2\/users\/1"}],"replies":[{"embeddable":true,"href":"https:\/\/agora.xtec.cat\/esc-renaixencahostalets\/wp-json\/wp\/v2\/comments?post=3923"}],"version-history":[{"count":6,"href":"https:\/\/agora.xtec.cat\/esc-renaixencahostalets\/wp-json\/wp\/v2\/pages\/3923\/revisions"}],"predecessor-version":[{"id":20993,"href":"https:\/\/agora.xtec.cat\/esc-renaixencahostalets\/wp-json\/wp\/v2\/pages\/3923\/revisions\/20993"}],"up":[{"embeddable":true,"href":"https:\/\/agora.xtec.cat\/esc-renaixencahostalets\/wp-json\/wp\/v2\/pages\/22"}],"wp:attachment":[{"href":"https:\/\/agora.xtec.cat\/esc-renaixencahostalets\/wp-json\/wp\/v2\/media?parent=3923"}],"curies":[{"name":"wp","href":"https:\/\/api.w.org\/{rel}","templated":true}]}}

<h4><strong>TRANSPORT ESCOLAR</strong></h4>
<p><a href="https://agora.xtec.cat/esc-renaixencahostalets/wp-content/uploads/usu1823/2023/11/montferri.jpeg"><img loading="lazy" decoding="async" class="alignnone wp-image-20992" src="https://agora.xtec.cat/esc-renaixencahostalets/wp-content/uploads/usu1823/2023/11/montferri.jpeg" alt="" width="163" height="87" srcset="https://agora.xtec.cat/esc-renaixencahostalets/wp-content/uploads/usu1823/2023/11/montferri.jpeg 308w, https://agora.xtec.cat/esc-renaixencahostalets/wp-content/uploads/usu1823/2023/11/montferri-300x160.jpeg 300w" sizes="auto, (max-width: 163px) 100vw, 163px" /></a></p>
<p>El nostre centre compta amb un <strong>servei de transport escolar gratuït</strong> per a aquells alumnes que viuen a les urbanitzacions de Serra Alta, Can Fosalba i d’altres nuclis disseminats que pertanyen al nostre municipi, però que estan lluny del poble (a càrrec de l’Ajuntament d’Els Hostalets de Pierola).</p>
<p>Per sol·licitar el servei, un cop l&#8217;alumnat es matricula al centre, les famílies  poden adreçar-se a la Regidoria d&#8217;Educació de l’Ajuntament d’Els Hostalets de Pierola</p>
<h4>MENJADOR ESCOLAR</h4>
<p><a href="https://agora.xtec.cat/esc-renaixencahostalets/wp-content/uploads/usu1823/2023/07/LOGO-MARIONA.jpg"><img loading="lazy" decoding="async" class="alignnone wp-image-20913" src="https://agora.xtec.cat/esc-renaixencahostalets/wp-content/uploads/usu1823/2023/07/LOGO-MARIONA.jpg" alt="" width="93" height="112" srcset="https://agora.xtec.cat/esc-renaixencahostalets/wp-content/uploads/usu1823/2023/07/LOGO-MARIONA.jpg 522w, https://agora.xtec.cat/esc-renaixencahostalets/wp-content/uploads/usu1823/2023/07/LOGO-MARIONA-249x300.jpg 249w" sizes="auto, (max-width: 93px) 100vw, 93px" /></a></p>
<p>L’escola compta amb un servei de menjador amb cuina pròpia i monitores que acompanyen els infants en l’estona del migdia. Si voleu més infomarció del servei, el preu i els menús, podeu consultar el web de <a href="https://www.lamariona.cat/">La Mariona</a>, menjador d’escola.<br />
També disposeu d’un telèfon directe de contacte: 93 7797197.</p>
<p>&nbsp;</p>

<p>TRANSPORT ESCOLAR<br />
<a href="https://agora.xtec.cat/esc-renaixencahostalets/wp-content/uploads/usu1823/2023/11/montferri.jpeg"></a><br />
El nostre centre compta amb un servei de transport escolar gratuït per a aquells alumnes que viuen a les urbanitzacions de Serra Alta, Can Fosalba i d’altres nuclis disseminats que pertanyen al nostre municipi, però que estan lluny del poble (a càrrec de&hellip;  <a href="https://agora.xtec.cat/esc-renaixencahostalets/lescola/serveis/" title="Read Serveis">Llegeix més»</a></p>
