{"id":3865,"date":"2018-05-17T12:39:02","date_gmt":"2018-05-17T10:39:02","guid":{"rendered":"http:\/\/agora.xtec.cat\/esc-renaixencahostalets\/?page_id=3865"},"modified":"2018-10-19T08:21:40","modified_gmt":"2018-10-19T06:21:40","slug":"psicomotricitat","status":"publish","type":"page","link":"https:\/\/agora.xtec.cat\/esc-renaixencahostalets\/projecte-educatiu\/psicomotricitat\/","title":{"rendered":"Psicomotricitat"},"content":{"rendered":"<p><b>PR\u00c0CTICA PSICOMOTRIU <\/b><b>de Bernard Aucouturier<\/b><\/p>\n<p><strong>Un contingut clau: el desenvolupament f\u00edsic i cognitiu dels nens a trav\u00e9s del cos.<\/strong><\/p>\n<p><b>Per qu\u00e8?<br \/>\n<\/b><span style=\"font-weight: 400;\">La pr\u00e0ctica psicomotriu t\u00e9 com a objectiu promoure l&#8217;expressi\u00f3 de totes les possibilitats motrius, emocionals, cognitives i relacionals de l&#8217;infant.\u00a0<\/span><\/p>\n<p><b>Com?<br \/>\n<\/b><span style=\"font-weight: 400;\">Organitzant la sessi\u00f3 en cinc racons de joc motriu que es an succeint de manera coherent, ordenada i d\u2019acord a l\u2019evoluci\u00f3 de l\u2019infant.<\/span><\/p>\n<p><b>Qui?<br \/>\n<\/b><span style=\"font-weight: 400;\">El grup classe acompanyat per la mestra de psicomotricitat<\/span><\/p>\n<blockquote>\n<p style=\"text-align: center;\"><em>&#8220;Jo crec en el nen. <\/em><br \/>\n<em> Jo crec en la forma original de ser del nen. <\/em><br \/>\n<em> Jo crec en l&#8217;educador que respecta aquesta originalitat i que afavoreix la seva evoluci\u00f3. <\/em><br \/>\n<em> Jo crec en l&#8217;educador que col\u00b7loca l\u2018infant en el centre del dispositiu educatiu. <\/em><br \/>\n<em> Creure en el nen \u00e9s, en primer lloc, oferir-li l&#8217;afecte, <\/em><br \/>\n<em>la tendresa i un marc d&#8217;acci\u00f3 el m\u00e9s regular possible, <\/em><br \/>\n<em>per tal de recolzar un sentiment de seguretat, <\/em><br \/>\n<em>necessari per el desenvolupament de totes les seves funcions &#8220;<\/em><br \/>\n<strong>Bernard Aucouturier<\/strong> (Fundador de ASEFOP)<\/p>\n<p style=\"text-align: center;\"><i><span style=\"font-weight: 400;\">&#8220;Jo crec en l\u2019infant.<br \/>\n<\/span><\/i><i><span style=\"font-weight: 400;\">Jo crec en el que s\u00f3n capa\u00e7os d\u2019ensenyar-nos.<br \/>\n<\/span><\/i><i><span style=\"font-weight: 400;\">Donem-los llibertat per cr\u00e9ixer, madurar, estimar.<br \/>\n<\/span><\/i><i><span style=\"font-weight: 400;\">Aquella abra\u00e7ada robada, aquell somriure a la dist\u00e0ncia.<br \/>\nQuin honor poder educar!&#8221;<br \/>\n<\/span><\/i><b>Nuria Palacios Ch\u00eda <\/b>(Mestra d\u2019Educaci\u00f3 Infantil i Secret\u00e0ria)<\/p>\n<\/blockquote>\n<p style=\"text-align: center;\"><b>Junts fem l\u2019escola!<\/b><\/p>\n","protected":false},"excerpt":{"rendered":"<p>PR\u00c0CTICA PSICOMOTRIU de Bernard Aucouturier<br \/>\nUn contingut clau: el desenvolupament f\u00edsic i cognitiu dels nens a trav\u00e9s del cos.<br \/>\nPer qu\u00e8?<br \/>\nLa pr\u00e0ctica psicomotriu t\u00e9 com a objectiu promoure l&#8217;expressi\u00f3 de totes les possibilitats motrius, emocionals, cognitives i relacionals de l&#8217;infant.\u00a0<br \/>\nCom?<br \/>\nOrganitzant la sessi\u00f3 en cinc racons de joc&hellip;  <a href=\"https:\/\/agora.xtec.cat\/esc-renaixencahostalets\/projecte-educatiu\/psicomotricitat\/\" title=\"Read Psicomotricitat\">Llegeix m\u00e9s\u00bb<\/a><\/p>\n","protected":false},"author":1,"featured_media":0,"parent":4009,"menu_order":0,"comment_status":"closed","ping_status":"closed","template":"","meta":{"_bbp_topic_count":0,"_bbp_reply_count":0,"_bbp_total_topic_count":0,"_bbp_total_reply_count":0,"_bbp_voice_count":0,"_bbp_anonymous_reply_count":0,"_bbp_topic_count_hidden":0,"_bbp_reply_count_hidden":0,"_bbp_forum_subforum_count":0,"footnotes":""},"class_list":["post-3865","page","type-page","status-publish","hentry"],"post_mailing_queue_ids":[],"_links":{"self":[{"href":"https:\/\/agora.xtec.cat\/esc-renaixencahostalets\/wp-json\/wp\/v2\/pages\/3865","targetHints":{"allow":["GET"]}}],"collection":[{"href":"https:\/\/agora.xtec.cat\/esc-renaixencahostalets\/wp-json\/wp\/v2\/pages"}],"about":[{"href":"https:\/\/agora.xtec.cat\/esc-renaixencahostalets\/wp-json\/wp\/v2\/types\/page"}],"author":[{"embeddable":true,"href":"https:\/\/agora.xtec.cat\/esc-renaixencahostalets\/wp-json\/wp\/v2\/users\/1"}],"replies":[{"embeddable":true,"href":"https:\/\/agora.xtec.cat\/esc-renaixencahostalets\/wp-json\/wp\/v2\/comments?post=3865"}],"version-history":[{"count":3,"href":"https:\/\/agora.xtec.cat\/esc-renaixencahostalets\/wp-json\/wp\/v2\/pages\/3865\/revisions"}],"predecessor-version":[{"id":4315,"href":"https:\/\/agora.xtec.cat\/esc-renaixencahostalets\/wp-json\/wp\/v2\/pages\/3865\/revisions\/4315"}],"up":[{"embeddable":true,"href":"https:\/\/agora.xtec.cat\/esc-renaixencahostalets\/wp-json\/wp\/v2\/pages\/4009"}],"wp:attachment":[{"href":"https:\/\/agora.xtec.cat\/esc-renaixencahostalets\/wp-json\/wp\/v2\/media?parent=3865"}],"curies":[{"name":"wp","href":"https:\/\/api.w.org\/{rel}","templated":true}]}}

<p><b>PRÀCTICA PSICOMOTRIU </b><b>de Bernard Aucouturier</b></p>
<p><strong>Un contingut clau: el desenvolupament físic i cognitiu dels nens a través del cos.</strong></p>
<p><b>Per què?<br />
</b><span style="font-weight: 400;">La pràctica psicomotriu té com a objectiu promoure l&#8217;expressió de totes les possibilitats motrius, emocionals, cognitives i relacionals de l&#8217;infant. </span></p>
<p><b>Com?<br />
</b><span style="font-weight: 400;">Organitzant la sessió en cinc racons de joc motriu que es an succeint de manera coherent, ordenada i d’acord a l’evolució de l’infant.</span></p>
<p><b>Qui?<br />
</b><span style="font-weight: 400;">El grup classe acompanyat per la mestra de psicomotricitat</span></p>
<blockquote>
<p style="text-align: center;"><em>&#8220;Jo crec en el nen. </em><br />
<em> Jo crec en la forma original de ser del nen. </em><br />
<em> Jo crec en l&#8217;educador que respecta aquesta originalitat i que afavoreix la seva evolució. </em><br />
<em> Jo crec en l&#8217;educador que col·loca l‘infant en el centre del dispositiu educatiu. </em><br />
<em> Creure en el nen és, en primer lloc, oferir-li l&#8217;afecte, </em><br />
<em>la tendresa i un marc d&#8217;acció el més regular possible, </em><br />
<em>per tal de recolzar un sentiment de seguretat, </em><br />
<em>necessari per el desenvolupament de totes les seves funcions &#8220;</em><br />
<strong>Bernard Aucouturier</strong> (Fundador de ASEFOP)</p>
<p style="text-align: center;"><i><span style="font-weight: 400;">&#8220;Jo crec en l’infant.<br />
</span></i><i><span style="font-weight: 400;">Jo crec en el que són capaços d’ensenyar-nos.<br />
</span></i><i><span style="font-weight: 400;">Donem-los llibertat per créixer, madurar, estimar.<br />
</span></i><i><span style="font-weight: 400;">Aquella abraçada robada, aquell somriure a la distància.<br />
Quin honor poder educar!&#8221;<br />
</span></i><b>Nuria Palacios Chía </b>(Mestra d’Educació Infantil i Secretària)</p>
</blockquote>
<p style="text-align: center;"><b>Junts fem l’escola!</b></p>

<p>PRÀCTICA PSICOMOTRIU de Bernard Aucouturier<br />
Un contingut clau: el desenvolupament físic i cognitiu dels nens a través del cos.<br />
Per què?<br />
La pràctica psicomotriu té com a objectiu promoure l&#8217;expressió de totes les possibilitats motrius, emocionals, cognitives i relacionals de l&#8217;infant. <br />
Com?<br />
Organitzant la sessió en cinc racons de joc&hellip;  <a href="https://agora.xtec.cat/esc-renaixencahostalets/projecte-educatiu/psicomotricitat/" title="Read Psicomotricitat">Llegeix més»</a></p>
