{"id":3861,"date":"2018-05-17T12:38:01","date_gmt":"2018-05-17T10:38:01","guid":{"rendered":"http:\/\/agora.xtec.cat\/esc-renaixencahostalets\/?page_id=3861"},"modified":"2018-10-19T08:16:51","modified_gmt":"2018-10-19T06:16:51","slug":"educacio-inclusiva","status":"publish","type":"page","link":"https:\/\/agora.xtec.cat\/esc-renaixencahostalets\/projecte-educatiu\/educacio-inclusiva\/","title":{"rendered":"Educaci\u00f3 inclusiva"},"content":{"rendered":"<p><b>UNA ESCOLA PER A TOTS<br \/>\n<\/b><span style=\"font-weight: 400;\">El model d\u2019escola inclusiva \u00e9s la nostra refer\u00e8ncia per aconseguir que tots els alumnes arribin a desenvolupar els seu m\u00e0xim potencial.<\/span><\/p>\n<p><b>Per qu\u00e8?<br \/>\n<\/b><span style=\"font-weight: 400;\">Perqu\u00e8 creiem que tots els alumnes han de gaudir d&#8217;oportunitats per aprendre i desenvolupar-se en el seu entorn natural, participant activament i esdevenint els protagonistes del seu progr\u00e9s. Tots som singulars, \u00fanics i diferents. Cal aprofitar-ho eliminant barreres. \u00c9s just, necessari i possible!<\/span><\/p>\n<p><b>Com?<br \/>\n<\/b><span style=\"font-weight: 400;\">L\u2019aula ordin\u00e0ria \u00e9s l\u2019espai de refer\u00e8ncia on tots els infants segueixen\u00a0junts el seu proc\u00e9s d\u2019aprenentatge. Emprem metodologies de treball que aprofiten i gestionen la diversitat, refor\u00e7ades quan \u00e9s possible per la pres\u00e8ncia de dos mestres dins l\u2019aula i treballant en col\u00b7laboraci\u00f3 amb les fam\u00edlies. <\/span><\/p>\n<p><b>Qui?<br \/>\n<\/b><span style=\"font-weight: 400;\">Tots els alumnes de P3 a 6\u00e8, l\u2019equip docent i tots els professionals del centre.<br \/>\n<\/span><i><\/i><b><\/b><\/p>\n<p style=\"text-align: center;\"><b>Junts fem l\u2019escola!<\/b><\/p>\n<p><a href=\"http:\/\/agora.xtec.cat\/esc-renaixencahostalets\/wp-content\/uploads\/usu1823\/2014\/09\/IMG_20180523_092917.jpg\"><img loading=\"lazy\" decoding=\"async\" class=\"alignnone size-large wp-image-4081\" src=\"http:\/\/agora.xtec.cat\/esc-renaixencahostalets\/wp-content\/uploads\/usu1823\/2014\/09\/IMG_20180523_092917-1024x768.jpg\" alt=\"\" width=\"1024\" height=\"768\" \/><\/a><\/p>\n","protected":false},"excerpt":{"rendered":"<p>UNA ESCOLA PER A TOTS<br \/>\nEl model d\u2019escola inclusiva \u00e9s la nostra refer\u00e8ncia per aconseguir que tots els alumnes arribin a desenvolupar els seu m\u00e0xim potencial.<br \/>\nPer qu\u00e8?<br \/>\nPerqu\u00e8 creiem que tots els alumnes han de gaudir d&#8217;oportunitats per aprendre i desenvolupar-se en el seu entorn natural, participant&hellip;  <a href=\"https:\/\/agora.xtec.cat\/esc-renaixencahostalets\/projecte-educatiu\/educacio-inclusiva\/\" title=\"Read Educaci\u00f3 inclusiva\">Llegeix m\u00e9s\u00bb<\/a><\/p>\n","protected":false},"author":1,"featured_media":0,"parent":4009,"menu_order":0,"comment_status":"closed","ping_status":"closed","template":"","meta":{"_bbp_topic_count":0,"_bbp_reply_count":0,"_bbp_total_topic_count":0,"_bbp_total_reply_count":0,"_bbp_voice_count":0,"_bbp_anonymous_reply_count":0,"_bbp_topic_count_hidden":0,"_bbp_reply_count_hidden":0,"_bbp_forum_subforum_count":0,"footnotes":""},"class_list":["post-3861","page","type-page","status-publish","hentry"],"post_mailing_queue_ids":[],"_links":{"self":[{"href":"https:\/\/agora.xtec.cat\/esc-renaixencahostalets\/wp-json\/wp\/v2\/pages\/3861","targetHints":{"allow":["GET"]}}],"collection":[{"href":"https:\/\/agora.xtec.cat\/esc-renaixencahostalets\/wp-json\/wp\/v2\/pages"}],"about":[{"href":"https:\/\/agora.xtec.cat\/esc-renaixencahostalets\/wp-json\/wp\/v2\/types\/page"}],"author":[{"embeddable":true,"href":"https:\/\/agora.xtec.cat\/esc-renaixencahostalets\/wp-json\/wp\/v2\/users\/1"}],"replies":[{"embeddable":true,"href":"https:\/\/agora.xtec.cat\/esc-renaixencahostalets\/wp-json\/wp\/v2\/comments?post=3861"}],"version-history":[{"count":3,"href":"https:\/\/agora.xtec.cat\/esc-renaixencahostalets\/wp-json\/wp\/v2\/pages\/3861\/revisions"}],"predecessor-version":[{"id":4314,"href":"https:\/\/agora.xtec.cat\/esc-renaixencahostalets\/wp-json\/wp\/v2\/pages\/3861\/revisions\/4314"}],"up":[{"embeddable":true,"href":"https:\/\/agora.xtec.cat\/esc-renaixencahostalets\/wp-json\/wp\/v2\/pages\/4009"}],"wp:attachment":[{"href":"https:\/\/agora.xtec.cat\/esc-renaixencahostalets\/wp-json\/wp\/v2\/media?parent=3861"}],"curies":[{"name":"wp","href":"https:\/\/api.w.org\/{rel}","templated":true}]}}

Educació inclusiva

<p><b>UNA ESCOLA PER A TOTS<br />
</b><span style="font-weight: 400;">El model d’escola inclusiva és la nostra referència per aconseguir que tots els alumnes arribin a desenvolupar els seu màxim potencial.</span></p>
<p><b>Per què?<br />
</b><span style="font-weight: 400;">Perquè creiem que tots els alumnes han de gaudir d&#8217;oportunitats per aprendre i desenvolupar-se en el seu entorn natural, participant activament i esdevenint els protagonistes del seu progrés. Tots som singulars, únics i diferents. Cal aprofitar-ho eliminant barreres. És just, necessari i possible!</span></p>
<p><b>Com?<br />
</b><span style="font-weight: 400;">L’aula ordinària és l’espai de referència on tots els infants segueixen junts el seu procés d’aprenentatge. Emprem metodologies de treball que aprofiten i gestionen la diversitat, reforçades quan és possible per la presència de dos mestres dins l’aula i treballant en col·laboració amb les famílies. </span></p>
<p><b>Qui?<br />
</b><span style="font-weight: 400;">Tots els alumnes de P3 a 6è, l’equip docent i tots els professionals del centre.<br />
</span><i></i><b></b></p>
<p style="text-align: center;"><b>Junts fem l’escola!</b></p>
<p><a href="http://agora.xtec.cat/esc-renaixencahostalets/wp-content/uploads/usu1823/2014/09/IMG_20180523_092917.jpg"><img loading="lazy" decoding="async" class="alignnone size-large wp-image-4081" src="http://agora.xtec.cat/esc-renaixencahostalets/wp-content/uploads/usu1823/2014/09/IMG_20180523_092917-1024x768.jpg" alt="" width="1024" height="768" /></a></p>

<p>UNA ESCOLA PER A TOTS<br />
El model d’escola inclusiva és la nostra referència per aconseguir que tots els alumnes arribin a desenvolupar els seu màxim potencial.<br />
Per què?<br />
Perquè creiem que tots els alumnes han de gaudir d&#8217;oportunitats per aprendre i desenvolupar-se en el seu entorn natural, participant&hellip;  <a href="https://agora.xtec.cat/esc-renaixencahostalets/projecte-educatiu/educacio-inclusiva/" title="Read Educació inclusiva">Llegeix més»</a></p>
