{"id":34,"date":"2014-09-18T12:32:18","date_gmt":"2014-09-18T11:32:18","guid":{"rendered":"http:\/\/agora.xtec.cat\/esc-renaixencahostalets\/?page_id=34"},"modified":"2024-11-24T22:29:12","modified_gmt":"2024-11-24T21:29:12","slug":"oferta-educativa","status":"publish","type":"page","link":"https:\/\/agora.xtec.cat\/esc-renaixencahostalets\/lescola\/oferta-educativa\/","title":{"rendered":"Oferta educativa"},"content":{"rendered":"<p>L\u2019Institut Escola Renaixen\u00e7a ofereix ensenyaments des d&#8217;I3 a 4t d&#8217;ESO, amb <strong>4 unitats d\u2019educaci\u00f3 infantil, 10 unitats d\u2019educaci\u00f3 prim\u00e0ria i 8 unitats d&#8217;ESO.<\/strong><\/p>\n<p><strong>ETAPA D\u2019EDUCACI\u00d3 INFANTIL<\/strong><\/p>\n<p>A l\u2019etapa d\u2019educaci\u00f3 infantil els infants tenen una gran motivaci\u00f3 i inter\u00e8s per participar en les activitats proposades per les mestres. Intentem aprofitar aquestes <strong>ganes i curiositat<\/strong> per treballar amb ells de la manera m\u00e9s <strong>manipulativa<\/strong> possible i fent que ells <strong>siguin els protagonistes del propi aprenentatge.<br \/>\n<\/strong>Tamb\u00e9 tenim molt en compte la <strong>part emocional<\/strong> dels infants i per aix\u00f2 intentem sempre treballar en aquesta l\u00ednia i fer-los part\u00edcips del seu creixement personal i identitari.<br \/>\nEl\u00a0 joc, les rutines, els racons, \u00a0l\u2019experimentaci\u00f3, l\u2019observaci\u00f3 i la conversa s\u00f3n algunes de les eines i recursos que utilitzem el personal docent de l\u2019Institut Escola per treballar amb els infants.<\/p>\n<p><strong>ETAPA D\u2019EDUCACI\u00d3 PRIM\u00c0RIA<\/strong><\/p>\n<p>A l\u2019etapa de prim\u00e0ria l&#8217;alumnat\u00a0 ja t\u00e9 m\u00e9s <strong>autonomia i autoconeixement personal<\/strong> cosa que intentem aprofitar per treballar tenint en compte els seus interessos i motivacions, proposant un ensenyament que aporti un <strong>aprenentatge significatiu i funcional<\/strong> que els serveixi i els doni eines per a relacionar-se pels altres, ser persones cr\u00edtiques, aut\u00f2nomes, amb iniciativa, resilients, saber resoldre conflictes&#8230;<br \/>\nLa nostra metodologia a cicle inicial s\u00f3n els <a href=\"http:\/\/agora.xtec.cat\/esc-renaixencahostalets\/projecte-educatiu\/racons\/\"><strong>racons de treball<\/strong>\u00a0<\/a>i a partir de tercer comencem a treballar per <strong><a href=\"http:\/\/agora.xtec.cat\/esc-renaixencahostalets\/projecte-educatiu\/projectes\/\">projectes<\/a>.<\/strong> Pensem que aquestes metodologies aporten a l\u2019alumnat tots els valors que volem que tinguin els nostres infants.<\/p>\n<p><strong>ETAPA D\u2019EDUCACI\u00d3 SECUND\u00c0RIA OBLIGAT\u00d2RIA<\/strong><\/p>\n<p>A l&#8217;etapa de secund\u00e0ria treballem per una <strong>educaci\u00f3 competencial i globalitzada<\/strong> davant de la fragmentaci\u00f3 del curr\u00edculum. Comptem amb un <strong>equip docent compacte<\/strong> que treballa i planifica conjuntament per tal de garantir una linealitat en el projecte global.<\/p>\n<p>L&#8217;aprenentatge es divideix en diversos espais amb la metodologia del treball per projectes com a eix central. Utilitzem els projectes des de diferents \u00e0mbits. Un projecte d&#8217;aula on <strong>es desenvolupen els diferents \u00e0mbits de manera integrada i planificada per donar cobertura a la totalitat del curriculum<\/strong>, un projecte individual amb el qual es desenvolupa l&#8217;autonomia i la iniciativa personal i un projecte de nivell.<\/p>\n<p>A part es realitzen <strong>treballs sistem\u00e0tics d&#8217;\u00e0mbit per<\/strong> tal de refor\u00e7ar i donar suport als aprenentatges assolits amb els projectes.<\/p>\n","protected":false},"excerpt":{"rendered":"<p>L\u2019Institut Escola Renaixen\u00e7a ofereix ensenyaments des d&#8217;I3 a 4t d&#8217;ESO, amb 4 unitats d\u2019educaci\u00f3 infantil, 10 unitats d\u2019educaci\u00f3 prim\u00e0ria i 8 unitats d&#8217;ESO.<br \/>\nETAPA D\u2019EDUCACI\u00d3 INFANTIL<br \/>\nA l\u2019etapa d\u2019educaci\u00f3 infantil els infants tenen una gran motivaci\u00f3 i inter\u00e8s per participar en les activitats proposades per les mestres.&hellip;  <a href=\"https:\/\/agora.xtec.cat\/esc-renaixencahostalets\/lescola\/oferta-educativa\/\" title=\"Read Oferta educativa\">Llegeix m\u00e9s\u00bb<\/a><\/p>\n","protected":false},"author":1,"featured_media":0,"parent":22,"menu_order":2,"comment_status":"closed","ping_status":"closed","template":"page-templates\/side-menu.php","meta":{"_bbp_topic_count":0,"_bbp_reply_count":0,"_bbp_total_topic_count":0,"_bbp_total_reply_count":0,"_bbp_voice_count":0,"_bbp_anonymous_reply_count":0,"_bbp_topic_count_hidden":0,"_bbp_reply_count_hidden":0,"_bbp_forum_subforum_count":0,"footnotes":""},"class_list":["post-34","page","type-page","status-publish","hentry"],"post_mailing_queue_ids":[],"_links":{"self":[{"href":"https:\/\/agora.xtec.cat\/esc-renaixencahostalets\/wp-json\/wp\/v2\/pages\/34","targetHints":{"allow":["GET"]}}],"collection":[{"href":"https:\/\/agora.xtec.cat\/esc-renaixencahostalets\/wp-json\/wp\/v2\/pages"}],"about":[{"href":"https:\/\/agora.xtec.cat\/esc-renaixencahostalets\/wp-json\/wp\/v2\/types\/page"}],"author":[{"embeddable":true,"href":"https:\/\/agora.xtec.cat\/esc-renaixencahostalets\/wp-json\/wp\/v2\/users\/1"}],"replies":[{"embeddable":true,"href":"https:\/\/agora.xtec.cat\/esc-renaixencahostalets\/wp-json\/wp\/v2\/comments?post=34"}],"version-history":[{"count":6,"href":"https:\/\/agora.xtec.cat\/esc-renaixencahostalets\/wp-json\/wp\/v2\/pages\/34\/revisions"}],"predecessor-version":[{"id":20943,"href":"https:\/\/agora.xtec.cat\/esc-renaixencahostalets\/wp-json\/wp\/v2\/pages\/34\/revisions\/20943"}],"up":[{"embeddable":true,"href":"https:\/\/agora.xtec.cat\/esc-renaixencahostalets\/wp-json\/wp\/v2\/pages\/22"}],"wp:attachment":[{"href":"https:\/\/agora.xtec.cat\/esc-renaixencahostalets\/wp-json\/wp\/v2\/media?parent=34"}],"curies":[{"name":"wp","href":"https:\/\/api.w.org\/{rel}","templated":true}]}}

<p>L’Institut Escola Renaixença ofereix ensenyaments des d&#8217;I3 a 4t d&#8217;ESO, amb <strong>4 unitats d’educació infantil, 10 unitats d’educació primària i 8 unitats d&#8217;ESO.</strong></p>
<p><strong>ETAPA D’EDUCACIÓ INFANTIL</strong></p>
<p>A l’etapa d’educació infantil els infants tenen una gran motivació i interès per participar en les activitats proposades per les mestres. Intentem aprofitar aquestes <strong>ganes i curiositat</strong> per treballar amb ells de la manera més <strong>manipulativa</strong> possible i fent que ells <strong>siguin els protagonistes del propi aprenentatge.<br />
</strong>També tenim molt en compte la <strong>part emocional</strong> dels infants i per això intentem sempre treballar en aquesta línia i fer-los partícips del seu creixement personal i identitari.<br />
El  joc, les rutines, els racons,  l’experimentació, l’observació i la conversa són algunes de les eines i recursos que utilitzem el personal docent de l’Institut Escola per treballar amb els infants.</p>
<p><strong>ETAPA D’EDUCACIÓ PRIMÀRIA</strong></p>
<p>A l’etapa de primària l&#8217;alumnat  ja té més <strong>autonomia i autoconeixement personal</strong> cosa que intentem aprofitar per treballar tenint en compte els seus interessos i motivacions, proposant un ensenyament que aporti un <strong>aprenentatge significatiu i funcional</strong> que els serveixi i els doni eines per a relacionar-se pels altres, ser persones crítiques, autònomes, amb iniciativa, resilients, saber resoldre conflictes&#8230;<br />
La nostra metodologia a cicle inicial són els <a href="http://agora.xtec.cat/esc-renaixencahostalets/projecte-educatiu/racons/"><strong>racons de treball</strong> </a>i a partir de tercer comencem a treballar per <strong><a href="http://agora.xtec.cat/esc-renaixencahostalets/projecte-educatiu/projectes/">projectes</a>.</strong> Pensem que aquestes metodologies aporten a l’alumnat tots els valors que volem que tinguin els nostres infants.</p>
<p><strong>ETAPA D’EDUCACIÓ SECUNDÀRIA OBLIGATÒRIA</strong></p>
<p>A l&#8217;etapa de secundària treballem per una <strong>educació competencial i globalitzada</strong> davant de la fragmentació del currículum. Comptem amb un <strong>equip docent compacte</strong> que treballa i planifica conjuntament per tal de garantir una linealitat en el projecte global.</p>
<p>L&#8217;aprenentatge es divideix en diversos espais amb la metodologia del treball per projectes com a eix central. Utilitzem els projectes des de diferents àmbits. Un projecte d&#8217;aula on <strong>es desenvolupen els diferents àmbits de manera integrada i planificada per donar cobertura a la totalitat del curriculum</strong>, un projecte individual amb el qual es desenvolupa l&#8217;autonomia i la iniciativa personal i un projecte de nivell.</p>
<p>A part es realitzen <strong>treballs sistemàtics d&#8217;àmbit per</strong> tal de reforçar i donar suport als aprenentatges assolits amb els projectes.</p>

<p>L’Institut Escola Renaixença ofereix ensenyaments des d&#8217;I3 a 4t d&#8217;ESO, amb 4 unitats d’educació infantil, 10 unitats d’educació primària i 8 unitats d&#8217;ESO.<br />
ETAPA D’EDUCACIÓ INFANTIL<br />
A l’etapa d’educació infantil els infants tenen una gran motivació i interès per participar en les activitats proposades per les mestres.&hellip;  <a href="https://agora.xtec.cat/esc-renaixencahostalets/lescola/oferta-educativa/" title="Read Oferta educativa">Llegeix més»</a></p>
