{"id":26,"date":"2014-09-18T12:24:32","date_gmt":"2014-09-18T11:24:32","guid":{"rendered":"http:\/\/agora.xtec.cat\/esc-renaixencahostalets\/?page_id=26"},"modified":"2024-11-24T22:27:15","modified_gmt":"2024-11-24T21:27:15","slug":"historia","status":"publish","type":"page","link":"https:\/\/agora.xtec.cat\/esc-renaixencahostalets\/lescola\/historia\/","title":{"rendered":"Hist\u00f2ria"},"content":{"rendered":"<p>&nbsp;<\/p>\n<p><a href=\"https:\/\/agora.xtec.cat\/esc-renaixencahostalets\/wp-content\/uploads\/usu1823\/2023\/11\/facana-escola-antiga.jpg\"><img loading=\"lazy\" decoding=\"async\" class=\" wp-image-20951\" src=\"https:\/\/agora.xtec.cat\/esc-renaixencahostalets\/wp-content\/uploads\/usu1823\/2023\/11\/facana-escola-antiga.jpg\" alt=\"\" width=\"154\" height=\"205\" srcset=\"https:\/\/agora.xtec.cat\/esc-renaixencahostalets\/wp-content\/uploads\/usu1823\/2023\/11\/facana-escola-antiga.jpg 886w, https:\/\/agora.xtec.cat\/esc-renaixencahostalets\/wp-content\/uploads\/usu1823\/2023\/11\/facana-escola-antiga-225x300.jpg 225w, https:\/\/agora.xtec.cat\/esc-renaixencahostalets\/wp-content\/uploads\/usu1823\/2023\/11\/facana-escola-antiga-768x1024.jpg 768w\" sizes=\"auto, (max-width: 154px) 100vw, 154px\" \/><\/a><a href=\"https:\/\/agora.xtec.cat\/esc-renaixencahostalets\/wp-content\/uploads\/usu1823\/2023\/11\/ierenaixenca.jpg\"><img loading=\"lazy\" decoding=\"async\" class=\"alignnone wp-image-20953\" src=\"https:\/\/agora.xtec.cat\/esc-renaixencahostalets\/wp-content\/uploads\/usu1823\/2023\/11\/ierenaixenca.jpg\" alt=\"\" width=\"291\" height=\"148\" srcset=\"https:\/\/agora.xtec.cat\/esc-renaixencahostalets\/wp-content\/uploads\/usu1823\/2023\/11\/ierenaixenca.jpg 1015w, https:\/\/agora.xtec.cat\/esc-renaixencahostalets\/wp-content\/uploads\/usu1823\/2023\/11\/ierenaixenca-300x153.jpg 300w, https:\/\/agora.xtec.cat\/esc-renaixencahostalets\/wp-content\/uploads\/usu1823\/2023\/11\/ierenaixenca-768x390.jpg 768w\" sizes=\"auto, (max-width: 291px) 100vw, 291px\" \/><\/a><\/p>\n<p>&nbsp;<\/p>\n<p><strong>100 ANYS D&#8217;ESCOLES ALS HOSTALETS DE PIEROLA (1913-2013)<\/strong><\/p>\n<p>Les dues escoles en funcionament al poble dels Hostalets no van estar situades sempre en el mateix indret. Ben al contrari, al llarg del temps van anar canviant d&#8217;ubicaci\u00f3 per raons diverses. El primer local ocupat per l&#8217;escola de nens va ser el conegut com la Sala.<\/p>\n<p><a href=\"http:\/\/agora.xtec.cat\/esc-renaixencahostalets\/wp-content\/uploads\/usu1823\/2014\/09\/IMG_20180524_090547.jpg\"><br \/>\n<\/a>A l&#8217;inici de la darrera d\u00e8cada del segle XIX totes dues escoles, la de nens i la de nenes, s&#8217;ubicaren a la casa, aleshores de recent construcci\u00f3, situada al carrer de l&#8217;Esgl\u00e9sia, n\u00famero 45, coneguda com Cal Jaume Gros. En aquest indret va mantenir-se l&#8217;escola de nenes fins a l&#8217;entrada en funcionament de l&#8217;edifici de les Escoles Nacionals de l&#8217;actual carrer del Mestre Llad\u00f3s, l&#8217;any 1919.<\/p>\n<p><a href=\"http:\/\/agora.xtec.cat\/esc-renaixencahostalets\/wp-content\/uploads\/usu1823\/2014\/09\/IMG_20180524_090703.jpg\"><br \/>\n<\/a>Els primers passos per a la construcci\u00f3 de les escoles nacionals dels Hostalets es van comen\u00e7ar a donar a l&#8217;inici de l&#8217;any 1910.<br \/>\nEl dia 25 de juliol de 1913 es va procedir, amb tota solemnitat, a la col\u00b7locaci\u00f3 de la primera pedra de l&#8217;edifici destinat a allotjar, fins a dades ben recents, les escoles p\u00fabliques dels Hostalets de Pierola.<br \/>\nLa construcci\u00f3 de l&#8217;edifici de les escoles va culminar un proc\u00e9s de millora gradual de l&#8217;educaci\u00f3 prim\u00e0ria al nostre poble que arrenca de mitjan segle XIX.<br \/>\nLa par\u00e0lisi en la construcci\u00f3 de les escoles dels Hostalets per falta de recursos va ser aprofitada per l&#8217;Ajuntament per orientar els esfor\u00e7os cap a un projecte escolar for\u00e7a m\u00e9s modest: la reforma d&#8217;una de les cases de la barriada coneguda com les Cases Noves de Can Gras.<br \/>\nEl gener de 1914, el consistori acord\u00e0 adquirir una casa a les Cases Noves &#8220;al objetivo que el ayuntamiento pudiese reformarla y colocar una maestra de ense\u00f1anza p\u00fablica o sea una clase de ambos sexos&#8221;.<br \/>\nL&#8217;execuci\u00f3 de l&#8217;obra va ser r\u00e0pida. Va comen\u00e7ar el 23 d&#8217;agost de 1914. A finals de juny de 1915 ja havia finalitzat i l&#8217;Ajuntament acord\u00e0 demanar a l&#8217;inspector de primera esenyan\u00e7a que pass\u00e9s a visitar-les per tal que poguessin comen\u00e7ar a funcionar.<br \/>\nNo va ser, per\u00f2, fins al desembre del mateix 1915 que el rector de la Universitat, davant la petici\u00f3 de l&#8217;Ajuntament dels Hostalets que fos nomenada una mestra per a l&#8217;escola de les Cases Noves, va decidir designar Do\u00f1a Josefa Molinas Mor\u00e9.<br \/>\nL&#8217;edifici va ser bene\u00eft el dia 26 de juliol de 1919 i va entrar en funcionament al setembre d&#8217;aquell mateix any amb l&#8217;inici del curs escolar. Les t\u00e8cniques constructives i l&#8217;estil s\u00f3n els propis de la seva \u00e8poca, el Modernisme.<\/p>\n<p><a href=\"http:\/\/agora.xtec.cat\/esc-renaixencahostalets\/wp-content\/uploads\/usu1823\/2014\/09\/IMG_20180524_090742.jpg\"><br \/>\n<\/a>Les escoles p\u00fabliques dels Hostalets (ZER Vinyes verdes) van estar allotjades en aquest edifici fins al 2006 que les van canviar d&#8217;ubicaci\u00f3 al Carrer Esgl\u00e9sia, 82 amb la construcci\u00f3 d&#8217;un nou edifici m\u00e9s gran que pogu\u00e9s acollir la gran i creixent quantitat d&#8217;alumnes del poble i voltants.<\/p>\n<p>El curs 2020-2021, l&#8217;Escola Renaixen\u00e7a va passar a ser l&#8217;Institut Escola Renaixen\u00e7a.<\/p>\n<p>Actualment, acull 447 alumnes des d&#8217;I 3 fins a 4t de l&#8217;ESO<\/p>\n<p>Informaci\u00f3 extreta del llibre<em> &#8220;100 anys d&#8217;escoles als Hostalets de Pierola&#8221;<\/em> de Montserrat Cucurella-Jorba, Jordi Parcerisas i Valls i Francesc Valls-Junyent.<\/p>\n","protected":false},"excerpt":{"rendered":"<p>&nbsp;<br \/>\n<a href=\"https:\/\/agora.xtec.cat\/esc-renaixencahostalets\/wp-content\/uploads\/usu1823\/2023\/11\/facana-escola-antiga.jpg\"><\/a><a href=\"https:\/\/agora.xtec.cat\/esc-renaixencahostalets\/wp-content\/uploads\/usu1823\/2023\/11\/ierenaixenca.jpg\"><\/a><br \/>\n&nbsp;<br \/>\n100 ANYS D&#8217;ESCOLES ALS HOSTALETS DE PIEROLA (1913-2013)<br \/>\nLes dues escoles en funcionament al poble dels Hostalets no van estar situades sempre en el mateix indret. Ben al contrari, al llarg del temps van anar canviant d&#8217;ubicaci\u00f3 per raons diverses. El primer local ocupat&hellip;  <a href=\"https:\/\/agora.xtec.cat\/esc-renaixencahostalets\/lescola\/historia\/\" title=\"Read Hist\u00f2ria\">Llegeix m\u00e9s\u00bb<\/a><\/p>\n","protected":false},"author":1,"featured_media":0,"parent":22,"menu_order":1,"comment_status":"closed","ping_status":"closed","template":"page-templates\/side-menu.php","meta":{"_bbp_topic_count":0,"_bbp_reply_count":0,"_bbp_total_topic_count":0,"_bbp_total_reply_count":0,"_bbp_voice_count":0,"_bbp_anonymous_reply_count":0,"_bbp_topic_count_hidden":0,"_bbp_reply_count_hidden":0,"_bbp_forum_subforum_count":0,"footnotes":""},"class_list":["post-26","page","type-page","status-publish","hentry"],"post_mailing_queue_ids":[],"_links":{"self":[{"href":"https:\/\/agora.xtec.cat\/esc-renaixencahostalets\/wp-json\/wp\/v2\/pages\/26","targetHints":{"allow":["GET"]}}],"collection":[{"href":"https:\/\/agora.xtec.cat\/esc-renaixencahostalets\/wp-json\/wp\/v2\/pages"}],"about":[{"href":"https:\/\/agora.xtec.cat\/esc-renaixencahostalets\/wp-json\/wp\/v2\/types\/page"}],"author":[{"embeddable":true,"href":"https:\/\/agora.xtec.cat\/esc-renaixencahostalets\/wp-json\/wp\/v2\/users\/1"}],"replies":[{"embeddable":true,"href":"https:\/\/agora.xtec.cat\/esc-renaixencahostalets\/wp-json\/wp\/v2\/comments?post=26"}],"version-history":[{"count":9,"href":"https:\/\/agora.xtec.cat\/esc-renaixencahostalets\/wp-json\/wp\/v2\/pages\/26\/revisions"}],"predecessor-version":[{"id":20952,"href":"https:\/\/agora.xtec.cat\/esc-renaixencahostalets\/wp-json\/wp\/v2\/pages\/26\/revisions\/20952"}],"up":[{"embeddable":true,"href":"https:\/\/agora.xtec.cat\/esc-renaixencahostalets\/wp-json\/wp\/v2\/pages\/22"}],"wp:attachment":[{"href":"https:\/\/agora.xtec.cat\/esc-renaixencahostalets\/wp-json\/wp\/v2\/media?parent=26"}],"curies":[{"name":"wp","href":"https:\/\/api.w.org\/{rel}","templated":true}]}}

Història

<p>&nbsp;</p>
<p><a href="https://agora.xtec.cat/esc-renaixencahostalets/wp-content/uploads/usu1823/2023/11/facana-escola-antiga.jpg"><img loading="lazy" decoding="async" class=" wp-image-20951" src="https://agora.xtec.cat/esc-renaixencahostalets/wp-content/uploads/usu1823/2023/11/facana-escola-antiga.jpg" alt="" width="154" height="205" srcset="https://agora.xtec.cat/esc-renaixencahostalets/wp-content/uploads/usu1823/2023/11/facana-escola-antiga.jpg 886w, https://agora.xtec.cat/esc-renaixencahostalets/wp-content/uploads/usu1823/2023/11/facana-escola-antiga-225x300.jpg 225w, https://agora.xtec.cat/esc-renaixencahostalets/wp-content/uploads/usu1823/2023/11/facana-escola-antiga-768x1024.jpg 768w" sizes="auto, (max-width: 154px) 100vw, 154px" /></a><a href="https://agora.xtec.cat/esc-renaixencahostalets/wp-content/uploads/usu1823/2023/11/ierenaixenca.jpg"><img loading="lazy" decoding="async" class="alignnone wp-image-20953" src="https://agora.xtec.cat/esc-renaixencahostalets/wp-content/uploads/usu1823/2023/11/ierenaixenca.jpg" alt="" width="291" height="148" srcset="https://agora.xtec.cat/esc-renaixencahostalets/wp-content/uploads/usu1823/2023/11/ierenaixenca.jpg 1015w, https://agora.xtec.cat/esc-renaixencahostalets/wp-content/uploads/usu1823/2023/11/ierenaixenca-300x153.jpg 300w, https://agora.xtec.cat/esc-renaixencahostalets/wp-content/uploads/usu1823/2023/11/ierenaixenca-768x390.jpg 768w" sizes="auto, (max-width: 291px) 100vw, 291px" /></a></p>
<p>&nbsp;</p>
<p><strong>100 ANYS D&#8217;ESCOLES ALS HOSTALETS DE PIEROLA (1913-2013)</strong></p>
<p>Les dues escoles en funcionament al poble dels Hostalets no van estar situades sempre en el mateix indret. Ben al contrari, al llarg del temps van anar canviant d&#8217;ubicació per raons diverses. El primer local ocupat per l&#8217;escola de nens va ser el conegut com la Sala.</p>
<p><a href="http://agora.xtec.cat/esc-renaixencahostalets/wp-content/uploads/usu1823/2014/09/IMG_20180524_090547.jpg"><br />
</a>A l&#8217;inici de la darrera dècada del segle XIX totes dues escoles, la de nens i la de nenes, s&#8217;ubicaren a la casa, aleshores de recent construcció, situada al carrer de l&#8217;Església, número 45, coneguda com Cal Jaume Gros. En aquest indret va mantenir-se l&#8217;escola de nenes fins a l&#8217;entrada en funcionament de l&#8217;edifici de les Escoles Nacionals de l&#8217;actual carrer del Mestre Lladós, l&#8217;any 1919.</p>
<p><a href="http://agora.xtec.cat/esc-renaixencahostalets/wp-content/uploads/usu1823/2014/09/IMG_20180524_090703.jpg"><br />
</a>Els primers passos per a la construcció de les escoles nacionals dels Hostalets es van començar a donar a l&#8217;inici de l&#8217;any 1910.<br />
El dia 25 de juliol de 1913 es va procedir, amb tota solemnitat, a la col·locació de la primera pedra de l&#8217;edifici destinat a allotjar, fins a dades ben recents, les escoles públiques dels Hostalets de Pierola.<br />
La construcció de l&#8217;edifici de les escoles va culminar un procés de millora gradual de l&#8217;educació primària al nostre poble que arrenca de mitjan segle XIX.<br />
La paràlisi en la construcció de les escoles dels Hostalets per falta de recursos va ser aprofitada per l&#8217;Ajuntament per orientar els esforços cap a un projecte escolar força més modest: la reforma d&#8217;una de les cases de la barriada coneguda com les Cases Noves de Can Gras.<br />
El gener de 1914, el consistori acordà adquirir una casa a les Cases Noves &#8220;al objetivo que el ayuntamiento pudiese reformarla y colocar una maestra de enseñanza pública o sea una clase de ambos sexos&#8221;.<br />
L&#8217;execució de l&#8217;obra va ser ràpida. Va començar el 23 d&#8217;agost de 1914. A finals de juny de 1915 ja havia finalitzat i l&#8217;Ajuntament acordà demanar a l&#8217;inspector de primera esenyança que passés a visitar-les per tal que poguessin començar a funcionar.<br />
No va ser, però, fins al desembre del mateix 1915 que el rector de la Universitat, davant la petició de l&#8217;Ajuntament dels Hostalets que fos nomenada una mestra per a l&#8217;escola de les Cases Noves, va decidir designar Doña Josefa Molinas Moré.<br />
L&#8217;edifici va ser beneït el dia 26 de juliol de 1919 i va entrar en funcionament al setembre d&#8217;aquell mateix any amb l&#8217;inici del curs escolar. Les tècniques constructives i l&#8217;estil són els propis de la seva època, el Modernisme.</p>
<p><a href="http://agora.xtec.cat/esc-renaixencahostalets/wp-content/uploads/usu1823/2014/09/IMG_20180524_090742.jpg"><br />
</a>Les escoles públiques dels Hostalets (ZER Vinyes verdes) van estar allotjades en aquest edifici fins al 2006 que les van canviar d&#8217;ubicació al Carrer Església, 82 amb la construcció d&#8217;un nou edifici més gran que pogués acollir la gran i creixent quantitat d&#8217;alumnes del poble i voltants.</p>
<p>El curs 2020-2021, l&#8217;Escola Renaixença va passar a ser l&#8217;Institut Escola Renaixença.</p>
<p>Actualment, acull 447 alumnes des d&#8217;I 3 fins a 4t de l&#8217;ESO</p>
<p>Informació extreta del llibre<em> &#8220;100 anys d&#8217;escoles als Hostalets de Pierola&#8221;</em> de Montserrat Cucurella-Jorba, Jordi Parcerisas i Valls i Francesc Valls-Junyent.</p>

<p>&nbsp;<br />
<a href="https://agora.xtec.cat/esc-renaixencahostalets/wp-content/uploads/usu1823/2023/11/facana-escola-antiga.jpg"></a><a href="https://agora.xtec.cat/esc-renaixencahostalets/wp-content/uploads/usu1823/2023/11/ierenaixenca.jpg"></a><br />
&nbsp;<br />
100 ANYS D&#8217;ESCOLES ALS HOSTALETS DE PIEROLA (1913-2013)<br />
Les dues escoles en funcionament al poble dels Hostalets no van estar situades sempre en el mateix indret. Ben al contrari, al llarg del temps van anar canviant d&#8217;ubicació per raons diverses. El primer local ocupat&hellip;  <a href="https://agora.xtec.cat/esc-renaixencahostalets/lescola/historia/" title="Read Història">Llegeix més»</a></p>
