{"id":20737,"date":"2026-02-18T09:58:57","date_gmt":"2026-02-18T08:58:57","guid":{"rendered":"https:\/\/agora.xtec.cat\/esc-renaixencahostalets\/?page_id=20737"},"modified":"2026-02-18T10:17:35","modified_gmt":"2026-02-18T09:17:35","slug":"estrategia-digital-de-centre","status":"publish","type":"page","link":"https:\/\/agora.xtec.cat\/esc-renaixencahostalets\/projecte-educatiu\/estrategia-digital-de-centre\/","title":{"rendered":"Estrat\u00e8gia Digital de Centre"},"content":{"rendered":"<p data-start=\"56\" data-end=\"463\">L\u2019Estrat\u00e8gia Digital de Centre (EDC) \u00e9s el document marc que orienta la integraci\u00f3 pedag\u00f2gica, organitzativa i tecnol\u00f2gica de les eines digitals en el funcionament del centre educatiu. T\u00e9 com a finalitat garantir un \u00fas coherent, segur i educativament significatiu de la tecnologia, promovent el desenvolupament de la compet\u00e8ncia digital de l\u2019alumnat, del professorat i del conjunt de la comunitat educativa.<\/p>\n<p data-start=\"465\" data-end=\"981\">L\u2019EDC parteix d\u2019una diagnosi de la situaci\u00f3 digital del centre i estableix objectius, actuacions i indicadors de seguiment que permeten avan\u00e7ar cap a una cultura digital compartida, alineada amb el projecte educatiu del centre i amb els marcs europeus de compet\u00e8ncia digital. Aquest proc\u00e9s implica la planificaci\u00f3 de recursos, la formaci\u00f3 docent, la coordinaci\u00f3 pedag\u00f2gica i la incorporaci\u00f3 progressiva de metodologies que integrin la tecnologia de manera significativa en els processos d\u2019ensenyament i aprenentatge.<\/p>\n<p data-start=\"465\" data-end=\"981\">Clica al damunt d&#8217;aquesta cap\u00e7alera per con\u00e8ixer l&#8217;EDC del nostre centre:<\/p>\n<p data-start=\"465\" data-end=\"981\"><a href=\"https:\/\/sites.google.com\/xtec.cat\/edc-ierenaixenca?usp=sharing\"><img loading=\"lazy\" decoding=\"async\" class=\"aligncenter wp-image-21955 size-large\" src=\"https:\/\/agora.xtec.cat\/esc-renaixencahostalets\/wp-content\/uploads\/usu1823\/2026\/02\/Captura-de-pantalla-2026-02-18-100642-e1771406048287-1024x140.png\" alt=\"\" width=\"1024\" height=\"140\" srcset=\"https:\/\/agora.xtec.cat\/esc-renaixencahostalets\/wp-content\/uploads\/usu1823\/2026\/02\/Captura-de-pantalla-2026-02-18-100642-e1771406048287-1024x140.png 1024w, https:\/\/agora.xtec.cat\/esc-renaixencahostalets\/wp-content\/uploads\/usu1823\/2026\/02\/Captura-de-pantalla-2026-02-18-100642-e1771406048287-300x41.png 300w, https:\/\/agora.xtec.cat\/esc-renaixencahostalets\/wp-content\/uploads\/usu1823\/2026\/02\/Captura-de-pantalla-2026-02-18-100642-e1771406048287-768x105.png 768w, https:\/\/agora.xtec.cat\/esc-renaixencahostalets\/wp-content\/uploads\/usu1823\/2026\/02\/Captura-de-pantalla-2026-02-18-100642-e1771406048287-1536x210.png 1536w, https:\/\/agora.xtec.cat\/esc-renaixencahostalets\/wp-content\/uploads\/usu1823\/2026\/02\/Captura-de-pantalla-2026-02-18-100642-e1771406048287.png 1883w\" sizes=\"auto, (max-width: 1024px) 100vw, 1024px\" \/><\/a><\/p>\n","protected":false},"excerpt":{"rendered":"<p>L\u2019Estrat\u00e8gia Digital de Centre (EDC) \u00e9s el document marc que orienta la integraci\u00f3 pedag\u00f2gica, organitzativa i tecnol\u00f2gica de les eines digitals en el funcionament del centre educatiu. T\u00e9 com a finalitat garantir un \u00fas coherent, segur i educativament significatiu de la tecnologia, promovent el desenvolupament&hellip;  <a href=\"https:\/\/agora.xtec.cat\/esc-renaixencahostalets\/projecte-educatiu\/estrategia-digital-de-centre\/\" title=\"Read Estrat\u00e8gia Digital de Centre\">Llegeix m\u00e9s\u00bb<\/a><\/p>\n","protected":false},"author":1,"featured_media":0,"parent":4009,"menu_order":0,"comment_status":"closed","ping_status":"closed","template":"","meta":{"_bbp_topic_count":0,"_bbp_reply_count":0,"_bbp_total_topic_count":0,"_bbp_total_reply_count":0,"_bbp_voice_count":0,"_bbp_anonymous_reply_count":0,"_bbp_topic_count_hidden":0,"_bbp_reply_count_hidden":0,"_bbp_forum_subforum_count":0,"footnotes":""},"class_list":["post-20737","page","type-page","status-publish","hentry"],"post_mailing_queue_ids":[],"_links":{"self":[{"href":"https:\/\/agora.xtec.cat\/esc-renaixencahostalets\/wp-json\/wp\/v2\/pages\/20737","targetHints":{"allow":["GET"]}}],"collection":[{"href":"https:\/\/agora.xtec.cat\/esc-renaixencahostalets\/wp-json\/wp\/v2\/pages"}],"about":[{"href":"https:\/\/agora.xtec.cat\/esc-renaixencahostalets\/wp-json\/wp\/v2\/types\/page"}],"author":[{"embeddable":true,"href":"https:\/\/agora.xtec.cat\/esc-renaixencahostalets\/wp-json\/wp\/v2\/users\/1"}],"replies":[{"embeddable":true,"href":"https:\/\/agora.xtec.cat\/esc-renaixencahostalets\/wp-json\/wp\/v2\/comments?post=20737"}],"version-history":[{"count":6,"href":"https:\/\/agora.xtec.cat\/esc-renaixencahostalets\/wp-json\/wp\/v2\/pages\/20737\/revisions"}],"predecessor-version":[{"id":21960,"href":"https:\/\/agora.xtec.cat\/esc-renaixencahostalets\/wp-json\/wp\/v2\/pages\/20737\/revisions\/21960"}],"up":[{"embeddable":true,"href":"https:\/\/agora.xtec.cat\/esc-renaixencahostalets\/wp-json\/wp\/v2\/pages\/4009"}],"wp:attachment":[{"href":"https:\/\/agora.xtec.cat\/esc-renaixencahostalets\/wp-json\/wp\/v2\/media?parent=20737"}],"curies":[{"name":"wp","href":"https:\/\/api.w.org\/{rel}","templated":true}]}}

Estratègia Digital de Centre

<p data-start="56" data-end="463">L’Estratègia Digital de Centre (EDC) és el document marc que orienta la integració pedagògica, organitzativa i tecnològica de les eines digitals en el funcionament del centre educatiu. Té com a finalitat garantir un ús coherent, segur i educativament significatiu de la tecnologia, promovent el desenvolupament de la competència digital de l’alumnat, del professorat i del conjunt de la comunitat educativa.</p>
<p data-start="465" data-end="981">L’EDC parteix d’una diagnosi de la situació digital del centre i estableix objectius, actuacions i indicadors de seguiment que permeten avançar cap a una cultura digital compartida, alineada amb el projecte educatiu del centre i amb els marcs europeus de competència digital. Aquest procés implica la planificació de recursos, la formació docent, la coordinació pedagògica i la incorporació progressiva de metodologies que integrin la tecnologia de manera significativa en els processos d’ensenyament i aprenentatge.</p>
<p data-start="465" data-end="981">Clica al damunt d&#8217;aquesta capçalera per conèixer l&#8217;EDC del nostre centre:</p>
<p data-start="465" data-end="981"><a href="https://sites.google.com/xtec.cat/edc-ierenaixenca?usp=sharing"><img loading="lazy" decoding="async" class="aligncenter wp-image-21955 size-large" src="https://agora.xtec.cat/esc-renaixencahostalets/wp-content/uploads/usu1823/2026/02/Captura-de-pantalla-2026-02-18-100642-e1771406048287-1024x140.png" alt="" width="1024" height="140" srcset="https://agora.xtec.cat/esc-renaixencahostalets/wp-content/uploads/usu1823/2026/02/Captura-de-pantalla-2026-02-18-100642-e1771406048287-1024x140.png 1024w, https://agora.xtec.cat/esc-renaixencahostalets/wp-content/uploads/usu1823/2026/02/Captura-de-pantalla-2026-02-18-100642-e1771406048287-300x41.png 300w, https://agora.xtec.cat/esc-renaixencahostalets/wp-content/uploads/usu1823/2026/02/Captura-de-pantalla-2026-02-18-100642-e1771406048287-768x105.png 768w, https://agora.xtec.cat/esc-renaixencahostalets/wp-content/uploads/usu1823/2026/02/Captura-de-pantalla-2026-02-18-100642-e1771406048287-1536x210.png 1536w, https://agora.xtec.cat/esc-renaixencahostalets/wp-content/uploads/usu1823/2026/02/Captura-de-pantalla-2026-02-18-100642-e1771406048287.png 1883w" sizes="auto, (max-width: 1024px) 100vw, 1024px" /></a></p>

<p>L’Estratègia Digital de Centre (EDC) és el document marc que orienta la integració pedagògica, organitzativa i tecnològica de les eines digitals en el funcionament del centre educatiu. Té com a finalitat garantir un ús coherent, segur i educativament significatiu de la tecnologia, promovent el desenvolupament&hellip;  <a href="https://agora.xtec.cat/esc-renaixencahostalets/projecte-educatiu/estrategia-digital-de-centre/" title="Read Estratègia Digital de Centre">Llegeix més»</a></p>
