{"id":1729,"date":"2020-04-01T17:16:31","date_gmt":"2020-04-01T15:16:31","guid":{"rendered":"http:\/\/agora.xtec.cat\/esc-renaixenca\/?page_id=1729"},"modified":"2020-06-08T09:06:54","modified_gmt":"2020-06-08T07:06:54","slug":"recomanacions-cicle-inicial","status":"publish","type":"page","link":"https:\/\/agora.xtec.cat\/esc-renaixenca\/recomanacions-cicle-inicial\/","title":{"rendered":"RECOMANACIONS CICLE INICIAL"},"content":{"rendered":"<p><strong>PROPOSTES CICLE INICIAL 1 (20 de mar\u00e7).\u00a0<\/strong><\/p>\n<p><a href=\"https:\/\/agora.xtec.cat\/esc-renaixenca\/wp-content\/uploads\/usu973\/2020\/03\/CICLE-INICIAL.pdf\">CICLE INICIAL<\/a><\/p>\n<p><strong>PROPOSTES CICLE INICIAL 2 (27 de mar\u00e7).\u00a0<\/strong><\/p>\n<p><a href=\"https:\/\/agora.xtec.cat\/esc-renaixenca\/wp-content\/uploads\/usu973\/2020\/03\/Cicle-Inicial.pdf\">Cicle Inicial<\/a>\u00a0(Proposta).<\/p>\n<p><a href=\"https:\/\/agora.xtec.cat\/esc-renaixenca\/wp-content\/uploads\/usu973\/2020\/03\/RECEPTA.pdf\">RECEPTA.<\/a><\/p>\n<p><a href=\"https:\/\/agora.xtec.cat\/esc-renaixenca\/wp-content\/uploads\/usu973\/2020\/03\/DESMUNTEM-JOGUINA-O-OBJECTE-SENZILL.pdf\">DESMUNTEM JOGUINA O OBJECTE SENZILL.<\/a><\/p>\n<p><a href=\"https:\/\/agora.xtec.cat\/esc-renaixenca\/wp-content\/uploads\/usu973\/2020\/03\/Educaci\u00f3-f\u00edsica.pdf\">Educaci\u00f3 f\u00edsica.<\/a><\/p>\n<p><strong>PROPOSTES CICLE INICIAL 3 (4 d&#8217;abril).<\/strong><\/p>\n<p>Llengua catalana: <a href=\"https:\/\/agora.xtec.cat\/esc-renaixenca\/wp-content\/uploads\/usu973\/2020\/04\/COMPRENSI\u00d3-LECTORA.pdf\">COMPRENSI\u00d3 LECTORA<\/a>\u00a0 \u00a0 <a href=\"https:\/\/agora.xtec.cat\/esc-renaixenca\/wp-content\/uploads\/usu973\/2020\/04\/FEINA-INSTRUCCIONS.pdf\">FEINA INSTRUCCIONS<\/a>\u00a0 <a href=\"https:\/\/agora.xtec.cat\/esc-renaixenca\/wp-content\/uploads\/usu973\/2020\/04\/FEM-DE-PERIODISTES-1.pdf\">FEM DE PERIODISTES (1)<\/a><\/p>\n<!--[if lt IE 9]><script>document.createElement('audio');<\/script><![endif]-->\n<audio class=\"wp-audio-shortcode\" id=\"audio-1729-1\" preload=\"none\" style=\"width: 100%;\" controls=\"controls\"><source type=\"audio\/mpeg\" src=\"https:\/\/agora.xtec.cat\/esc-renaixenca\/wp-content\/uploads\/usu973\/2020\/04\/AUDIO-2020-04-01-17-17-03.m4a?_=1\" \/><a href=\"https:\/\/agora.xtec.cat\/esc-renaixenca\/wp-content\/uploads\/usu973\/2020\/04\/AUDIO-2020-04-01-17-17-03.m4a\">https:\/\/agora.xtec.cat\/esc-renaixenca\/wp-content\/uploads\/usu973\/2020\/04\/AUDIO-2020-04-01-17-17-03.m4a<\/a><\/audio>\n<p>Llengua castellana: <a href=\"https:\/\/agora.xtec.cat\/esc-renaixenca\/wp-content\/uploads\/usu973\/2020\/04\/C\u00d3MO-ESCRIBIR-UNA-CARTA-CASTELLANO.pdf\">C\u00d3MO ESCRIBIR UNA CARTA-CASTELLANO<\/a><\/p>\n<p>Coneixement del Medi: <a href=\"https:\/\/agora.xtec.cat\/esc-renaixenca\/wp-content\/uploads\/usu973\/2020\/04\/CONEIXEM-ELS-MATERIALS-DE-CASA-CONEIXEMENT-DEL-MEDI.pdf\">CONEIXEM ELS MATERIALS DE CASA-CONEIXEMENT DEL MEDI<\/a><\/p>\n<p>Matem\u00e0tiques: <a href=\"https:\/\/agora.xtec.cat\/esc-renaixenca\/wp-content\/uploads\/usu973\/2020\/04\/PROPOSTA-DE-MATEM\u00c0TIQUES-CICLE-INICIAL.pdf\">PROPOSTA DE MATEM\u00c0TIQUES CICLE INICIAL<\/a><\/p>\n<p>Educaci\u00f3 F\u00edsica: <a href=\"https:\/\/agora.xtec.cat\/esc-renaixenca\/wp-content\/uploads\/usu973\/2020\/04\/Educaci\u00f3-f\u00edsica-1.pdf\">Educaci\u00f3 f\u00edsica (1)<\/a><\/p>\n<p>Especialitats: <a href=\"https:\/\/agora.xtec.cat\/esc-renaixenca\/wp-content\/uploads\/usu973\/2020\/04\/PROPOSTES-ESPECIALITATS-CICLE-INICIAL.pdf\">PROPOSTES ESPECIALITATS CICLE INICIAL<\/a><\/p>\n<p>&nbsp;<\/p>\n<p><strong>PROPOSTES CICLE INICIAL 4 (18 d&#8217;abril).<\/strong><\/p>\n<p>Llengua catalana: <a href=\"https:\/\/agora.xtec.cat\/esc-renaixenca\/wp-content\/uploads\/usu973\/2020\/04\/PASSAPARAULA-CATAL\u00c0.pdf\">PASSAPARAULA (CATAL\u00c0)<\/a>\u00a0 \u00a0 \u00a0 \u00a0 <a href=\"https:\/\/agora.xtec.cat\/esc-renaixenca\/wp-content\/uploads\/usu973\/2020\/04\/QU\u00c8-MHA-FET-MAL-CATAL\u00c0.pdf\">QU\u00c8 M&#8217;HA FET MAL (CATAL\u00c0)<\/a><\/p>\n<p>Coneixement del Medi: <a href=\"https:\/\/agora.xtec.cat\/esc-renaixenca\/wp-content\/uploads\/usu973\/2020\/04\/Constru\u00efm-el-pl\u00e0nol-de-casa-nostra-MEDI.pdf\">Constru\u00efm el pl\u00e0nol de casa nostra (MEDI)<\/a>\u00a0 \u00a0 \u00a0 \u00a0 <a href=\"https:\/\/agora.xtec.cat\/esc-renaixenca\/wp-content\/uploads\/usu973\/2020\/04\/DIFER\u00c8NCIES-ANIMALS-I-PERSONES-MEDI.pdf\">DIFER\u00c8NCIES ANIMALS I PERSONES (MEDI)<\/a><\/p>\n<p><a href=\"https:\/\/agora.xtec.cat\/esc-renaixenca\/wp-content\/uploads\/usu973\/2020\/04\/e7120607-03c0-4f8d-a440-6f96de3e9547.mp4\">e7120607-03c0-4f8d-a440-6f96de3e9547<\/a>\u00a0(v\u00eddeo).<\/p>\n<p>Llengua castellana: <a href=\"https:\/\/agora.xtec.cat\/esc-renaixenca\/wp-content\/uploads\/usu973\/2020\/04\/Proposta-c\u00f3mic.-castellano-CI.pdf\">Proposta c\u00f3mic. castellano CI<\/a><\/p>\n<p>Matem\u00e0tiques: <a href=\"https:\/\/agora.xtec.cat\/esc-renaixenca\/wp-content\/uploads\/usu973\/2020\/04\/2N-PRIM\u00c0RIA-MATEM\u00c0TIQUES-SETMANA-20-DABRIL.pdf\">2N PRIM\u00c0RIA MATEM\u00c0TIQUES SETMANA 20 D&#8217;ABRIL<\/a><\/p>\n<p>Educaci\u00f3 Art\u00edstica: <a href=\"https:\/\/agora.xtec.cat\/esc-renaixenca\/wp-content\/uploads\/usu973\/2020\/04\/PROPOSTA-EDUCACI\u00d3-ART\u00cdSTICA-M\u00daSICA.pdf\">PROPOSTA EDUCACI\u00d3 ART\u00cdSTICA M\u00daSICA<\/a><\/p>\n<p>&nbsp;<\/p>\n<p><strong>PROPOSTES CICLE INICIAL 5 (25 d&#8217;abril).<\/strong><\/p>\n<p><a href=\"https:\/\/agora.xtec.cat\/esc-renaixenca\/wp-content\/uploads\/usu973\/2020\/04\/Propostes-CI-setmana-27-al-1-de-maig.pdf\">Propostes CI setmana 27 al 1 de maig<\/a><\/p>\n<p>&nbsp;<\/p>\n<p><strong>PROPOSTES CICLE INICIAL 6 (2 de maig).<\/strong><\/p>\n<p><a href=\"https:\/\/agora.xtec.cat\/esc-renaixenca\/wp-content\/uploads\/usu973\/2020\/05\/Propostes-Cicle-Inicial-setmana-4-de-maig.pdf\">Propostes Cicle Inicial setmana 4 de maig<\/a><\/p>\n<p>&nbsp;<\/p>\n<p><strong>PROPOSTES CICLE INICIAL 7 (11 de maig).<\/strong><\/p>\n<p><a href=\"https:\/\/agora.xtec.cat\/esc-renaixenca\/wp-content\/uploads\/usu973\/2020\/05\/Propostes-CI-setmana-11-de-maig.pdf\">Propostes CI setmana 11 de maig<\/a><\/p>\n<p>&nbsp;<\/p>\n<p><strong>PROPOSTES CICLE INICIAL 8 (18 de maig).<\/strong><\/p>\n<p><a href=\"https:\/\/agora.xtec.cat\/esc-renaixenca\/wp-content\/uploads\/usu973\/2020\/05\/Propostes-CI-setmana-18-de-Maig.pdf\">Propostes CI setmana 18 de Maig<\/a><\/p>\n<p>&nbsp;<\/p>\n<p><strong>PROPOSTES CICLE INICIAL 9 (25 de maig).<\/strong><\/p>\n<p><a href=\"https:\/\/agora.xtec.cat\/esc-renaixenca\/wp-content\/uploads\/usu973\/2020\/05\/Proposta-CI-setmana-25-al-29-de-Maig-1.pdf\">Proposta CI setmana 25 al 29 de Maig <\/a><\/p>\n<p>&nbsp;<\/p>\n<p><strong>PROPOSTES CICLE INICIAL 10 (2 de juny).<\/strong><\/p>\n<p><a href=\"https:\/\/agora.xtec.cat\/esc-renaixenca\/wp-content\/uploads\/usu973\/2020\/05\/Propostes-CI-setmana-5-de-Juny.pdf\">Propostes CI setmana 5 de Juny<\/a><\/p>\n<p><strong>PROPOSTES CICLE INICIAL 11 (8 de juny).<\/strong><\/p>\n<p><a href=\"https:\/\/agora.xtec.cat\/esc-renaixenca\/wp-content\/uploads\/usu973\/2020\/06\/Propostes-CI-setmana-8-al-12-de-Juny.pdf\">Propostes CI setmana 8 al 12 de Juny<\/a><\/p>\n","protected":false},"excerpt":{"rendered":"<p>PROPOSTES CICLE INICIAL 1 (20 de mar\u00e7).\u00a0<br \/>\n<a href=\"https:\/\/agora.xtec.cat\/esc-renaixenca\/wp-content\/uploads\/usu973\/2020\/03\/CICLE-INICIAL.pdf\">CICLE INICIAL<\/a><br \/>\nPROPOSTES CICLE INICIAL 2 (27 de mar\u00e7).\u00a0<br \/>\n<a href=\"https:\/\/agora.xtec.cat\/esc-renaixenca\/wp-content\/uploads\/usu973\/2020\/03\/Cicle-Inicial.pdf\">Cicle Inicial<\/a>\u00a0(Proposta).<br \/>\n<a href=\"https:\/\/agora.xtec.cat\/esc-renaixenca\/wp-content\/uploads\/usu973\/2020\/03\/RECEPTA.pdf\">RECEPTA.<\/a><br \/>\n<a href=\"https:\/\/agora.xtec.cat\/esc-renaixenca\/wp-content\/uploads\/usu973\/2020\/03\/DESMUNTEM-JOGUINA-O-OBJECTE-SENZILL.pdf\">DESMUNTEM JOGUINA O OBJECTE SENZILL.<\/a><br \/>\n<a href=\"https:\/\/agora.xtec.cat\/esc-renaixenca\/wp-content\/uploads\/usu973\/2020\/03\/Educaci\u00f3-f\u00edsica.pdf\">Educaci\u00f3 f\u00edsica.<\/a><br \/>\nPROPOSTES CICLE INICIAL 3 (4 d&#8217;abril).<br \/>\nLlengua catalana: <a href=\"https:\/\/agora.xtec.cat\/esc-renaixenca\/wp-content\/uploads\/usu973\/2020\/04\/COMPRENSI\u00d3-LECTORA.pdf\">COMPRENSI\u00d3 LECTORA<\/a>\u00a0 \u00a0 <a href=\"https:\/\/agora.xtec.cat\/esc-renaixenca\/wp-content\/uploads\/usu973\/2020\/04\/FEINA-INSTRUCCIONS.pdf\">FEINA INSTRUCCIONS<\/a>\u00a0 <a href=\"https:\/\/agora.xtec.cat\/esc-renaixenca\/wp-content\/uploads\/usu973\/2020\/04\/FEM-DE-PERIODISTES-1.pdf\">FEM DE PERIODISTES (1)<\/a><br \/>\n<a href=\"https:\/\/agora.xtec.cat\/esc-renaixenca\/wp-content\/uploads\/usu973\/2020\/04\/AUDIO-2020-04-01-17-17-03.m4a\">https:\/\/agora.xtec.cat\/esc-renaixenca\/wp-content\/uploads\/usu973\/2020\/04\/AUDIO-2020-04-01-17-17-03.m4a<\/a><br \/>\nLlengua castellana:&hellip;  <a href=\"https:\/\/agora.xtec.cat\/esc-renaixenca\/recomanacions-cicle-inicial\/\" title=\"Read RECOMANACIONS CICLE INICIAL\">Llegeix m\u00e9s\u00bb<\/a><\/p>\n","protected":false},"author":1,"featured_media":0,"parent":0,"menu_order":0,"comment_status":"closed","ping_status":"closed","template":"","meta":{"_bbp_topic_count":0,"_bbp_reply_count":0,"_bbp_total_topic_count":0,"_bbp_total_reply_count":0,"_bbp_voice_count":0,"_bbp_anonymous_reply_count":0,"_bbp_topic_count_hidden":0,"_bbp_reply_count_hidden":0,"_bbp_forum_subforum_count":0,"footnotes":""},"class_list":["post-1729","page","type-page","status-publish","hentry"],"post_mailing_queue_ids":[],"_links":{"self":[{"href":"https:\/\/agora.xtec.cat\/esc-renaixenca\/wp-json\/wp\/v2\/pages\/1729","targetHints":{"allow":["GET"]}}],"collection":[{"href":"https:\/\/agora.xtec.cat\/esc-renaixenca\/wp-json\/wp\/v2\/pages"}],"about":[{"href":"https:\/\/agora.xtec.cat\/esc-renaixenca\/wp-json\/wp\/v2\/types\/page"}],"author":[{"embeddable":true,"href":"https:\/\/agora.xtec.cat\/esc-renaixenca\/wp-json\/wp\/v2\/users\/1"}],"replies":[{"embeddable":true,"href":"https:\/\/agora.xtec.cat\/esc-renaixenca\/wp-json\/wp\/v2\/comments?post=1729"}],"version-history":[{"count":4,"href":"https:\/\/agora.xtec.cat\/esc-renaixenca\/wp-json\/wp\/v2\/pages\/1729\/revisions"}],"predecessor-version":[{"id":1908,"href":"https:\/\/agora.xtec.cat\/esc-renaixenca\/wp-json\/wp\/v2\/pages\/1729\/revisions\/1908"}],"wp:attachment":[{"href":"https:\/\/agora.xtec.cat\/esc-renaixenca\/wp-json\/wp\/v2\/media?parent=1729"}],"curies":[{"name":"wp","href":"https:\/\/api.w.org\/{rel}","templated":true}]}}