{"id":1724,"date":"2020-04-01T17:08:57","date_gmt":"2020-04-01T15:08:57","guid":{"rendered":"http:\/\/agora.xtec.cat\/esc-renaixenca\/?page_id=1724"},"modified":"2020-04-01T17:13:09","modified_gmt":"2020-04-01T15:13:09","slug":"recomanacions-generals","status":"publish","type":"page","link":"https:\/\/agora.xtec.cat\/esc-renaixenca\/recomanacions-generals\/","title":{"rendered":"RECOMANACIONS GENERALS"},"content":{"rendered":"<h3>PROPOSTES GENERALS<\/h3>\n<p>&nbsp;<\/p>\n<p><strong>Recomanacions del Departament d&#8217;Ensenyament ( P\u00e0gines 2 i 3 per Educaci\u00f3 Infantil &#8211; P\u00e0gines 4,5 i 6 per Educaci\u00f3 Prim\u00e0ria).<\/strong><\/p>\n<p><a href=\"https:\/\/agora.xtec.cat\/esc-renaixenca\/wp-content\/uploads\/usu973\/2020\/03\/Orientacions-centres-tancament-coronavirus.pdf\">Orientacions-centres-tancament-coronavirus<\/a><\/p>\n<p><strong>Ioga amb infants!<\/strong><\/p>\n<p><a href=\"https:\/\/agora.xtec.cat\/esc-renaixenca\/wp-content\/uploads\/usu973\/2020\/03\/yoga_inspira.pdf\">yoga_inspira<\/a><\/p>\n<p><strong>Joc d&#8217;Escape Room (dos nivells de dificultat per a Prim\u00e0ria).<\/strong><\/p>\n<p><a href=\"https:\/\/agora.xtec.cat\/esc-renaixenca\/wp-content\/uploads\/usu973\/2020\/03\/BdT-Escape-Room-Historia-8-12-a\u00f1os.pdf\">BdT-Escape-Room-Historia-8-12-a\u00f1os<\/a><\/p>\n<p><strong>Enlla\u00e7 a contes d&#8217;Educaci\u00f3 Infantil i Cicle Inicial.<\/strong><\/p>\n<p><a href=\"https:\/\/get.google.com\/albumarchive\/110258442099006389783\" target=\"_blank\" rel=\"noopener noreferrer\">Veure Contes!<\/a><\/p>\n<h3><\/h3>\n","protected":false},"excerpt":{"rendered":"<p>PROPOSTES GENERALS<br \/>\n&nbsp;<br \/>\nRecomanacions del Departament d&#8217;Ensenyament ( P\u00e0gines 2 i 3 per Educaci\u00f3 Infantil &#8211; P\u00e0gines 4,5 i 6 per Educaci\u00f3 Prim\u00e0ria).<br \/>\n<a href=\"https:\/\/agora.xtec.cat\/esc-renaixenca\/wp-content\/uploads\/usu973\/2020\/03\/Orientacions-centres-tancament-coronavirus.pdf\">Orientacions-centres-tancament-coronavirus<\/a><br \/>\nIoga amb infants!<br \/>\n<a href=\"https:\/\/agora.xtec.cat\/esc-renaixenca\/wp-content\/uploads\/usu973\/2020\/03\/yoga_inspira.pdf\">yoga_inspira<\/a><br \/>\nJoc d&#8217;Escape Room (dos nivells de dificultat per a Prim\u00e0ria).<br \/>\n<a href=\"https:\/\/agora.xtec.cat\/esc-renaixenca\/wp-content\/uploads\/usu973\/2020\/03\/BdT-Escape-Room-Historia-8-12-a\u00f1os.pdf\">BdT-Escape-Room-Historia-8-12-a\u00f1os<\/a><br \/>\nEnlla\u00e7 a contes d&#8217;Educaci\u00f3 Infantil i Cicle Inicial.<br \/>\n<a href=\"https:\/\/get.google.com\/albumarchive\/110258442099006389783\" target=\"_blank\" rel=\"noopener&hellip;  <a href=\"https:\/\/agora.xtec.cat\/esc-renaixenca\/recomanacions-generals\/\" title=\"Read RECOMANACIONS GENERALS\">Llegeix m\u00e9s\u00bb<\/a><\/p>\n","protected":false},"author":1,"featured_media":0,"parent":0,"menu_order":0,"comment_status":"closed","ping_status":"closed","template":"","meta":{"_bbp_topic_count":0,"_bbp_reply_count":0,"_bbp_total_topic_count":0,"_bbp_total_reply_count":0,"_bbp_voice_count":0,"_bbp_anonymous_reply_count":0,"_bbp_topic_count_hidden":0,"_bbp_reply_count_hidden":0,"_bbp_forum_subforum_count":0,"footnotes":""},"class_list":["post-1724","page","type-page","status-publish","hentry"],"post_mailing_queue_ids":[],"_links":{"self":[{"href":"https:\/\/agora.xtec.cat\/esc-renaixenca\/wp-json\/wp\/v2\/pages\/1724","targetHints":{"allow":["GET"]}}],"collection":[{"href":"https:\/\/agora.xtec.cat\/esc-renaixenca\/wp-json\/wp\/v2\/pages"}],"about":[{"href":"https:\/\/agora.xtec.cat\/esc-renaixenca\/wp-json\/wp\/v2\/types\/page"}],"author":[{"embeddable":true,"href":"https:\/\/agora.xtec.cat\/esc-renaixenca\/wp-json\/wp\/v2\/users\/1"}],"replies":[{"embeddable":true,"href":"https:\/\/agora.xtec.cat\/esc-renaixenca\/wp-json\/wp\/v2\/comments?post=1724"}],"version-history":[{"count":2,"href":"https:\/\/agora.xtec.cat\/esc-renaixenca\/wp-json\/wp\/v2\/pages\/1724\/revisions"}],"predecessor-version":[{"id":1726,"href":"https:\/\/agora.xtec.cat\/esc-renaixenca\/wp-json\/wp\/v2\/pages\/1724\/revisions\/1726"}],"wp:attachment":[{"href":"https:\/\/agora.xtec.cat\/esc-renaixenca\/wp-json\/wp\/v2\/media?parent=1724"}],"curies":[{"name":"wp","href":"https:\/\/api.w.org\/{rel}","templated":true}]}}