{"id":1193,"date":"2020-11-10T18:22:26","date_gmt":"2020-11-10T17:22:26","guid":{"rendered":"https:\/\/agora.xtec.cat\/esc-ramonycajal-terrassa\/?page_id=1193"},"modified":"2020-11-12T09:40:42","modified_gmt":"2020-11-12T08:40:42","slug":"espai-covid","status":"publish","type":"page","link":"https:\/\/agora.xtec.cat\/esc-ramonycajal-terrassa\/espai-covid\/","title":{"rendered":"ESPAI COVID-19"},"content":{"rendered":"<p>En aquest apartat trobareu tota la informaci\u00f3 que us ajudar\u00e0 a l&#8217;hora d&#8217;actuar davant la Covid-19.<\/p>\n<p><span style=\"color: #000000;\">Les fam\u00edlies que no parlen una de les lleng\u00fces del pa\u00eds i tinguin algun dubte poden trucar al 061 Salut Respon i els podran informar al respecte<\/span>.<\/p>\n<p>Esperem i desitgem que us serveixi.<\/p>\n","protected":false},"excerpt":{"rendered":"<p>En aquest apartat trobareu tota la informaci\u00f3 que us ajudar\u00e0 a l&#8217;hora d&#8217;actuar davant la Covid-19.<br \/>\nLes fam\u00edlies que no parlen una de les lleng\u00fces del pa\u00eds i tinguin algun dubte poden trucar al 061 Salut Respon i els podran informar al respecte.<br \/>\nEsperem i desitgem que&hellip;  <a href=\"https:\/\/agora.xtec.cat\/esc-ramonycajal-terrassa\/espai-covid\/\" title=\"Read ESPAI COVID-19\">Llegeix m\u00e9s\u00bb<\/a><\/p>\n","protected":false},"author":7,"featured_media":0,"parent":0,"menu_order":0,"comment_status":"closed","ping_status":"closed","template":"page-templates\/side-menu.php","meta":{"_bbp_topic_count":0,"_bbp_reply_count":0,"_bbp_total_topic_count":0,"_bbp_total_reply_count":0,"_bbp_voice_count":0,"_bbp_anonymous_reply_count":0,"_bbp_topic_count_hidden":0,"_bbp_reply_count_hidden":0,"_bbp_forum_subforum_count":0,"footnotes":""},"class_list":["post-1193","page","type-page","status-publish","hentry"],"post_mailing_queue_ids":[],"_links":{"self":[{"href":"https:\/\/agora.xtec.cat\/esc-ramonycajal-terrassa\/wp-json\/wp\/v2\/pages\/1193","targetHints":{"allow":["GET"]}}],"collection":[{"href":"https:\/\/agora.xtec.cat\/esc-ramonycajal-terrassa\/wp-json\/wp\/v2\/pages"}],"about":[{"href":"https:\/\/agora.xtec.cat\/esc-ramonycajal-terrassa\/wp-json\/wp\/v2\/types\/page"}],"author":[{"embeddable":true,"href":"https:\/\/agora.xtec.cat\/esc-ramonycajal-terrassa\/wp-json\/wp\/v2\/users\/7"}],"replies":[{"embeddable":true,"href":"https:\/\/agora.xtec.cat\/esc-ramonycajal-terrassa\/wp-json\/wp\/v2\/comments?post=1193"}],"version-history":[{"count":3,"href":"https:\/\/agora.xtec.cat\/esc-ramonycajal-terrassa\/wp-json\/wp\/v2\/pages\/1193\/revisions"}],"predecessor-version":[{"id":1206,"href":"https:\/\/agora.xtec.cat\/esc-ramonycajal-terrassa\/wp-json\/wp\/v2\/pages\/1193\/revisions\/1206"}],"wp:attachment":[{"href":"https:\/\/agora.xtec.cat\/esc-ramonycajal-terrassa\/wp-json\/wp\/v2\/media?parent=1193"}],"curies":[{"name":"wp","href":"https:\/\/api.w.org\/{rel}","templated":true}]}}