{"id":1005,"date":"2022-02-11T10:15:36","date_gmt":"2022-02-11T09:15:36","guid":{"rendered":"https:\/\/agora.xtec.cat\/ceiprafaelcasanova\/?page_id=1005"},"modified":"2025-02-28T14:59:00","modified_gmt":"2025-02-28T13:59:00","slug":"cantania","status":"publish","type":"page","link":"https:\/\/agora.xtec.cat\/esc-rafaelcasanova-badalona\/projecte-educatiu\/projectes-descola\/cantania\/","title":{"rendered":"Cant\u00e0nia"},"content":{"rendered":"<p>El mestre de m\u00fasica amb el seu grup de treball preparen diferents activitats que els infants gaudeixen durant el curs. Fa cursos que l\u00b4escola participa en el projecte Cant\u00e0nia.<\/p>\n<p>La Cant\u00e0nia \u00e9s una <strong>activitat participativa<\/strong>\u00a0en la que s\u2019inscriuen escolars de cicle mitj\u00e0 i superior de prim\u00e0ria de Catalunya. Cada any s\u2019estrena una obra encarregada especialment per a aquesta activitat. Els enc\u00e0rrecs, fins a dia d\u2019avui, s\u2019han fet a\u00a0<strong>compositors i escriptors catalans de reconegut prestigi<\/strong>.<\/p>\n<p><a style=\"color: #2795b6;\" href=\"https:\/\/agora.xtec.cat\/ceiprafaelcasanova\/wp-content\/uploads\/usu2919\/2022\/02\/cantania.png\"><img loading=\"lazy\" decoding=\"async\" class=\"wp-image-1007 aligncenter\" src=\"https:\/\/agora.xtec.cat\/ceiprafaelcasanova\/wp-content\/uploads\/usu2919\/2022\/02\/cantania-300x93.png\" alt=\"\" width=\"600\" height=\"186\" srcset=\"https:\/\/agora.xtec.cat\/esc-rafaelcasanova-badalona\/wp-content\/uploads\/usu2919\/2022\/02\/cantania-300x93.png 300w, https:\/\/agora.xtec.cat\/esc-rafaelcasanova-badalona\/wp-content\/uploads\/usu2919\/2022\/02\/cantania-768x238.png 768w, https:\/\/agora.xtec.cat\/esc-rafaelcasanova-badalona\/wp-content\/uploads\/usu2919\/2022\/02\/cantania.png 1007w\" sizes=\"auto, (max-width: 600px) 100vw, 600px\" \/><\/a><\/p>\n<p>&nbsp;<\/p>\n<p>&#8211; Objectius de l\u2019activitat<br \/>\nA continuaci\u00f3 llistem alguns dels objectius de Cant\u00e0nia, per\u00f2 la seva magnitud i diversitat d\u2019\u00e0mbits comporta una descoberta constant de valors i objectius espec\u00edfics:<br \/>\n\uf0b7 Oferir una activitat inoblidable als cantaires, professorat, fam\u00edlies i professionals que participen en l\u2019activitat.<br \/>\n\uf0b7 Afavorir una integraci\u00f3 de diferents cultures i capacitats, en el p\u00fablic que assisteix als concerts.<br \/>\n\uf0b7 Garantir que tots els nens d\u2019una escola, sense cap mena de selecci\u00f3, podran fer Cant\u00e0nia <span style=\"font-family: inherit; font-size: 1em;\">al menys una vegada en la seva escolaritat.<\/span><\/p>\n<p>\uf0b7 Apropar p\u00fablic no habitual a espais culturals i les sales de concerts del territori.<br \/>\n\uf0b7 Donar a con\u00e8ixer i apropar els creadors actuals a milers de persones no familiaritzades amb la m\u00fasica.<br \/>\n\uf0b7 Donar a la feina quotidiana de l\u2019aula la dimensi\u00f3 social pr\u00f2pia de la m\u00fasica, refor\u00e7ant la seva import\u00e0ncia en els centres docents i en les seves fam\u00edlies.<br \/>\n\uf0b7 Facilitar la trobada i l\u2019intercanvi regular al professorat de m\u00fasica de diferents centres.<\/p>\n","protected":false},"excerpt":{"rendered":"<p>El mestre de m\u00fasica amb el seu grup de treball preparen diferents activitats que els infants gaudeixen durant el curs. Fa cursos que l\u00b4escola participa en el projecte Cant\u00e0nia.<br \/>\nLa Cant\u00e0nia \u00e9s una activitat participativa\u00a0en la que s\u2019inscriuen escolars de cicle mitj\u00e0 i superior de prim\u00e0ria&hellip;  <a href=\"https:\/\/agora.xtec.cat\/esc-rafaelcasanova-badalona\/projecte-educatiu\/projectes-descola\/cantania\/\" title=\"Read Cant\u00e0nia\">Llegeix m\u00e9s\u00bb<\/a><\/p>\n","protected":false},"author":1,"featured_media":0,"parent":595,"menu_order":20,"comment_status":"closed","ping_status":"closed","template":"page-templates\/side-menu.php","meta":{"_bbp_topic_count":0,"_bbp_reply_count":0,"_bbp_total_topic_count":0,"_bbp_total_reply_count":0,"_bbp_voice_count":0,"_bbp_anonymous_reply_count":0,"_bbp_topic_count_hidden":0,"_bbp_reply_count_hidden":0,"_bbp_forum_subforum_count":0,"footnotes":""},"class_list":["post-1005","page","type-page","status-publish","hentry"],"post_mailing_queue_ids":[],"_links":{"self":[{"href":"https:\/\/agora.xtec.cat\/esc-rafaelcasanova-badalona\/wp-json\/wp\/v2\/pages\/1005","targetHints":{"allow":["GET"]}}],"collection":[{"href":"https:\/\/agora.xtec.cat\/esc-rafaelcasanova-badalona\/wp-json\/wp\/v2\/pages"}],"about":[{"href":"https:\/\/agora.xtec.cat\/esc-rafaelcasanova-badalona\/wp-json\/wp\/v2\/types\/page"}],"author":[{"embeddable":true,"href":"https:\/\/agora.xtec.cat\/esc-rafaelcasanova-badalona\/wp-json\/wp\/v2\/users\/1"}],"replies":[{"embeddable":true,"href":"https:\/\/agora.xtec.cat\/esc-rafaelcasanova-badalona\/wp-json\/wp\/v2\/comments?post=1005"}],"version-history":[{"count":4,"href":"https:\/\/agora.xtec.cat\/esc-rafaelcasanova-badalona\/wp-json\/wp\/v2\/pages\/1005\/revisions"}],"predecessor-version":[{"id":1914,"href":"https:\/\/agora.xtec.cat\/esc-rafaelcasanova-badalona\/wp-json\/wp\/v2\/pages\/1005\/revisions\/1914"}],"up":[{"embeddable":true,"href":"https:\/\/agora.xtec.cat\/esc-rafaelcasanova-badalona\/wp-json\/wp\/v2\/pages\/595"}],"wp:attachment":[{"href":"https:\/\/agora.xtec.cat\/esc-rafaelcasanova-badalona\/wp-json\/wp\/v2\/media?parent=1005"}],"curies":[{"name":"wp","href":"https:\/\/api.w.org\/{rel}","templated":true}]}}