{"id":597,"date":"2020-07-09T14:46:14","date_gmt":"2020-07-09T12:46:14","guid":{"rendered":"https:\/\/agora.xtec.cat\/esc-pompeufabra\/?page_id=597"},"modified":"2025-02-23T11:49:39","modified_gmt":"2025-02-23T10:49:39","slug":"activitats-i-festes","status":"publish","type":"page","link":"https:\/\/agora.xtec.cat\/esc-pompeufabra\/activitats-i-festes\/","title":{"rendered":"Activitats i festes"},"content":{"rendered":"<p>Les festes i celebracions de l\u2019escola ens permeten compartir <strong>moments emocionants<\/strong> <strong>que ens fan sentir membres de la comunitat<\/strong>.<\/p>\n<p>Normalment a l\u2019escola celebrem:<\/p>\n<p>&#8211; <strong>L\u2019acte d\u2019inauguraci\u00f3 <\/strong>fent la benvinguda conjunta al nou curs, equip docent, alumnat i fam\u00edlies.<\/p>\n<p>&#8211;<strong> La Castanyada, <\/strong>berenar col\u00b7lectiu amenitzat amb les can\u00e7ons de tardor.<\/p>\n<p>&#8211; <strong>Dia de la M\u00fasica<\/strong>, en format concert o exposici\u00f3 d\u2019instruments a c\u00e0rrec del grup de 3r.<\/p>\n<p>&#8211; <strong style=\"font-family: inherit; font-size: 1em;\">Concert d&#8217;Hivern<\/strong><span style=\"font-family: inherit; font-size: 1em;\">, amb la participaci\u00f3 de tots els grups classe i on hi assisteixen les fam\u00edlies.\u00a0<\/span><\/p>\n<p>&#8211; El <strong>Carnaval<\/strong>, amb les consignes del rei Carnestoltes, el preg\u00f3, la desfilada, la rua i el judici, amb el suport i participaci\u00f3 de les fam\u00edlies.<\/p>\n<p>&#8211; <strong>Les Olimpifabres<\/strong> on l\u2019alumnat posa en joc el cos i el treball en equip.<\/p>\n<p>&#8211; Els <strong>Mots Florals,<\/strong> mostra liter\u00e0ria escolar a partir dels contes, poemes i escrits fets per tot l\u2019alumnat i\u00a0<strong>Sant Jordi<\/strong>, un dia dedicat als llibres.<\/p>\n<p>&#8211; La <strong>Festa dels Aq\u00fcistrings<\/strong>, com a festa de cloenda del curs i acomiadament del grup de 6\u00e8.<\/p>\n","protected":false},"excerpt":{"rendered":"<p>Les festes i celebracions de l\u2019escola ens permeten compartir moments emocionants que ens fan sentir membres de la comunitat.<br \/>\nNormalment a l\u2019escola celebrem:<br \/>\n&#8211; L\u2019acte d\u2019inauguraci\u00f3 fent la benvinguda conjunta al nou curs, equip docent, alumnat i fam\u00edlies.<br \/>\n&#8211; La Castanyada, berenar col\u00b7lectiu amenitzat amb les can\u00e7ons de&hellip;  <a href=\"https:\/\/agora.xtec.cat\/esc-pompeufabra\/activitats-i-festes\/\" title=\"Read Activitats i festes\">Llegeix m\u00e9s\u00bb<\/a><\/p>\n","protected":false},"author":1,"featured_media":0,"parent":0,"menu_order":0,"comment_status":"closed","ping_status":"closed","template":"page-templates\/side-menu.php","meta":{"_bbp_topic_count":0,"_bbp_reply_count":0,"_bbp_total_topic_count":0,"_bbp_total_reply_count":0,"_bbp_voice_count":0,"_bbp_anonymous_reply_count":0,"_bbp_topic_count_hidden":0,"_bbp_reply_count_hidden":0,"_bbp_forum_subforum_count":0,"footnotes":""},"class_list":["post-597","page","type-page","status-publish","hentry"],"post_mailing_queue_ids":[],"_links":{"self":[{"href":"https:\/\/agora.xtec.cat\/esc-pompeufabra\/wp-json\/wp\/v2\/pages\/597","targetHints":{"allow":["GET"]}}],"collection":[{"href":"https:\/\/agora.xtec.cat\/esc-pompeufabra\/wp-json\/wp\/v2\/pages"}],"about":[{"href":"https:\/\/agora.xtec.cat\/esc-pompeufabra\/wp-json\/wp\/v2\/types\/page"}],"author":[{"embeddable":true,"href":"https:\/\/agora.xtec.cat\/esc-pompeufabra\/wp-json\/wp\/v2\/users\/1"}],"replies":[{"embeddable":true,"href":"https:\/\/agora.xtec.cat\/esc-pompeufabra\/wp-json\/wp\/v2\/comments?post=597"}],"version-history":[{"count":6,"href":"https:\/\/agora.xtec.cat\/esc-pompeufabra\/wp-json\/wp\/v2\/pages\/597\/revisions"}],"predecessor-version":[{"id":6491,"href":"https:\/\/agora.xtec.cat\/esc-pompeufabra\/wp-json\/wp\/v2\/pages\/597\/revisions\/6491"}],"wp:attachment":[{"href":"https:\/\/agora.xtec.cat\/esc-pompeufabra\/wp-json\/wp\/v2\/media?parent=597"}],"curies":[{"name":"wp","href":"https:\/\/api.w.org\/{rel}","templated":true}]}}