{"id":573,"date":"2020-07-09T14:05:11","date_gmt":"2020-07-09T12:05:11","guid":{"rendered":"https:\/\/agora.xtec.cat\/esc-pompeufabra\/?page_id=573"},"modified":"2025-02-23T12:05:04","modified_gmt":"2025-02-23T11:05:04","slug":"trets-didentitat","status":"publish","type":"page","link":"https:\/\/agora.xtec.cat\/esc-pompeufabra\/lescola\/trets-didentitat\/","title":{"rendered":"Trets d&#8217;identitat"},"content":{"rendered":"<div class=\"page-header\">\n<h2>Trets d&#8217;Identitat<\/h2>\n<\/div>\n<div class=\"jsn-article-toolbar\">\n<div class=\"clearfix\"><\/div>\n<\/div>\n<h3>Eduquem per la Llibertat<\/h3>\n<p>L\u2019escola t\u00e9 un car\u00e0cter personal i propi que la defineix. El projecte educatiu del centre pret\u00e9n educar al nostre alumnat cr\u00edticament per assolir la pr\u00f2pia llibertat. Els nostres principis educatius giren al voltant dels pilars de l\u2019educaci\u00f3: <strong>aprendre a ser, aprendre a fer, aprendre a conviure i habitar el m\u00f3n, en definitiva aprendre a aprendre<\/strong>.<\/p>\n<p>Fonamentem aquesta opci\u00f3 en una s\u00e8rie d\u2019accions pedag\u00f2giques:<\/p>\n<p><strong>Un curr\u00edculum obert.<\/strong>\u00a0Organitzem el curr\u00edculum escolar per compet\u00e8ncies. Part d\u2019aquest curr\u00edculum el treballem a partir de\u00a0<strong>Projectes de Treball<\/strong>. Aquests projectes s\u00f3n temes d\u2019investigaci\u00f3 que cada classe escull i estudia a partir d\u2019unes consideracions que pr\u00e8viament s\u2019han plantejat a l\u2019aula. Una altra part del curr\u00edculum l\u2019organitzem a trav\u00e9s d&#8217;espais d&#8217;investigaci\u00f3, de propostes aut\u00f2nomes d&#8217;aula i dels aprenentatges espec\u00edfics.<\/p>\n<p><strong>Un treball globalitzat i significatiu.<\/strong> No entenem les mat\u00e8ries com espais tancats. Partim sempre dels interessos de l\u2019alumnat i ens plantegem el treball diari cercant la comunicaci\u00f3 entre els diferents membres de la comunitat educativa en un clar intent d\u2019entendre el m\u00f3n i poder actuar sobre ell. En aquest sentit, els llibres de text no s\u00f3n l\u2019eix principal de treball i informaci\u00f3 del nostre alumnat. En canvi, donem una gran import\u00e0ncia a les sortides complement\u00e0ries que cada curs organitzem (<strong>visites, sortides, col\u00f2nies<\/strong>&#8230;).<\/p>\n<p><strong>Unes relacions basades en la coeducaci\u00f3 i l\u2019equitat.<\/strong> Realitzem un treball coeducador conscient per a superar actituds sexistes, masclistes i hom\u00f2fobes. Intentem donar a cadasc\u00fa el que necessita per cr\u00e9ixer com a persona. Des del respecte a totes les creences personals i familiars ens definim com a <strong>laics<\/strong>.<\/p>\n<div class=\"text-box\">\n<p><strong>Les fam\u00edlies tenen un paper molt important, din\u00e0mic i participatiu dins de la nostra comunitat educativa<\/strong>:<br \/>\nFormant part activa de l\u2019AFA del centre, assistint a diferents tipologies de reunions: d\u2019aula, d&#8217;entrevistes, de comissions de treball&#8230;<br \/>\nAjudant els infants a cercar informaci\u00f3, a preparar treballs, confer\u00e8ncies, etc.<\/p>\n<\/div>\n","protected":false},"excerpt":{"rendered":"<p>Trets d&#8217;Identitat<\/p>\n<p>Eduquem per la Llibertat<br \/>\nL\u2019escola t\u00e9 un car\u00e0cter personal i propi que la defineix. El projecte educatiu del centre pret\u00e9n educar al nostre alumnat cr\u00edticament per assolir la pr\u00f2pia llibertat. Els nostres principis educatius giren al voltant dels pilars de l\u2019educaci\u00f3: aprendre a ser, aprendre&hellip;  <a href=\"https:\/\/agora.xtec.cat\/esc-pompeufabra\/lescola\/trets-didentitat\/\" title=\"Read Trets d&#8217;identitat\">Llegeix m\u00e9s\u00bb<\/a><\/p>\n","protected":false},"author":1,"featured_media":0,"parent":22,"menu_order":3,"comment_status":"closed","ping_status":"closed","template":"page-templates\/side-menu.php","meta":{"_bbp_topic_count":0,"_bbp_reply_count":0,"_bbp_total_topic_count":0,"_bbp_total_reply_count":0,"_bbp_voice_count":0,"_bbp_anonymous_reply_count":0,"_bbp_topic_count_hidden":0,"_bbp_reply_count_hidden":0,"_bbp_forum_subforum_count":0,"footnotes":""},"class_list":["post-573","page","type-page","status-publish","hentry"],"post_mailing_queue_ids":[],"_links":{"self":[{"href":"https:\/\/agora.xtec.cat\/esc-pompeufabra\/wp-json\/wp\/v2\/pages\/573","targetHints":{"allow":["GET"]}}],"collection":[{"href":"https:\/\/agora.xtec.cat\/esc-pompeufabra\/wp-json\/wp\/v2\/pages"}],"about":[{"href":"https:\/\/agora.xtec.cat\/esc-pompeufabra\/wp-json\/wp\/v2\/types\/page"}],"author":[{"embeddable":true,"href":"https:\/\/agora.xtec.cat\/esc-pompeufabra\/wp-json\/wp\/v2\/users\/1"}],"replies":[{"embeddable":true,"href":"https:\/\/agora.xtec.cat\/esc-pompeufabra\/wp-json\/wp\/v2\/comments?post=573"}],"version-history":[{"count":4,"href":"https:\/\/agora.xtec.cat\/esc-pompeufabra\/wp-json\/wp\/v2\/pages\/573\/revisions"}],"predecessor-version":[{"id":6113,"href":"https:\/\/agora.xtec.cat\/esc-pompeufabra\/wp-json\/wp\/v2\/pages\/573\/revisions\/6113"}],"up":[{"embeddable":true,"href":"https:\/\/agora.xtec.cat\/esc-pompeufabra\/wp-json\/wp\/v2\/pages\/22"}],"wp:attachment":[{"href":"https:\/\/agora.xtec.cat\/esc-pompeufabra\/wp-json\/wp\/v2\/media?parent=573"}],"curies":[{"name":"wp","href":"https:\/\/api.w.org\/{rel}","templated":true}]}}