{"id":30,"date":"2014-09-18T12:30:23","date_gmt":"2014-09-18T11:30:23","guid":{"rendered":"http:\/\/agora.xtec.cat\/esc-pompeufabra\/?page_id=30"},"modified":"2025-01-22T22:10:47","modified_gmt":"2025-01-22T21:10:47","slug":"instal%c2%b7lacions","status":"publish","type":"page","link":"https:\/\/agora.xtec.cat\/esc-pompeufabra\/lescola\/instal%c2%b7lacions\/","title":{"rendered":"Instal\u00b7lacions"},"content":{"rendered":"<h3>Un bon edifici per a un millor projecte<\/h3>\n<p>All\u00f2 important per a nosaltres \u00e9s el projecte educatiu i els valors que l&#8217;escola ofereix.<\/p>\n<p><span style=\"font-family: inherit; font-size: 1em;\">Per\u00f2, tanmateix, igual d&#8217;important \u00e9s el recinte on tot all\u00f2 es duu a terme.<\/span><br \/>\nTenim la sort de comptar amb unes bones instal\u00b7lacions adaptades a les nostres necessitats: aula de m\u00fasica, d&#8217;inform\u00e0tica, de ci\u00e8ncies, de pl\u00e0stica i manualitats, d&#8217;angl\u00e8s, d&#8217;educaci\u00f3 especial, aula d&#8217;acollida, de psicomotricitat, biblioteca i mediateca, pati pels grans i pels petits, patis interiors amb roc\u00f2drom incl\u00f2s, hort urb\u00e0,&#8230;<\/p>\n<p>En el seg\u00fcent v\u00eddeo podreu veure part de les nostres instal\u00b7lacions.<\/p>\n<p><iframe loading=\"lazy\" title=\"Escola Pompeu Fabra (instal\u00b7lacions)\" width=\"500\" height=\"375\" src=\"https:\/\/www.youtube.com\/embed\/KyGUBdcTFvY?feature=oembed\" frameborder=\"0\" allow=\"accelerometer; autoplay; clipboard-write; encrypted-media; gyroscope; picture-in-picture; web-share\" referrerpolicy=\"strict-origin-when-cross-origin\" allowfullscreen><\/iframe><\/p>\n<p>&nbsp;<\/p>\n<p>&nbsp;<\/p>\n<p>&nbsp;<\/p>\n<div class=\"smart-slider-border1\">\n<div class=\"smart-slider-border2\">\n<div class=\"smart-slider-canvas smart-slider-bg-colored smart-slider-animate smart-slider-animate-slide smart-slider-animate-in\">\n<div class=\"smart-slider-canvas-inner\"><\/div>\n<\/div>\n<\/div>\n<\/div>\n","protected":false},"excerpt":{"rendered":"<p>Un bon edifici per a un millor projecte<br \/>\nAll\u00f2 important per a nosaltres \u00e9s el projecte educatiu i els valors que l&#8217;escola ofereix.<br \/>\nPer\u00f2, tanmateix, igual d&#8217;important \u00e9s el recinte on tot all\u00f2 es duu a terme.<br \/>\nTenim la sort de comptar amb unes bones instal\u00b7lacions adaptades a&hellip;  <a href=\"https:\/\/agora.xtec.cat\/esc-pompeufabra\/lescola\/instal%c2%b7lacions\/\" title=\"Read Instal\u00b7lacions\">Llegeix m\u00e9s\u00bb<\/a><\/p>\n","protected":false},"author":1,"featured_media":0,"parent":22,"menu_order":7,"comment_status":"closed","ping_status":"closed","template":"page-templates\/side-menu.php","meta":{"_bbp_topic_count":0,"_bbp_reply_count":0,"_bbp_total_topic_count":0,"_bbp_total_reply_count":0,"_bbp_voice_count":0,"_bbp_anonymous_reply_count":0,"_bbp_topic_count_hidden":0,"_bbp_reply_count_hidden":0,"_bbp_forum_subforum_count":0,"footnotes":""},"class_list":["post-30","page","type-page","status-publish","hentry"],"post_mailing_queue_ids":[],"_links":{"self":[{"href":"https:\/\/agora.xtec.cat\/esc-pompeufabra\/wp-json\/wp\/v2\/pages\/30","targetHints":{"allow":["GET"]}}],"collection":[{"href":"https:\/\/agora.xtec.cat\/esc-pompeufabra\/wp-json\/wp\/v2\/pages"}],"about":[{"href":"https:\/\/agora.xtec.cat\/esc-pompeufabra\/wp-json\/wp\/v2\/types\/page"}],"author":[{"embeddable":true,"href":"https:\/\/agora.xtec.cat\/esc-pompeufabra\/wp-json\/wp\/v2\/users\/1"}],"replies":[{"embeddable":true,"href":"https:\/\/agora.xtec.cat\/esc-pompeufabra\/wp-json\/wp\/v2\/comments?post=30"}],"version-history":[{"count":6,"href":"https:\/\/agora.xtec.cat\/esc-pompeufabra\/wp-json\/wp\/v2\/pages\/30\/revisions"}],"predecessor-version":[{"id":6081,"href":"https:\/\/agora.xtec.cat\/esc-pompeufabra\/wp-json\/wp\/v2\/pages\/30\/revisions\/6081"}],"up":[{"embeddable":true,"href":"https:\/\/agora.xtec.cat\/esc-pompeufabra\/wp-json\/wp\/v2\/pages\/22"}],"wp:attachment":[{"href":"https:\/\/agora.xtec.cat\/esc-pompeufabra\/wp-json\/wp\/v2\/media?parent=30"}],"curies":[{"name":"wp","href":"https:\/\/api.w.org\/{rel}","templated":true}]}}