{"id":26,"date":"2014-09-18T12:24:32","date_gmt":"2014-09-18T11:24:32","guid":{"rendered":"http:\/\/agora.xtec.cat\/esc-pompeufabra\/?page_id=26"},"modified":"2025-02-23T12:02:56","modified_gmt":"2025-02-23T11:02:56","slug":"historia","status":"publish","type":"page","link":"https:\/\/agora.xtec.cat\/esc-pompeufabra\/lescola\/historia\/","title":{"rendered":"Hist\u00f2ria"},"content":{"rendered":"<h3>M\u00e9s de 50 anys d&#8217;hist\u00f2ria<\/h3>\n<p>Els nostres or\u00edgens se situen en paral\u00b7lel al naixement del barri del Congr\u00e9s on hem estat ubicats durant m\u00e9s de quaranta anys. En un principi era una llar d\u2019infants, a poc a poc va anar creixent com escola.<br \/>\nL\u2019any 1968, any de commemoraci\u00f3 del centenari del naixement de Pompeu Fabra, l\u2019escola adopta aquest nom.<\/p>\n<p>L\u2019any 1970 consta inscrita en el registre d\u2019escoles com a Cooperativa cultural Pompeu Fabra. Va formar part de manera activa del Col\u00b7lectiu d\u2019Escoles Privades per l\u2019Escola P\u00fablica Catalana (CEPEPC) des dels inicis d\u2019aquest moviment i finalment, l\u2019any 1987, dona el pas a la xarxa p\u00fablica.<\/p>\n<p>Des del curs 2003-2004, despr\u00e9s de llargues reivindicacions per tenir uns espais en condicions, estrenem l\u2019edifici on actualment estem ubicats, al barri dels Indians.<\/p>\n<h5><\/h5>\n<p>&nbsp;<\/p>\n","protected":false},"excerpt":{"rendered":"<p>M\u00e9s de 50 anys d&#8217;hist\u00f2ria<br \/>\nEls nostres or\u00edgens se situen en paral\u00b7lel al naixement del barri del Congr\u00e9s on hem estat ubicats durant m\u00e9s de quaranta anys. En un principi era una llar d\u2019infants, a poc a poc va anar creixent com escola.<br \/>\nL\u2019any 1968, any de&hellip;  <a href=\"https:\/\/agora.xtec.cat\/esc-pompeufabra\/lescola\/historia\/\" title=\"Read Hist\u00f2ria\">Llegeix m\u00e9s\u00bb<\/a><\/p>\n","protected":false},"author":1,"featured_media":0,"parent":22,"menu_order":2,"comment_status":"closed","ping_status":"closed","template":"page-templates\/side-menu.php","meta":{"_bbp_topic_count":0,"_bbp_reply_count":0,"_bbp_total_topic_count":0,"_bbp_total_reply_count":0,"_bbp_voice_count":0,"_bbp_anonymous_reply_count":0,"_bbp_topic_count_hidden":0,"_bbp_reply_count_hidden":0,"_bbp_forum_subforum_count":0,"footnotes":""},"class_list":["post-26","page","type-page","status-publish","hentry"],"post_mailing_queue_ids":[],"_links":{"self":[{"href":"https:\/\/agora.xtec.cat\/esc-pompeufabra\/wp-json\/wp\/v2\/pages\/26","targetHints":{"allow":["GET"]}}],"collection":[{"href":"https:\/\/agora.xtec.cat\/esc-pompeufabra\/wp-json\/wp\/v2\/pages"}],"about":[{"href":"https:\/\/agora.xtec.cat\/esc-pompeufabra\/wp-json\/wp\/v2\/types\/page"}],"author":[{"embeddable":true,"href":"https:\/\/agora.xtec.cat\/esc-pompeufabra\/wp-json\/wp\/v2\/users\/1"}],"replies":[{"embeddable":true,"href":"https:\/\/agora.xtec.cat\/esc-pompeufabra\/wp-json\/wp\/v2\/comments?post=26"}],"version-history":[{"count":3,"href":"https:\/\/agora.xtec.cat\/esc-pompeufabra\/wp-json\/wp\/v2\/pages\/26\/revisions"}],"predecessor-version":[{"id":6496,"href":"https:\/\/agora.xtec.cat\/esc-pompeufabra\/wp-json\/wp\/v2\/pages\/26\/revisions\/6496"}],"up":[{"embeddable":true,"href":"https:\/\/agora.xtec.cat\/esc-pompeufabra\/wp-json\/wp\/v2\/pages\/22"}],"wp:attachment":[{"href":"https:\/\/agora.xtec.cat\/esc-pompeufabra\/wp-json\/wp\/v2\/media?parent=26"}],"curies":[{"name":"wp","href":"https:\/\/api.w.org\/{rel}","templated":true}]}}