{"id":36,"date":"2014-09-18T12:33:11","date_gmt":"2014-09-18T11:33:11","guid":{"rendered":"http:\/\/agora.xtec.cat\/esc-poblenoupineda\/?page_id=36"},"modified":"2025-10-15T19:28:48","modified_gmt":"2025-10-15T17:28:48","slug":"material-escolar","status":"publish","type":"page","link":"https:\/\/agora.xtec.cat\/esc-poblenoupineda\/lescola\/material-escolar\/","title":{"rendered":"MATERIAL ESCOLAR I SORTIDES"},"content":{"rendered":"<p>Enguany l&#8217;aportaci\u00f3 de les fam\u00edlies per al material escolar \u00e9s de:<\/p>\n<ul>\n<li>100\u20ac per l&#8217;alumnat d&#8217;educaci\u00f3 Infantil (reducci\u00f3 de 25\u20ac amb el pla de millores educatives PMOE-PROA+), <strong>aportaci\u00f3 fam\u00edlies 75\u20ac<\/strong><\/li>\n<li>120\u20ac per l&#8217;alumnat d&#8217;educaci\u00f3 Prim\u00e0ria\u00a0(reducci\u00f3 de 25\u20ac amb el pla de millores educatives PMOE-PROA+), <strong>aportaci\u00f3 fam\u00edlies 95\u20ac<\/strong><\/li>\n<\/ul>\n<p><em>*L&#8217;alumnat d&#8217;educaci\u00f3 prim\u00e0ria pot cedir els &#8220;Vals escolars&#8221; i, aix\u00ed, reduir encara m\u00e9s aquesta aportaci\u00f3.<\/em><\/p>\n<p><a href=\"https:\/\/agora.xtec.cat\/esc-poblenoupineda\/wp-content\/uploads\/usu1963\/2022\/07\/Materiales-escolares-1024x683-1.jpg\"><img loading=\"lazy\" decoding=\"async\" class=\"wp-image-1653 alignleft\" src=\"https:\/\/agora.xtec.cat\/esc-poblenoupineda\/wp-content\/uploads\/usu1963\/2022\/07\/Materiales-escolares-1024x683-1.jpg\" alt=\"\" width=\"224\" height=\"149\" srcset=\"https:\/\/agora.xtec.cat\/esc-poblenoupineda\/wp-content\/uploads\/usu1963\/2022\/07\/Materiales-escolares-1024x683-1.jpg 1024w, https:\/\/agora.xtec.cat\/esc-poblenoupineda\/wp-content\/uploads\/usu1963\/2022\/07\/Materiales-escolares-1024x683-1-300x200.jpg 300w, https:\/\/agora.xtec.cat\/esc-poblenoupineda\/wp-content\/uploads\/usu1963\/2022\/07\/Materiales-escolares-1024x683-1-768x512.jpg 768w\" sizes=\"auto, (max-width: 224px) 100vw, 224px\" \/><\/a>Aquests diners serveixen per comprar tota mena de material: fungible, did\u00e0ctic i inventariable per al proc\u00e9s d&#8217;ensenyament &#8211; aprenentatge de tot l&#8217;alumnat.<\/p>\n<p>A l&#8217;enlla\u00e7 seg\u00fcent trobareu la llista de material que els nens i nenes han de portar de casa i les recomanacions per l&#8217;estiu<\/p>\n<p><a href=\"https:\/\/drive.google.com\/drive\/folders\/1pK-2sB9HqXIrvq-KYO-4yeqgqOHOj76i?usp=sharing\">PREPAREM EL CURS<\/a><\/p>\n<p>Cada trimestre realitzem alguna sortida. Coneixem l&#8217;entorn proper. Anem al teatre (Matar\u00f3, Liceu, Palau de la M\u00fasica, Auditori&#8230;) i l&#8217;escola subvenciona la majoria de despla\u00e7aments. Tamb\u00e9 anem d&#8217;excursi\u00f3 en funci\u00f3 del projecte que estiguem treballant. Hi ha sortides gratu\u00eftes i, generalment, una per nivell que pot costar entre 20-30\u20ac segons el lloc i l&#8217;activitat.<\/p>\n<p>A m\u00e9s, realitzem col\u00f2nies escolars, l&#8217;alumnat d&#8217;infantil durant una nit (100\u20ac aproximadament) i dues nits per educaci\u00f3 prim\u00e0ria (145\u20ac aproximadament).<\/p>\n","protected":false},"excerpt":{"rendered":"<p>Enguany l&#8217;aportaci\u00f3 de les fam\u00edlies per al material escolar \u00e9s de:<\/p>\n<ul>\n<li>100\u20ac per l&#8217;alumnat d&#8217;educaci\u00f3 Infantil (reducci\u00f3 de 25\u20ac amb el pla de millores educatives PMOE-PROA+), aportaci\u00f3 fam\u00edlies 75\u20ac<\/li>\n<li>120\u20ac per l&#8217;alumnat d&#8217;educaci\u00f3 Prim\u00e0ria\u00a0(reducci\u00f3 de 25\u20ac amb el pla de millores educatives PMOE-PROA+), aportaci\u00f3 fam\u00edlies 95\u20ac<\/li>\n<\/ul>\n<p>*L&#8217;alumnat d&#8217;educaci\u00f3&hellip;  <a href=\"https:\/\/agora.xtec.cat\/esc-poblenoupineda\/lescola\/material-escolar\/\" title=\"Read MATERIAL ESCOLAR I SORTIDES\">Llegeix m\u00e9s\u00bb<\/a><\/p>\n","protected":false},"author":1,"featured_media":0,"parent":22,"menu_order":70,"comment_status":"closed","ping_status":"closed","template":"page-templates\/side-menu.php","meta":{"_bbp_topic_count":0,"_bbp_reply_count":0,"_bbp_total_topic_count":0,"_bbp_total_reply_count":0,"_bbp_voice_count":0,"_bbp_anonymous_reply_count":0,"_bbp_topic_count_hidden":0,"_bbp_reply_count_hidden":0,"_bbp_forum_subforum_count":0,"footnotes":""},"class_list":["post-36","page","type-page","status-publish","hentry"],"post_mailing_queue_ids":[],"_links":{"self":[{"href":"https:\/\/agora.xtec.cat\/esc-poblenoupineda\/wp-json\/wp\/v2\/pages\/36","targetHints":{"allow":["GET"]}}],"collection":[{"href":"https:\/\/agora.xtec.cat\/esc-poblenoupineda\/wp-json\/wp\/v2\/pages"}],"about":[{"href":"https:\/\/agora.xtec.cat\/esc-poblenoupineda\/wp-json\/wp\/v2\/types\/page"}],"author":[{"embeddable":true,"href":"https:\/\/agora.xtec.cat\/esc-poblenoupineda\/wp-json\/wp\/v2\/users\/1"}],"replies":[{"embeddable":true,"href":"https:\/\/agora.xtec.cat\/esc-poblenoupineda\/wp-json\/wp\/v2\/comments?post=36"}],"version-history":[{"count":6,"href":"https:\/\/agora.xtec.cat\/esc-poblenoupineda\/wp-json\/wp\/v2\/pages\/36\/revisions"}],"predecessor-version":[{"id":2355,"href":"https:\/\/agora.xtec.cat\/esc-poblenoupineda\/wp-json\/wp\/v2\/pages\/36\/revisions\/2355"}],"up":[{"embeddable":true,"href":"https:\/\/agora.xtec.cat\/esc-poblenoupineda\/wp-json\/wp\/v2\/pages\/22"}],"wp:attachment":[{"href":"https:\/\/agora.xtec.cat\/esc-poblenoupineda\/wp-json\/wp\/v2\/media?parent=36"}],"curies":[{"name":"wp","href":"https:\/\/api.w.org\/{rel}","templated":true}]}}