{"id":7205,"date":"2024-07-04T19:08:51","date_gmt":"2024-07-04T17:08:51","guid":{"rendered":"https:\/\/agora.xtec.cat\/esc-planasicasals\/?page_id=7205"},"modified":"2025-07-07T12:10:05","modified_gmt":"2025-07-07T10:10:05","slug":"servei-de-menjador-escolar","status":"publish","type":"page","link":"https:\/\/agora.xtec.cat\/esc-planasicasals\/pagina-dinici-buida\/serveis\/servei-de-menjador-escolar\/","title":{"rendered":"Servei de Menjador Escolar"},"content":{"rendered":"<h4 class=\"Estilo22\" style=\"text-align: center;\" align=\"justify\">El Menjador escolar \u00e9s un servei que s&#8217;ofereix a les fam\u00edlies de l&#8217;escola.<\/h4>\n<p class=\"Estilo22\" align=\"justify\">Les instal\u00b7lacions de l&#8217;escola ofereixen una cuina pr\u00f2pia i el servei \u00e9s gestionat per una empresa externa, <a href=\"https:\/\/comacasamenjadors.cat\/\"><b>Com a Casa. Menjadors Escolars S.L.<\/b><\/a><\/p>\n<p class=\"Estilo22\" align=\"justify\">Cada curs la <strong>Comissi\u00f3 de Menjador del Consell Escolar<\/strong> del Centre valora les opcions de mercat i acorda amb l&#8217;empresa el preu del men\u00fa diari per alumne.<\/p>\n<h5 class=\"Estilo22\" align=\"center\">El preu per al curs, 2025-2026 \u00e9s el seg\u00fcent:<\/h5>\n<ul>\n<li class=\"Estilo22\" style=\"text-align: left;\">Alumnes fixes, aquells que es queden tres o m\u00e9s de tres dies per setmana, cada dia: <strong>7,35<\/strong>\u20ac<\/li>\n<li class=\"Estilo22\" style=\"text-align: left;\">Alumnes que es queden a dinar espor\u00e0dicament: 8,5\u202f\u20ac (per a aquells alumnes que es queden a dinar menys de 3 dies a la setmana)<\/li>\n<\/ul>\n<p class=\"Estilo22\">Les fam\u00edlies interessades poden passar cada mat\u00ed per l&#8217;oficina del menjador, a partir de les 9.15 h, per encarregar el men\u00fa dels seus fills i filles i acordar el mitj\u00e0 de pagament.<\/p>\n<p class=\"Estilo22\">Aix\u00ed i tot, cada any, <u>d&#8217;acord amb el calendari de la convocat\u00f2ria oficial,<\/u> hi ha la possibilitat de sol\u00b7licitar els ajuts econ\u00f2mics de menjador, a L&#8217;\u00c0rea Metropolitana de Barcelona.\u00a0 Aquest ajuts es demanen el darrer mes del curs anterior i en cas de ser concedits, la Direcci\u00f3 informa les fam\u00edlies benefici\u00e0ries a l&#8217;inici de les classes.<\/p>\n","protected":false},"excerpt":{"rendered":"<p>El Menjador escolar \u00e9s un servei que s&#8217;ofereix a les fam\u00edlies de l&#8217;escola. Les instal\u00b7lacions de l&#8217;escola ofereixen una cuina pr\u00f2pia i el servei \u00e9s gestionat per una empresa externa, Com a Casa. Menjadors Escolars S.L. Cada curs la Comissi\u00f3 de Menjador del Consell Escolar del Centre valora les opcions de mercat i acorda amb [&hellip;]<\/p>\n","protected":false},"author":3,"featured_media":0,"parent":66,"menu_order":0,"comment_status":"closed","ping_status":"closed","template":"","meta":{"_bbp_topic_count":0,"_bbp_reply_count":0,"_bbp_total_topic_count":0,"_bbp_total_reply_count":0,"_bbp_voice_count":0,"_bbp_anonymous_reply_count":0,"_bbp_topic_count_hidden":0,"_bbp_reply_count_hidden":0,"_bbp_forum_subforum_count":0,"site-sidebar-layout":"default","site-content-layout":"","ast-site-content-layout":"","site-content-style":"default","site-sidebar-style":"default","ast-global-header-display":"","ast-banner-title-visibility":"","ast-main-header-display":"","ast-hfb-above-header-display":"","ast-hfb-below-header-display":"","ast-hfb-mobile-header-display":"","site-post-title":"","ast-breadcrumbs-content":"","ast-featured-img":"","footer-sml-layout":"","theme-transparent-header-meta":"","adv-header-id-meta":"","stick-header-meta":"","header-above-stick-meta":"","header-main-stick-meta":"","header-below-stick-meta":"","astra-migrate-meta-layouts":"default","ast-page-background-enabled":"default","ast-page-background-meta":{"desktop":{"background-color":"var(--ast-global-color-4)","background-image":"","background-repeat":"repeat","background-position":"center center","background-size":"auto","background-attachment":"scroll","background-type":"","background-media":"","overlay-type":"","overlay-color":"","overlay-opacity":"","overlay-gradient":""},"tablet":{"background-color":"","background-image":"","background-repeat":"repeat","background-position":"center center","background-size":"auto","background-attachment":"scroll","background-type":"","background-media":"","overlay-type":"","overlay-color":"","overlay-opacity":"","overlay-gradient":""},"mobile":{"background-color":"","background-image":"","background-repeat":"repeat","background-position":"center center","background-size":"auto","background-attachment":"scroll","background-type":"","background-media":"","overlay-type":"","overlay-color":"","overlay-opacity":"","overlay-gradient":""}},"ast-content-background-meta":{"desktop":{"background-color":"var(--ast-global-color-5)","background-image":"","background-repeat":"repeat","background-position":"center center","background-size":"auto","background-attachment":"scroll","background-type":"","background-media":"","overlay-type":"","overlay-color":"","overlay-opacity":"","overlay-gradient":""},"tablet":{"background-color":"var(--ast-global-color-5)","background-image":"","background-repeat":"repeat","background-position":"center center","background-size":"auto","background-attachment":"scroll","background-type":"","background-media":"","overlay-type":"","overlay-color":"","overlay-opacity":"","overlay-gradient":""},"mobile":{"background-color":"var(--ast-global-color-5)","background-image":"","background-repeat":"repeat","background-position":"center center","background-size":"auto","background-attachment":"scroll","background-type":"","background-media":"","overlay-type":"","overlay-color":"","overlay-opacity":"","overlay-gradient":""}},"footnotes":""},"class_list":["post-7205","page","type-page","status-publish","hentry"],"post_mailing_queue_ids":[],"_links":{"self":[{"href":"https:\/\/agora.xtec.cat\/esc-planasicasals\/wp-json\/wp\/v2\/pages\/7205","targetHints":{"allow":["GET"]}}],"collection":[{"href":"https:\/\/agora.xtec.cat\/esc-planasicasals\/wp-json\/wp\/v2\/pages"}],"about":[{"href":"https:\/\/agora.xtec.cat\/esc-planasicasals\/wp-json\/wp\/v2\/types\/page"}],"author":[{"embeddable":true,"href":"https:\/\/agora.xtec.cat\/esc-planasicasals\/wp-json\/wp\/v2\/users\/3"}],"replies":[{"embeddable":true,"href":"https:\/\/agora.xtec.cat\/esc-planasicasals\/wp-json\/wp\/v2\/comments?post=7205"}],"version-history":[{"count":3,"href":"https:\/\/agora.xtec.cat\/esc-planasicasals\/wp-json\/wp\/v2\/pages\/7205\/revisions"}],"predecessor-version":[{"id":7446,"href":"https:\/\/agora.xtec.cat\/esc-planasicasals\/wp-json\/wp\/v2\/pages\/7205\/revisions\/7446"}],"up":[{"embeddable":true,"href":"https:\/\/agora.xtec.cat\/esc-planasicasals\/wp-json\/wp\/v2\/pages\/66"}],"wp:attachment":[{"href":"https:\/\/agora.xtec.cat\/esc-planasicasals\/wp-json\/wp\/v2\/media?parent=7205"}],"curies":[{"name":"wp","href":"https:\/\/api.w.org\/{rel}","templated":true}]}}