{"id":66,"date":"2014-09-18T12:40:47","date_gmt":"2014-09-18T11:40:47","guid":{"rendered":"http:\/\/agora.xtec.cat\/esc-planasicasals\/?page_id=66"},"modified":"2025-07-07T12:23:28","modified_gmt":"2025-07-07T10:23:28","slug":"serveis","status":"publish","type":"page","link":"https:\/\/agora.xtec.cat\/esc-planasicasals\/pagina-dinici-buida\/serveis\/","title":{"rendered":"Serveis"},"content":{"rendered":"<p>L&#8217;escola disposa d&#8217;alguns serveis. Alguns els gestiona directament el centre i els altres ho fa l&#8217;Associaci\u00f3 de fam\u00edlies d&#8217;Alumnes.<\/p>\n<p>Per part de l&#8217;escola es gestiona:<\/p>\n<ul>\n<li>el menjador escolar<\/li>\n<li>serveis digitals d&#8217;informaci\u00f3 a les fam\u00edlies. L&#8217;aplicaci\u00f3 que fa servir el centre \u00e9s <a href=\"https:\/\/dinantia.com\/es\/\">Dinantia<\/a><\/li>\n<\/ul>\n<p>D&#8217;altra banda, l&#8217;Associaci\u00f3 de fam\u00edlies d&#8217;Alumnes (AFA).<\/p>\n<ul>\n<li>l&#8217;acollida al mat\u00ed i a la tarda<\/li>\n<li>les activitats extraescolars<\/li>\n<li>el casal d&#8217;estiu<\/li>\n<\/ul>\n<p>Per a qualsevol dubte podeu consultar la seva secci\u00f3 en aquest espai web.<\/p>\n","protected":false},"excerpt":{"rendered":"<p>L&#8217;escola disposa d&#8217;alguns serveis. Alguns els gestiona directament el centre i els altres ho fa l&#8217;Associaci\u00f3 de fam\u00edlies d&#8217;Alumnes. Per part de l&#8217;escola es gestiona: el menjador escolar serveis digitals d&#8217;informaci\u00f3 a les fam\u00edlies. L&#8217;aplicaci\u00f3 que fa servir el centre \u00e9s Dinantia D&#8217;altra banda, l&#8217;Associaci\u00f3 de fam\u00edlies d&#8217;Alumnes (AFA). l&#8217;acollida al mat\u00ed i a la [&hellip;]<\/p>\n","protected":false},"author":1,"featured_media":0,"parent":9,"menu_order":0,"comment_status":"closed","ping_status":"closed","template":"","meta":{"_bbp_topic_count":0,"_bbp_reply_count":0,"_bbp_total_topic_count":0,"_bbp_total_reply_count":0,"_bbp_voice_count":0,"_bbp_anonymous_reply_count":0,"_bbp_topic_count_hidden":0,"_bbp_reply_count_hidden":0,"_bbp_forum_subforum_count":0,"site-sidebar-layout":"default","site-content-layout":"","ast-site-content-layout":"","site-content-style":"default","site-sidebar-style":"default","ast-global-header-display":"","ast-banner-title-visibility":"","ast-main-header-display":"","ast-hfb-above-header-display":"","ast-hfb-below-header-display":"","ast-hfb-mobile-header-display":"","site-post-title":"","ast-breadcrumbs-content":"","ast-featured-img":"","footer-sml-layout":"","theme-transparent-header-meta":"","adv-header-id-meta":"","stick-header-meta":"","header-above-stick-meta":"","header-main-stick-meta":"","header-below-stick-meta":"","astra-migrate-meta-layouts":"default","ast-page-background-enabled":"default","ast-page-background-meta":{"desktop":{"background-color":"var(--ast-global-color-4)","background-image":"","background-repeat":"repeat","background-position":"center center","background-size":"auto","background-attachment":"scroll","background-type":"","background-media":"","overlay-type":"","overlay-color":"","overlay-opacity":"","overlay-gradient":""},"tablet":{"background-color":"","background-image":"","background-repeat":"repeat","background-position":"center center","background-size":"auto","background-attachment":"scroll","background-type":"","background-media":"","overlay-type":"","overlay-color":"","overlay-opacity":"","overlay-gradient":""},"mobile":{"background-color":"","background-image":"","background-repeat":"repeat","background-position":"center center","background-size":"auto","background-attachment":"scroll","background-type":"","background-media":"","overlay-type":"","overlay-color":"","overlay-opacity":"","overlay-gradient":""}},"ast-content-background-meta":{"desktop":{"background-color":"var(--ast-global-color-5)","background-image":"","background-repeat":"repeat","background-position":"center center","background-size":"auto","background-attachment":"scroll","background-type":"","background-media":"","overlay-type":"","overlay-color":"","overlay-opacity":"","overlay-gradient":""},"tablet":{"background-color":"var(--ast-global-color-5)","background-image":"","background-repeat":"repeat","background-position":"center center","background-size":"auto","background-attachment":"scroll","background-type":"","background-media":"","overlay-type":"","overlay-color":"","overlay-opacity":"","overlay-gradient":""},"mobile":{"background-color":"var(--ast-global-color-5)","background-image":"","background-repeat":"repeat","background-position":"center center","background-size":"auto","background-attachment":"scroll","background-type":"","background-media":"","overlay-type":"","overlay-color":"","overlay-opacity":"","overlay-gradient":""}},"footnotes":""},"class_list":["post-66","page","type-page","status-publish","hentry"],"post_mailing_queue_ids":[],"_links":{"self":[{"href":"https:\/\/agora.xtec.cat\/esc-planasicasals\/wp-json\/wp\/v2\/pages\/66","targetHints":{"allow":["GET"]}}],"collection":[{"href":"https:\/\/agora.xtec.cat\/esc-planasicasals\/wp-json\/wp\/v2\/pages"}],"about":[{"href":"https:\/\/agora.xtec.cat\/esc-planasicasals\/wp-json\/wp\/v2\/types\/page"}],"author":[{"embeddable":true,"href":"https:\/\/agora.xtec.cat\/esc-planasicasals\/wp-json\/wp\/v2\/users\/1"}],"replies":[{"embeddable":true,"href":"https:\/\/agora.xtec.cat\/esc-planasicasals\/wp-json\/wp\/v2\/comments?post=66"}],"version-history":[{"count":5,"href":"https:\/\/agora.xtec.cat\/esc-planasicasals\/wp-json\/wp\/v2\/pages\/66\/revisions"}],"predecessor-version":[{"id":7450,"href":"https:\/\/agora.xtec.cat\/esc-planasicasals\/wp-json\/wp\/v2\/pages\/66\/revisions\/7450"}],"up":[{"embeddable":true,"href":"https:\/\/agora.xtec.cat\/esc-planasicasals\/wp-json\/wp\/v2\/pages\/9"}],"wp:attachment":[{"href":"https:\/\/agora.xtec.cat\/esc-planasicasals\/wp-json\/wp\/v2\/media?parent=66"}],"curies":[{"name":"wp","href":"https:\/\/api.w.org\/{rel}","templated":true}]}}