{"id":5430,"date":"2021-01-27T12:09:42","date_gmt":"2021-01-27T11:09:42","guid":{"rendered":"https:\/\/agora.xtec.cat\/esc-planasicasals\/?page_id=5430"},"modified":"2026-02-20T16:12:43","modified_gmt":"2026-02-20T15:12:43","slug":"preinscripcio-3","status":"publish","type":"page","link":"https:\/\/agora.xtec.cat\/esc-planasicasals\/pagina-dinici-buida\/lescola\/preinscripcio-3\/","title":{"rendered":"Preinscripci\u00f3"},"content":{"rendered":"<h1 style=\"text-align: center;\"><\/h1>\n<h1><a href=\"https:\/\/preinscripcio.gencat.cat\/ca\/estudis\/infantil-3-6\/inici\/\"><img loading=\"lazy\" decoding=\"async\" class=\"size-full wp-image-7502 aligncenter\" src=\"https:\/\/agora.xtec.cat\/esc-planasicasals\/wp-content\/uploads\/usu274\/2026\/02\/web-preins.jpg\" alt=\"\" width=\"370\" height=\"430\" srcset=\"https:\/\/agora.xtec.cat\/esc-planasicasals\/wp-content\/uploads\/usu274\/2026\/02\/web-preins.jpg 370w, https:\/\/agora.xtec.cat\/esc-planasicasals\/wp-content\/uploads\/usu274\/2026\/02\/web-preins-258x300.jpg 258w\" sizes=\"auto, (max-width: 370px) 100vw, 370px\" \/><\/a><\/h1>\n<h1 style=\"text-align: center;\">Informaci\u00f3 relacionada amb la preinscripci\u00f3<\/h1>\n<p>&nbsp;<\/p>\n<p>L&#8217;Escola Planas i Casals, situada al barri de Bufal\u00e0, pertany a la <strong>Zona d&#8217;Escolaritzaci\u00f3 V<\/strong>. \u00c9s un Centre educatiu p\u00fablic que abasta el<strong> 2n Cicle de l&#8217;Educaci\u00f3 Infantil<\/strong> (3-6 anys) i l&#8217;<strong>Educaci\u00f3 Prim\u00e0ria<\/strong> (6-12 anys).<\/p>\n<p>L&#8217;Escola Planas i Casals \u00e9s un <strong>centre adscrit a tres Instituts de la Ciutat<\/strong>: I.E.S. Pompeu Fabra, I.E.S. Isaac Alb\u00e9niz i I.E.S. la Riera. Aix\u00f2 significa que els i les alumnes de l&#8217;Escola tenen garantida pla\u00e7a escolar en un d&#8217;aquests tres instituts.<\/p>\n<p>L&#8217;Escola Planas i Casals pertany al <strong>Departament d&#8217;Educaci\u00f3 de la Generalitat de Catalunya<\/strong> tot i que el manteniment i \u00fas de fruit de les instal\u00b7lacions correspon a l&#8217;<strong>Ajuntament de Badalona<\/strong>.<\/p>\n<p>&nbsp;<\/p>\n<h2 style=\"text-align: center;\"><\/h2>\n<p><a href=\"https:\/\/agora.xtec.cat\/esc-planasicasals\/wp-content\/uploads\/usu274\/2024\/03\/Mapa_Zones_Bdn.png\"><img loading=\"lazy\" decoding=\"async\" class=\"alignnone size-large wp-image-7031\" src=\"https:\/\/agora.xtec.cat\/esc-planasicasals\/wp-content\/uploads\/usu274\/2024\/03\/Mapa_Zones_Bdn-1024x576.png\" alt=\"\" width=\"1024\" height=\"576\" srcset=\"https:\/\/agora.xtec.cat\/esc-planasicasals\/wp-content\/uploads\/usu274\/2024\/03\/Mapa_Zones_Bdn-1024x576.png 1024w, https:\/\/agora.xtec.cat\/esc-planasicasals\/wp-content\/uploads\/usu274\/2024\/03\/Mapa_Zones_Bdn-300x169.png 300w, https:\/\/agora.xtec.cat\/esc-planasicasals\/wp-content\/uploads\/usu274\/2024\/03\/Mapa_Zones_Bdn-768x432.png 768w, https:\/\/agora.xtec.cat\/esc-planasicasals\/wp-content\/uploads\/usu274\/2024\/03\/Mapa_Zones_Bdn-1536x864.png 1536w, https:\/\/agora.xtec.cat\/esc-planasicasals\/wp-content\/uploads\/usu274\/2024\/03\/Mapa_Zones_Bdn.png 1920w\" sizes=\"auto, (max-width: 1024px) 100vw, 1024px\" \/><\/a><\/p>\n","protected":false},"excerpt":{"rendered":"<p>Informaci\u00f3 relacionada amb la preinscripci\u00f3 &nbsp; L&#8217;Escola Planas i Casals, situada al barri de Bufal\u00e0, pertany a la Zona d&#8217;Escolaritzaci\u00f3 V. \u00c9s un Centre educatiu p\u00fablic que abasta el 2n Cicle de l&#8217;Educaci\u00f3 Infantil (3-6 anys) i l&#8217;Educaci\u00f3 Prim\u00e0ria (6-12 anys). L&#8217;Escola Planas i Casals \u00e9s un centre adscrit a tres Instituts de la Ciutat: [&hellip;]<\/p>\n","protected":false},"author":3,"featured_media":0,"parent":22,"menu_order":6,"comment_status":"closed","ping_status":"closed","template":"","meta":{"_bbp_topic_count":0,"_bbp_reply_count":0,"_bbp_total_topic_count":0,"_bbp_total_reply_count":0,"_bbp_voice_count":0,"_bbp_anonymous_reply_count":0,"_bbp_topic_count_hidden":0,"_bbp_reply_count_hidden":0,"_bbp_forum_subforum_count":0,"site-sidebar-layout":"default","site-content-layout":"","ast-site-content-layout":"","site-content-style":"default","site-sidebar-style":"default","ast-global-header-display":"","ast-banner-title-visibility":"","ast-main-header-display":"","ast-hfb-above-header-display":"","ast-hfb-below-header-display":"","ast-hfb-mobile-header-display":"","site-post-title":"","ast-breadcrumbs-content":"","ast-featured-img":"","footer-sml-layout":"","theme-transparent-header-meta":"","adv-header-id-meta":"","stick-header-meta":"","header-above-stick-meta":"","header-main-stick-meta":"","header-below-stick-meta":"","astra-migrate-meta-layouts":"default","ast-page-background-enabled":"default","ast-page-background-meta":{"desktop":{"background-color":"var(--ast-global-color-4)","background-image":"","background-repeat":"repeat","background-position":"center center","background-size":"auto","background-attachment":"scroll","background-type":"","background-media":"","overlay-type":"","overlay-color":"","overlay-opacity":"","overlay-gradient":""},"tablet":{"background-color":"","background-image":"","background-repeat":"repeat","background-position":"center center","background-size":"auto","background-attachment":"scroll","background-type":"","background-media":"","overlay-type":"","overlay-color":"","overlay-opacity":"","overlay-gradient":""},"mobile":{"background-color":"","background-image":"","background-repeat":"repeat","background-position":"center center","background-size":"auto","background-attachment":"scroll","background-type":"","background-media":"","overlay-type":"","overlay-color":"","overlay-opacity":"","overlay-gradient":""}},"ast-content-background-meta":{"desktop":{"background-color":"var(--ast-global-color-5)","background-image":"","background-repeat":"repeat","background-position":"center center","background-size":"auto","background-attachment":"scroll","background-type":"","background-media":"","overlay-type":"","overlay-color":"","overlay-opacity":"","overlay-gradient":""},"tablet":{"background-color":"var(--ast-global-color-5)","background-image":"","background-repeat":"repeat","background-position":"center center","background-size":"auto","background-attachment":"scroll","background-type":"","background-media":"","overlay-type":"","overlay-color":"","overlay-opacity":"","overlay-gradient":""},"mobile":{"background-color":"var(--ast-global-color-5)","background-image":"","background-repeat":"repeat","background-position":"center center","background-size":"auto","background-attachment":"scroll","background-type":"","background-media":"","overlay-type":"","overlay-color":"","overlay-opacity":"","overlay-gradient":""}},"footnotes":""},"class_list":["post-5430","page","type-page","status-publish","hentry"],"post_mailing_queue_ids":[],"_links":{"self":[{"href":"https:\/\/agora.xtec.cat\/esc-planasicasals\/wp-json\/wp\/v2\/pages\/5430","targetHints":{"allow":["GET"]}}],"collection":[{"href":"https:\/\/agora.xtec.cat\/esc-planasicasals\/wp-json\/wp\/v2\/pages"}],"about":[{"href":"https:\/\/agora.xtec.cat\/esc-planasicasals\/wp-json\/wp\/v2\/types\/page"}],"author":[{"embeddable":true,"href":"https:\/\/agora.xtec.cat\/esc-planasicasals\/wp-json\/wp\/v2\/users\/3"}],"replies":[{"embeddable":true,"href":"https:\/\/agora.xtec.cat\/esc-planasicasals\/wp-json\/wp\/v2\/comments?post=5430"}],"version-history":[{"count":7,"href":"https:\/\/agora.xtec.cat\/esc-planasicasals\/wp-json\/wp\/v2\/pages\/5430\/revisions"}],"predecessor-version":[{"id":7507,"href":"https:\/\/agora.xtec.cat\/esc-planasicasals\/wp-json\/wp\/v2\/pages\/5430\/revisions\/7507"}],"up":[{"embeddable":true,"href":"https:\/\/agora.xtec.cat\/esc-planasicasals\/wp-json\/wp\/v2\/pages\/22"}],"wp:attachment":[{"href":"https:\/\/agora.xtec.cat\/esc-planasicasals\/wp-json\/wp\/v2\/media?parent=5430"}],"curies":[{"name":"wp","href":"https:\/\/api.w.org\/{rel}","templated":true}]}}