{"id":32,"date":"2014-09-18T12:31:33","date_gmt":"2014-09-18T11:31:33","guid":{"rendered":"http:\/\/agora.xtec.cat\/esc-pericot\/?page_id=32"},"modified":"2025-11-06T13:30:01","modified_gmt":"2025-11-06T12:30:01","slug":"calendari-del-curs","status":"publish","type":"page","link":"https:\/\/agora.xtec.cat\/esc-pericot\/lescola\/calendari-del-curs\/","title":{"rendered":"Calendari i horaris"},"content":{"rendered":"\n<p>Com ens organitzem? Aqu\u00ed hi trobareu la informaci\u00f3:<\/p>\n\n\n\n<p style=\"padding-top:var(--wp--preset--spacing--30);padding-bottom:var(--wp--preset--spacing--30)\">Per quina porta entrar\u00e0 la meva filla? A quina hora obren les portes al mat\u00ed? I a les tardes? Quins dies s\u00f3n els festius a Girona? La jornada continuada a quin dia de juny comen\u00e7a?<\/p>\n\n\n\n<hr class=\"wp-block-separator has-alpha-channel-opacity\"\/>\n\n\n\n<div class=\"wp-block-media-text has-media-on-the-right is-stacked-on-mobile has-medium-font-size\" style=\"margin-top:var(--wp--preset--spacing--20);margin-right:0;margin-bottom:var(--wp--preset--spacing--20);margin-left:0;padding-top:0;padding-right:var(--wp--preset--spacing--80);padding-bottom:0;padding-left:var(--wp--preset--spacing--80);grid-template-columns:auto 37%\"><div class=\"wp-block-media-text__content\">\n<div class=\"wp-block-group has-border-color is-layout-constrained wp-container-core-group-is-layout-1 wp-block-group-is-layout-constrained\" style=\"border-color:var(--ast-global-color-0);border-radius:15px;min-height:0px;margin-top:var(--wp--preset--spacing--50);margin-bottom:var(--wp--preset--spacing--50);padding-top:var(--wp--preset--spacing--40);padding-right:var(--wp--preset--spacing--30);padding-bottom:var(--wp--preset--spacing--40);padding-left:var(--wp--preset--spacing--30)\">\n<p><strong>HORARIS D&#8217;ENTRADA<\/strong><\/p>\n\n\n\n<p><strong>Mat\u00ed<\/strong>: de les 8:55 a les 9:05 (tancament)<br><strong>Tarda<\/strong>: a les 15:00.<\/p>\n<\/div>\n\n\n\n<div class=\"wp-block-group has-border-color is-vertical is-layout-flex wp-container-core-group-is-layout-2 wp-block-group-is-layout-flex\" style=\"border-color:var(--ast-global-color-0);border-radius:15px;padding-top:var(--wp--preset--spacing--30);padding-right:var(--wp--preset--spacing--30);padding-bottom:var(--wp--preset--spacing--30);padding-left:var(--wp--preset--spacing--30)\">\n<p><strong>HORARI SORTIDES<\/strong><br>PRIM\u00c0RIA<br><strong>Mat\u00ed<\/strong>: 12:30<br><strong>Tarda<\/strong>: 16:30<br><br>INFANTIL<br><strong>Mat\u00ed<\/strong>: 12:30<br><strong>Tarda<\/strong>: 16:25<br>*per als dies d\u2019horari intensiu vegeu el calendari del curs.<\/p>\n<\/div>\n\n\n\n<div style=\"height:17px\" aria-hidden=\"true\" class=\"wp-block-spacer\"><\/div>\n\n\n\n<div class=\"wp-block-group has-border-color is-layout-constrained wp-container-core-group-is-layout-3 wp-block-group-is-layout-constrained\" style=\"border-color:var(--ast-global-color-0);border-radius:15px;margin-top:0;margin-bottom:0;padding-top:var(--wp--preset--spacing--30);padding-right:var(--wp--preset--spacing--30);padding-bottom:var(--wp--preset--spacing--30);padding-left:var(--wp--preset--spacing--30)\">\n<p><strong>ACCESSOS<\/strong><\/p>\n\n\n\n<ul style=\"padding-top:0;padding-right:var(--wp--preset--spacing--50);padding-bottom:0;padding-left:var(--wp--preset--spacing--50)\" class=\"wp-block-list\">\n<li>INFANTIL: entrada pel parc de la pedra<\/li>\n\n\n\n<li>PRIM\u00c0RIA  porta principal, carrer Tuyet i Santamaria<\/li>\n<\/ul>\n<\/div>\n<\/div><figure class=\"wp-block-media-text__media\"><a href=\"https:\/\/agora.xtec.cat\/esc-pericot\/wp-content\/uploads\/usu807\/2025\/07\/CALENDARI-CURS-20252026.jpg\"><img loading=\"lazy\" decoding=\"async\" width=\"724\" height=\"1024\" src=\"https:\/\/agora.xtec.cat\/esc-pericot\/wp-content\/uploads\/usu807\/2025\/07\/CALENDARI-CURS-20252026-724x1024.jpg\" alt=\"\" class=\"wp-image-10567 size-full\" srcset=\"https:\/\/agora.xtec.cat\/esc-pericot\/wp-content\/uploads\/usu807\/2025\/07\/CALENDARI-CURS-20252026-724x1024.jpg 724w, https:\/\/agora.xtec.cat\/esc-pericot\/wp-content\/uploads\/usu807\/2025\/07\/CALENDARI-CURS-20252026-212x300.jpg 212w, https:\/\/agora.xtec.cat\/esc-pericot\/wp-content\/uploads\/usu807\/2025\/07\/CALENDARI-CURS-20252026-768x1086.jpg 768w, https:\/\/agora.xtec.cat\/esc-pericot\/wp-content\/uploads\/usu807\/2025\/07\/CALENDARI-CURS-20252026-1086x1536.jpg 1086w, https:\/\/agora.xtec.cat\/esc-pericot\/wp-content\/uploads\/usu807\/2025\/07\/CALENDARI-CURS-20252026.jpg 1241w\" sizes=\"auto, (max-width: 724px) 100vw, 724px\" \/><\/a><\/figure><\/div>\n\n\n\n<p><\/p>\n","protected":false},"excerpt":{"rendered":"<p>Com ens organitzem? Aqu\u00ed hi trobareu la informaci\u00f3: Per quina porta entrar\u00e0 la meva filla? A quina hora obren les portes al mat\u00ed? I a les tardes? Quins dies s\u00f3n els festius a Girona? La jornada continuada a quin dia de juny comen\u00e7a?<\/p>\n","protected":false},"author":1,"featured_media":0,"parent":22,"menu_order":50,"comment_status":"closed","ping_status":"closed","template":"","meta":{"_bbp_topic_count":0,"_bbp_reply_count":0,"_bbp_total_topic_count":0,"_bbp_total_reply_count":0,"_bbp_voice_count":0,"_bbp_anonymous_reply_count":0,"_bbp_topic_count_hidden":0,"_bbp_reply_count_hidden":0,"_bbp_forum_subforum_count":0,"site-sidebar-layout":"no-sidebar","site-content-layout":"","ast-site-content-layout":"default","site-content-style":"default","site-sidebar-style":"default","ast-global-header-display":"","ast-banner-title-visibility":"","ast-main-header-display":"","ast-hfb-above-header-display":"","ast-hfb-below-header-display":"","ast-hfb-mobile-header-display":"","site-post-title":"","ast-breadcrumbs-content":"","ast-featured-img":"","footer-sml-layout":"","theme-transparent-header-meta":"","adv-header-id-meta":"","stick-header-meta":"","header-above-stick-meta":"","header-main-stick-meta":"","header-below-stick-meta":"","astra-migrate-meta-layouts":"set","ast-page-background-enabled":"default","ast-page-background-meta":{"desktop":{"background-color":"var(--ast-global-color-4)","background-image":"","background-repeat":"repeat","background-position":"center center","background-size":"auto","background-attachment":"scroll","background-type":"","background-media":"","overlay-type":"","overlay-color":"","overlay-opacity":"","overlay-gradient":""},"tablet":{"background-color":"","background-image":"","background-repeat":"repeat","background-position":"center center","background-size":"auto","background-attachment":"scroll","background-type":"","background-media":"","overlay-type":"","overlay-color":"","overlay-opacity":"","overlay-gradient":""},"mobile":{"background-color":"","background-image":"","background-repeat":"repeat","background-position":"center center","background-size":"auto","background-attachment":"scroll","background-type":"","background-media":"","overlay-type":"","overlay-color":"","overlay-opacity":"","overlay-gradient":""}},"ast-content-background-meta":{"desktop":{"background-color":"var(--ast-global-color-5)","background-image":"","background-repeat":"repeat","background-position":"center center","background-size":"auto","background-attachment":"scroll","background-type":"","background-media":"","overlay-type":"","overlay-color":"","overlay-opacity":"","overlay-gradient":""},"tablet":{"background-color":"var(--ast-global-color-5)","background-image":"","background-repeat":"repeat","background-position":"center center","background-size":"auto","background-attachment":"scroll","background-type":"","background-media":"","overlay-type":"","overlay-color":"","overlay-opacity":"","overlay-gradient":""},"mobile":{"background-color":"var(--ast-global-color-5)","background-image":"","background-repeat":"repeat","background-position":"center center","background-size":"auto","background-attachment":"scroll","background-type":"","background-media":"","overlay-type":"","overlay-color":"","overlay-opacity":"","overlay-gradient":""}},"footnotes":""},"class_list":["post-32","page","type-page","status-publish","hentry"],"post_mailing_queue_ids":[],"_links":{"self":[{"href":"https:\/\/agora.xtec.cat\/esc-pericot\/wp-json\/wp\/v2\/pages\/32","targetHints":{"allow":["GET"]}}],"collection":[{"href":"https:\/\/agora.xtec.cat\/esc-pericot\/wp-json\/wp\/v2\/pages"}],"about":[{"href":"https:\/\/agora.xtec.cat\/esc-pericot\/wp-json\/wp\/v2\/types\/page"}],"author":[{"embeddable":true,"href":"https:\/\/agora.xtec.cat\/esc-pericot\/wp-json\/wp\/v2\/users\/1"}],"replies":[{"embeddable":true,"href":"https:\/\/agora.xtec.cat\/esc-pericot\/wp-json\/wp\/v2\/comments?post=32"}],"version-history":[{"count":6,"href":"https:\/\/agora.xtec.cat\/esc-pericot\/wp-json\/wp\/v2\/pages\/32\/revisions"}],"predecessor-version":[{"id":11427,"href":"https:\/\/agora.xtec.cat\/esc-pericot\/wp-json\/wp\/v2\/pages\/32\/revisions\/11427"}],"up":[{"embeddable":true,"href":"https:\/\/agora.xtec.cat\/esc-pericot\/wp-json\/wp\/v2\/pages\/22"}],"wp:attachment":[{"href":"https:\/\/agora.xtec.cat\/esc-pericot\/wp-json\/wp\/v2\/media?parent=32"}],"curies":[{"name":"wp","href":"https:\/\/api.w.org\/{rel}","templated":true}]}}

<p>Com ens organitzem? Aquí hi trobareu la informació:</p>



<p style="padding-top:var(--wp--preset--spacing--30);padding-bottom:var(--wp--preset--spacing--30)">Per quina porta entrarà la meva filla? A quina hora obren les portes al matí? I a les tardes? Quins dies són els festius a Girona? La jornada continuada a quin dia de juny comença?</p>



<hr class="wp-block-separator has-alpha-channel-opacity"/>



<div class="wp-block-media-text has-media-on-the-right is-stacked-on-mobile has-medium-font-size" style="margin-top:var(--wp--preset--spacing--20);margin-right:0;margin-bottom:var(--wp--preset--spacing--20);margin-left:0;padding-top:0;padding-right:var(--wp--preset--spacing--80);padding-bottom:0;padding-left:var(--wp--preset--spacing--80);grid-template-columns:auto 37%"><div class="wp-block-media-text__content">
<div class="wp-block-group has-border-color is-layout-constrained wp-container-core-group-is-layout-1 wp-block-group-is-layout-constrained" style="border-color:var(--ast-global-color-0);border-radius:15px;min-height:0px;margin-top:var(--wp--preset--spacing--50);margin-bottom:var(--wp--preset--spacing--50);padding-top:var(--wp--preset--spacing--40);padding-right:var(--wp--preset--spacing--30);padding-bottom:var(--wp--preset--spacing--40);padding-left:var(--wp--preset--spacing--30)">
<p><strong>HORARIS D&#8217;ENTRADA</strong></p>



<p><strong>Matí</strong>: de les 8:55 a les 9:05 (tancament)<br><strong>Tarda</strong>: a les 15:00.</p>
</div>



<div class="wp-block-group has-border-color is-vertical is-layout-flex wp-container-core-group-is-layout-2 wp-block-group-is-layout-flex" style="border-color:var(--ast-global-color-0);border-radius:15px;padding-top:var(--wp--preset--spacing--30);padding-right:var(--wp--preset--spacing--30);padding-bottom:var(--wp--preset--spacing--30);padding-left:var(--wp--preset--spacing--30)">
<p><strong>HORARI SORTIDES</strong><br>PRIMÀRIA<br><strong>Matí</strong>: 12:30<br><strong>Tarda</strong>: 16:30<br><br>INFANTIL<br><strong>Matí</strong>: 12:30<br><strong>Tarda</strong>: 16:25<br>*per als dies d’horari intensiu vegeu el calendari del curs.</p>
</div>



<div style="height:17px" aria-hidden="true" class="wp-block-spacer"></div>



<div class="wp-block-group has-border-color is-layout-constrained wp-container-core-group-is-layout-3 wp-block-group-is-layout-constrained" style="border-color:var(--ast-global-color-0);border-radius:15px;margin-top:0;margin-bottom:0;padding-top:var(--wp--preset--spacing--30);padding-right:var(--wp--preset--spacing--30);padding-bottom:var(--wp--preset--spacing--30);padding-left:var(--wp--preset--spacing--30)">
<p><strong>ACCESSOS</strong></p>



<ul style="padding-top:0;padding-right:var(--wp--preset--spacing--50);padding-bottom:0;padding-left:var(--wp--preset--spacing--50)" class="wp-block-list">
<li>INFANTIL: entrada pel parc de la pedra</li>



<li>PRIMÀRIA  porta principal, carrer Tuyet i Santamaria</li>
</ul>
</div>
</div><figure class="wp-block-media-text__media"><a href="https://agora.xtec.cat/esc-pericot/wp-content/uploads/usu807/2025/07/CALENDARI-CURS-20252026.jpg"><img loading="lazy" decoding="async" width="724" height="1024" src="https://agora.xtec.cat/esc-pericot/wp-content/uploads/usu807/2025/07/CALENDARI-CURS-20252026-724x1024.jpg" alt="" class="wp-image-10567 size-full" srcset="https://agora.xtec.cat/esc-pericot/wp-content/uploads/usu807/2025/07/CALENDARI-CURS-20252026-724x1024.jpg 724w, https://agora.xtec.cat/esc-pericot/wp-content/uploads/usu807/2025/07/CALENDARI-CURS-20252026-212x300.jpg 212w, https://agora.xtec.cat/esc-pericot/wp-content/uploads/usu807/2025/07/CALENDARI-CURS-20252026-768x1086.jpg 768w, https://agora.xtec.cat/esc-pericot/wp-content/uploads/usu807/2025/07/CALENDARI-CURS-20252026-1086x1536.jpg 1086w, https://agora.xtec.cat/esc-pericot/wp-content/uploads/usu807/2025/07/CALENDARI-CURS-20252026.jpg 1241w" sizes="auto, (max-width: 724px) 100vw, 724px" /></a></figure></div>



<p></p>

<p>Com ens organitzem? Aquí hi trobareu la informació: Per quina porta entrarà la meva filla? A quina hora obren les portes al matí? I a les tardes? Quins dies són els festius a Girona? La jornada continuada a quin dia de juny comença?</p>
