{"id":22,"date":"2014-09-18T12:19:57","date_gmt":"2014-09-18T11:19:57","guid":{"rendered":"http:\/\/agora.xtec.cat\/esc-pericot\/?page_id=22"},"modified":"2025-09-07T17:03:58","modified_gmt":"2025-09-07T15:03:58","slug":"lescola","status":"publish","type":"page","link":"https:\/\/agora.xtec.cat\/esc-pericot\/lescola\/","title":{"rendered":"Qui som?"},"content":{"rendered":"\n<p>Aquesta secci\u00f3  cont\u00e9 diferents p\u00e0gines a les quals podeu accedir-hi des del men\u00fa. Hi trobareu les seg\u00fcents informacions:<\/p>\n\n\n\n<ul class=\"wp-block-list\">\n<li>El context i la l\u00ednia pedag\u00f2gica de la nostra escola. Ho trobareu en aquesta mateixa p\u00e0gina\n<ul class=\"wp-block-list\">\n<li>Context<\/li>\n\n\n\n<li>Qu\u00e8 ens diferencia?<\/li>\n\n\n\n<li>Eixos vertebradors del Projecte Educatiu<\/li>\n<\/ul>\n<\/li>\n\n\n\n<li>Els representants de l&#8217;escola i l&#8217;Ampa que formen el consell escolar.<\/li>\n\n\n\n<li>El calendari del curs amb horaris, dies lectius, festes i dies de lliure disposici\u00f3. El podreu descarregar en format PDF. Tamb\u00e9 hi trobareu informaci\u00f3 sobre l&#8217;adaptaci\u00f3 dels alumnes de&nbsp; P3<\/li>\n\n\n\n<li>El material i quotes escolars.<\/li>\n\n\n\n<li>Informacions referides a la salut (medicaments, al\u00b7l\u00e8rgies).<\/li>\n<\/ul>\n\n\n\n<ul class=\"wp-block-list\">\n<li><\/li>\n<\/ul>\n\n\n\n<h2 class=\"wp-block-heading\">Context<\/h2>\n\n\n\n<p>L\u2019escola Pericot va ser creada el curs 2006-2007. Actualment, el nostre empla\u00e7ament est\u00e0 ubicat al carrer Andreu Tuyet Santamaria, 35 de Girona, en un edifici que es va inaugurar el setembre del 2013,&nbsp; ja que des dels seus inicis l\u2019escola es trobava en m\u00f2duls prefabricats al carrer Riera de Mus n\u00famero 19.<br>La zona d\u2019influ\u00e8ncia de l\u2019escola Pericot \u00e9s el barri de Montilivi, amb un entorn social i cultural mitj\u00e0.<br>Inicialment, a causa de no tenir els cursos plens, ens arribaven alumnes de tots els sectors de Girona, per\u00f2 ja fa uns anys que la matr\u00edcula es va anar normalitzant, i van pujant els cursos plens des de P3 i amb un alumnat propi de la zona.<\/p>\n\n\n\n<div class=\"wp-block-getwid-section alignfull alignfull getwid-section-content-full-width\"><div class=\"wp-block-getwid-section__wrapper getwid-padding-left-medium getwid-padding-right-medium\"><div class=\"wp-block-getwid-section__inner-wrapper\"><div class=\"wp-block-getwid-section__background-holder\"><div class=\"wp-block-getwid-section__background\"><\/div><div class=\"wp-block-getwid-section__foreground\"><\/div><\/div><div class=\"wp-block-getwid-section__content\"><div class=\"wp-block-getwid-section__inner-content\">\n<h2 class=\"wp-block-heading has-text-align-left\">Qu\u00e8 ens diferencia? <\/h2>\n\n\n\n<h4 class=\"wp-block-heading\">La l\u00ednia pedag\u00f2gica de l&#8217;Escola pret\u00e9n fonamentar-se en:<\/h4>\n\n\n\n<div class=\"wp-block-group is-layout-constrained wp-block-group-is-layout-constrained\">\n<p>* El treball en equip dels mestres del Centre.<\/p>\n\n\n\n<p>* La integraci\u00f3, perqu\u00e8 t\u00e9 en compte la diversitat dels alumnes i n&#8217;adequa les estrat\u00e8gies i els recursos metodol\u00f2gics.<\/p>\n\n\n\n<p>* La diversitat metodol\u00f2gica, perqu\u00e8 ni mestres ni alumnes som tots iguals. Pretenem adoptar metodologies diverses per tal d\u2019arribar a tots i cadascun dels nostres alumnes, sempre respectant el criteri i l\u2019experi\u00e8ncia i sense imposar models als professorat. Creiem que aix\u00ed \u00e9s com es poden obtenir els millors resultats.<\/p>\n\n\n\n<p>*&nbsp; Basant-se en quatre  grans projectes d&#8217;abast general.<\/p>\n\n\n\n<div class=\"wp-block-getwid-advanced-spacer\" style=\"height:83px\" aria-hidden=\"true\"><\/div>\n<\/div>\n\n\n\n<h3 class=\"wp-block-heading\">Formant part del proc\u00e9s ensenyament-aprenentatge l&#8217;Escola incorpora quatre grans eixos vertebradors del Projecte Educatiu:<\/h3>\n\n\n\n<div class=\"wp-block-getwid-advanced-spacer\" style=\"height:36px\" aria-hidden=\"true\"><\/div>\n\n\n\n<div class=\"wp-block-columns has-2-columns has-medium-font-size is-layout-flex wp-container-core-columns-is-layout-1 wp-block-columns-is-layout-flex\">\n<div class=\"wp-block-column is-layout-flow wp-block-column-is-layout-flow\">\n<div class=\"wp-block-getwid-icon-box has-icon-left has-text-left\"><div style=\"margin-right:30px\" class=\"wp-block-getwid-icon-box__icon-container is-position-top\"><div class=\"wp-block-getwid-icon-box__icon-wrapper has-text-color has-ast-global-color-5-color\" style=\"font-size:60px;padding:0px\"><i class=\"fas fa-music\"><\/i><\/div><\/div><div class=\"wp-block-getwid-icon-box__content\">\n<div class=\"wp-block-getwid-icon alignleft has-layout-framed\"><div class=\"wp-block-getwid-icon__wrapper has-text-color\" style=\"color:#070707;border-radius:32%\"><i class=\"fas fa-palette\"><\/i><\/div><\/div>\n\n\n\n<div class=\"wp-block-getwid-advanced-heading\" style=\"margin-bottom:5px\"><h3 class=\"wp-block-getwid-advanced-heading__content\">l&#8217;Educaci\u00f3 Art\u00edstica.<\/h3><\/div>\n\n\n\n<p>La m\u00fasica i la dansa  i les arts pl\u00e0stiques i visuals<\/p>\n\n\n\n<p><\/p>\n<\/div><\/div>\n\n\n\n<div class=\"wp-block-getwid-icon-box has-icon-left has-text-left\"><div style=\"margin-right:30px\" class=\"wp-block-getwid-icon-box__icon-container is-position-top\"><div class=\"wp-block-getwid-icon-box__icon-wrapper has-text-color has-ast-global-color-5-color\" style=\"font-size:60px;padding:0px\"><i class=\"fab fa-android\"><\/i><\/div><\/div><div class=\"wp-block-getwid-icon-box__content\">\n<div class=\"wp-block-getwid-advanced-heading\" style=\"margin-bottom:5px\"><h3 class=\"wp-block-getwid-advanced-heading__content has-text-color\" style=\"color:#000000\">M\u00f3n digital<\/h3><\/div>\n\n\n\n<p>Les eines tecnol\u00f2giques digitals, les trobem de manera integrada en el treball diari tant a nivell d\u2019alumnat com a nivell de professorat, per tant, podem afirmar que la nostra escola t\u00e9 un \u00fas normalitzat de les TIC i les TAC.<\/p>\n<\/div><\/div>\n<\/div>\n\n\n\n<div class=\"wp-block-column is-layout-flow wp-block-column-is-layout-flow\">\n<div class=\"wp-block-getwid-icon-box has-icon-left has-text-left\"><div style=\"margin-right:30px\" class=\"wp-block-getwid-icon-box__icon-container is-position-top\"><div class=\"wp-block-getwid-icon-box__icon-wrapper has-text-color\" style=\"font-size:60px;padding:0px;color:#070707\"><i class=\"fas fa-chalkboard-teacher\"><\/i><\/div><\/div><div class=\"wp-block-getwid-icon-box__content\">\n<div class=\"wp-block-getwid-advanced-heading\" style=\"margin-bottom:5px\"><h3 class=\"wp-block-getwid-advanced-heading__content\">English<\/h3><\/div>\n\n\n\n<p>Projecte Ling\u00fc\u00edstic que abasta les tres lleng\u00fces.; catal\u00e0 com a llengua vehicular, castell\u00e0 i angl\u00e8s com a tercera llengua.<br><\/p>\n<\/div><\/div>\n\n\n\n<div class=\"wp-block-getwid-icon-box has-icon-left has-text-left\"><div style=\"margin-right:30px\" class=\"wp-block-getwid-icon-box__icon-container is-position-top\"><div class=\"wp-block-getwid-icon-box__icon-wrapper has-text-color has-ast-global-color-5-color\" style=\"font-size:60px;padding:0px\"><i class=\"fas fa-shapes\"><\/i><\/div><\/div><div class=\"wp-block-getwid-icon-box__content\">\n<div class=\"wp-block-getwid-advanced-heading\" style=\"margin-bottom:5px\"><h3 class=\"wp-block-getwid-advanced-heading__content\">Les RODES<\/h3><\/div>\n\n\n\n<p>El treball en petits grups i amb propostes adequades al nivell fa que l&#8217;alumnat i docents ens sentim c\u00f2modes en el proc\u00e9s d&#8217;ensenyament-aprenentatge.<\/p>\n<\/div><\/div>\n<\/div>\n<\/div>\n<\/div><\/div><\/div><\/div><\/div>\n","protected":false},"excerpt":{"rendered":"<p>Aquesta secci\u00f3 cont\u00e9 diferents p\u00e0gines a les quals podeu accedir-hi des del men\u00fa. Hi trobareu les seg\u00fcents informacions: Context L\u2019escola Pericot va ser creada el curs 2006-2007. Actualment, el nostre empla\u00e7ament est\u00e0 ubicat al carrer Andreu Tuyet Santamaria, 35 de Girona, en un edifici que es va inaugurar el setembre del 2013,&nbsp; ja que des [&hellip;]<\/p>\n","protected":false},"author":1,"featured_media":0,"parent":0,"menu_order":0,"comment_status":"closed","ping_status":"closed","template":"","meta":{"_bbp_topic_count":0,"_bbp_reply_count":0,"_bbp_total_topic_count":0,"_bbp_total_reply_count":0,"_bbp_voice_count":0,"_bbp_anonymous_reply_count":0,"_bbp_topic_count_hidden":0,"_bbp_reply_count_hidden":0,"_bbp_forum_subforum_count":0,"site-sidebar-layout":"default","site-content-layout":"","ast-site-content-layout":"default","site-content-style":"default","site-sidebar-style":"default","ast-global-header-display":"","ast-banner-title-visibility":"","ast-main-header-display":"","ast-hfb-above-header-display":"","ast-hfb-below-header-display":"","ast-hfb-mobile-header-display":"","site-post-title":"","ast-breadcrumbs-content":"","ast-featured-img":"","footer-sml-layout":"","theme-transparent-header-meta":"","adv-header-id-meta":"","stick-header-meta":"","header-above-stick-meta":"","header-main-stick-meta":"","header-below-stick-meta":"","astra-migrate-meta-layouts":"set","ast-page-background-enabled":"default","ast-page-background-meta":{"desktop":{"background-color":"var(--ast-global-color-4)","background-image":"","background-repeat":"repeat","background-position":"center center","background-size":"auto","background-attachment":"scroll","background-type":"","background-media":"","overlay-type":"","overlay-color":"","overlay-opacity":"","overlay-gradient":""},"tablet":{"background-color":"","background-image":"","background-repeat":"repeat","background-position":"center center","background-size":"auto","background-attachment":"scroll","background-type":"","background-media":"","overlay-type":"","overlay-color":"","overlay-opacity":"","overlay-gradient":""},"mobile":{"background-color":"","background-image":"","background-repeat":"repeat","background-position":"center center","background-size":"auto","background-attachment":"scroll","background-type":"","background-media":"","overlay-type":"","overlay-color":"","overlay-opacity":"","overlay-gradient":""}},"ast-content-background-meta":{"desktop":{"background-color":"var(--ast-global-color-5)","background-image":"","background-repeat":"repeat","background-position":"center center","background-size":"auto","background-attachment":"scroll","background-type":"","background-media":"","overlay-type":"","overlay-color":"","overlay-opacity":"","overlay-gradient":""},"tablet":{"background-color":"var(--ast-global-color-5)","background-image":"","background-repeat":"repeat","background-position":"center center","background-size":"auto","background-attachment":"scroll","background-type":"","background-media":"","overlay-type":"","overlay-color":"","overlay-opacity":"","overlay-gradient":""},"mobile":{"background-color":"var(--ast-global-color-5)","background-image":"","background-repeat":"repeat","background-position":"center center","background-size":"auto","background-attachment":"scroll","background-type":"","background-media":"","overlay-type":"","overlay-color":"","overlay-opacity":"","overlay-gradient":""}},"footnotes":""},"class_list":["post-22","page","type-page","status-publish","hentry"],"post_mailing_queue_ids":[],"_links":{"self":[{"href":"https:\/\/agora.xtec.cat\/esc-pericot\/wp-json\/wp\/v2\/pages\/22","targetHints":{"allow":["GET"]}}],"collection":[{"href":"https:\/\/agora.xtec.cat\/esc-pericot\/wp-json\/wp\/v2\/pages"}],"about":[{"href":"https:\/\/agora.xtec.cat\/esc-pericot\/wp-json\/wp\/v2\/types\/page"}],"author":[{"embeddable":true,"href":"https:\/\/agora.xtec.cat\/esc-pericot\/wp-json\/wp\/v2\/users\/1"}],"replies":[{"embeddable":true,"href":"https:\/\/agora.xtec.cat\/esc-pericot\/wp-json\/wp\/v2\/comments?post=22"}],"version-history":[{"count":6,"href":"https:\/\/agora.xtec.cat\/esc-pericot\/wp-json\/wp\/v2\/pages\/22\/revisions"}],"predecessor-version":[{"id":10923,"href":"https:\/\/agora.xtec.cat\/esc-pericot\/wp-json\/wp\/v2\/pages\/22\/revisions\/10923"}],"wp:attachment":[{"href":"https:\/\/agora.xtec.cat\/esc-pericot\/wp-json\/wp\/v2\/media?parent=22"}],"curies":[{"name":"wp","href":"https:\/\/api.w.org\/{rel}","templated":true}]}}

<p>Aquesta secció  conté diferents pàgines a les quals podeu accedir-hi des del menú. Hi trobareu les següents informacions:</p>



<ul class="wp-block-list">
<li>El context i la línia pedagògica de la nostra escola. Ho trobareu en aquesta mateixa pàgina
<ul class="wp-block-list">
<li>Context</li>



<li>Què ens diferencia?</li>



<li>Eixos vertebradors del Projecte Educatiu</li>
</ul>
</li>



<li>Els representants de l&#8217;escola i l&#8217;Ampa que formen el consell escolar.</li>



<li>El calendari del curs amb horaris, dies lectius, festes i dies de lliure disposició. El podreu descarregar en format PDF. També hi trobareu informació sobre l&#8217;adaptació dels alumnes de&nbsp; P3</li>



<li>El material i quotes escolars.</li>



<li>Informacions referides a la salut (medicaments, al·lèrgies).</li>
</ul>



<ul class="wp-block-list">
<li></li>
</ul>



<h2 class="wp-block-heading">Context</h2>



<p>L’escola Pericot va ser creada el curs 2006-2007. Actualment, el nostre emplaçament està ubicat al carrer Andreu Tuyet Santamaria, 35 de Girona, en un edifici que es va inaugurar el setembre del 2013,&nbsp; ja que des dels seus inicis l’escola es trobava en mòduls prefabricats al carrer Riera de Mus número 19.<br>La zona d’influència de l’escola Pericot és el barri de Montilivi, amb un entorn social i cultural mitjà.<br>Inicialment, a causa de no tenir els cursos plens, ens arribaven alumnes de tots els sectors de Girona, però ja fa uns anys que la matrícula es va anar normalitzant, i van pujant els cursos plens des de P3 i amb un alumnat propi de la zona.</p>



<div class="wp-block-getwid-section alignfull alignfull getwid-section-content-full-width"><div class="wp-block-getwid-section__wrapper getwid-padding-left-medium getwid-padding-right-medium"><div class="wp-block-getwid-section__inner-wrapper"><div class="wp-block-getwid-section__background-holder"><div class="wp-block-getwid-section__background"></div><div class="wp-block-getwid-section__foreground"></div></div><div class="wp-block-getwid-section__content"><div class="wp-block-getwid-section__inner-content">
<h2 class="wp-block-heading has-text-align-left">Què ens diferencia? </h2>



<h4 class="wp-block-heading">La línia pedagògica de l&#8217;Escola pretén fonamentar-se en:</h4>



<div class="wp-block-group is-layout-constrained wp-block-group-is-layout-constrained">
<p>* El treball en equip dels mestres del Centre.</p>



<p>* La integració, perquè té en compte la diversitat dels alumnes i n&#8217;adequa les estratègies i els recursos metodològics.</p>



<p>* La diversitat metodològica, perquè ni mestres ni alumnes som tots iguals. Pretenem adoptar metodologies diverses per tal d’arribar a tots i cadascun dels nostres alumnes, sempre respectant el criteri i l’experiència i sense imposar models als professorat. Creiem que així és com es poden obtenir els millors resultats.</p>



<p>*&nbsp; Basant-se en quatre  grans projectes d&#8217;abast general.</p>



<div class="wp-block-getwid-advanced-spacer" style="height:83px" aria-hidden="true"></div>
</div>



<h3 class="wp-block-heading">Formant part del procés ensenyament-aprenentatge l&#8217;Escola incorpora quatre grans eixos vertebradors del Projecte Educatiu:</h3>



<div class="wp-block-getwid-advanced-spacer" style="height:36px" aria-hidden="true"></div>



<div class="wp-block-columns has-2-columns has-medium-font-size is-layout-flex wp-container-core-columns-is-layout-1 wp-block-columns-is-layout-flex">
<div class="wp-block-column is-layout-flow wp-block-column-is-layout-flow">
<div class="wp-block-getwid-icon-box has-icon-left has-text-left"><div style="margin-right:30px" class="wp-block-getwid-icon-box__icon-container is-position-top"><div class="wp-block-getwid-icon-box__icon-wrapper has-text-color has-ast-global-color-5-color" style="font-size:60px;padding:0px"><i class="fas fa-music"></i></div></div><div class="wp-block-getwid-icon-box__content">
<div class="wp-block-getwid-icon alignleft has-layout-framed"><div class="wp-block-getwid-icon__wrapper has-text-color" style="color:#070707;border-radius:32%"><i class="fas fa-palette"></i></div></div>



<div class="wp-block-getwid-advanced-heading" style="margin-bottom:5px"><h3 class="wp-block-getwid-advanced-heading__content">l&#8217;Educació Artística.</h3></div>



<p>La música i la dansa  i les arts plàstiques i visuals</p>



<p></p>
</div></div>



<div class="wp-block-getwid-icon-box has-icon-left has-text-left"><div style="margin-right:30px" class="wp-block-getwid-icon-box__icon-container is-position-top"><div class="wp-block-getwid-icon-box__icon-wrapper has-text-color has-ast-global-color-5-color" style="font-size:60px;padding:0px"><i class="fab fa-android"></i></div></div><div class="wp-block-getwid-icon-box__content">
<div class="wp-block-getwid-advanced-heading" style="margin-bottom:5px"><h3 class="wp-block-getwid-advanced-heading__content has-text-color" style="color:#000000">Món digital</h3></div>



<p>Les eines tecnològiques digitals, les trobem de manera integrada en el treball diari tant a nivell d’alumnat com a nivell de professorat, per tant, podem afirmar que la nostra escola té un ús normalitzat de les TIC i les TAC.</p>
</div></div>
</div>



<div class="wp-block-column is-layout-flow wp-block-column-is-layout-flow">
<div class="wp-block-getwid-icon-box has-icon-left has-text-left"><div style="margin-right:30px" class="wp-block-getwid-icon-box__icon-container is-position-top"><div class="wp-block-getwid-icon-box__icon-wrapper has-text-color" style="font-size:60px;padding:0px;color:#070707"><i class="fas fa-chalkboard-teacher"></i></div></div><div class="wp-block-getwid-icon-box__content">
<div class="wp-block-getwid-advanced-heading" style="margin-bottom:5px"><h3 class="wp-block-getwid-advanced-heading__content">English</h3></div>



<p>Projecte Lingüístic que abasta les tres llengües.; català com a llengua vehicular, castellà i anglès com a tercera llengua.<br></p>
</div></div>



<div class="wp-block-getwid-icon-box has-icon-left has-text-left"><div style="margin-right:30px" class="wp-block-getwid-icon-box__icon-container is-position-top"><div class="wp-block-getwid-icon-box__icon-wrapper has-text-color has-ast-global-color-5-color" style="font-size:60px;padding:0px"><i class="fas fa-shapes"></i></div></div><div class="wp-block-getwid-icon-box__content">
<div class="wp-block-getwid-advanced-heading" style="margin-bottom:5px"><h3 class="wp-block-getwid-advanced-heading__content">Les RODES</h3></div>



<p>El treball en petits grups i amb propostes adequades al nivell fa que l&#8217;alumnat i docents ens sentim còmodes en el procés d&#8217;ensenyament-aprenentatge.</p>
</div></div>
</div>
</div>
</div></div></div></div></div>

<p>Aquesta secció conté diferents pàgines a les quals podeu accedir-hi des del menú. Hi trobareu les següents informacions: Context L’escola Pericot va ser creada el curs 2006-2007. Actualment, el nostre emplaçament està ubicat al carrer Andreu Tuyet Santamaria, 35 de Girona, en un edifici que es va inaugurar el setembre del 2013,&nbsp; ja que des [&hellip;]</p>
