{"id":10868,"date":"2025-09-05T13:11:52","date_gmt":"2025-09-05T11:11:52","guid":{"rendered":"https:\/\/agora.xtec.cat\/esc-pericot\/?page_id=10868"},"modified":"2026-02-04T12:18:28","modified_gmt":"2026-02-04T11:18:28","slug":"lescola-qui-som","status":"publish","type":"page","link":"https:\/\/agora.xtec.cat\/esc-pericot\/lescola-qui-som\/","title":{"rendered":"Qui som?"},"content":{"rendered":"\n<p>Som una escola p\u00fablica catalana de Girona. <\/p>\n\n\n\n<p>Us presentem un extracte del qu\u00e8 per a nosaltres \u00e9s l&#8217;Escola Pericot. Tamb\u00e9 en format v\u00eddeo.<\/p>\n\n\n\n<div class=\"wp-block-columns is-layout-flex wp-container-core-columns-is-layout-1 wp-block-columns-is-layout-flex\" style=\"padding-top:var(--wp--preset--spacing--30);padding-bottom:var(--wp--preset--spacing--30)\">\n<div class=\"wp-block-column has-medium-font-size is-layout-flow wp-container-core-column-is-layout-1 wp-block-column-is-layout-flow\" style=\"flex-basis:40%\">\n<figure class=\"wp-block-embed is-type-video is-provider-vimeo wp-block-embed-vimeo wp-embed-aspect-16-9 wp-has-aspect-ratio\"><div class=\"wp-block-embed__wrapper\">\n<div class=\"ast-oembed-container \" style=\"height: 100%;\"><iframe loading=\"lazy\" title=\"ADN PERICOT\" src=\"https:\/\/player.vimeo.com\/video\/1161748195?dnt=1&amp;app_id=122963\" width=\"500\" height=\"281\" frameborder=\"0\" allow=\"autoplay; fullscreen; picture-in-picture; clipboard-write; encrypted-media; web-share\" referrerpolicy=\"strict-origin-when-cross-origin\"><\/iframe><\/div>\n<\/div><\/figure>\n<\/div>\n\n\n\n<div class=\"wp-block-column has-border-color is-layout-flow wp-block-column-is-layout-flow\" style=\"border-color:var(--ast-global-color-0);border-radius:16px;padding-top:var(--wp--preset--spacing--20);padding-right:var(--wp--preset--spacing--60);padding-bottom:var(--wp--preset--spacing--20);padding-left:var(--wp--preset--spacing--60);flex-basis:60%\">\n<div class=\"wp-block-getwid-accordion has-icon-left\" data-active-element=\"none\">\n<div class=\"wp-block-getwid-accordion__header-wrapper\"><span class=\"wp-block-getwid-accordion__header\"><a href=\"#\"><span class=\"wp-block-getwid-accordion__header-title\">Resum del Projecte educatiu<\/span><span class=\"wp-block-getwid-accordion__icon is-active\"><i class=\"fas fa-plus\"><\/i><\/span><span class=\"wp-block-getwid-accordion__icon is-passive\"><i class=\"fas fa-minus\"><\/i><\/span><\/a><\/span><\/div><div class=\"wp-block-getwid-accordion__content-wrapper\"><div class=\"wp-block-getwid-accordion__content\">\n<p>La finalitat de l\u2019escola \u00e9s educar de manera integral als infants perqu\u00e8 visquin en societat i esdevinguin uns ciutadans competents i amb uns valors socials i \u00e8tics en un m\u00f3n globalitzat.<\/p>\n\n\n\n<p>El nostre prop\u00f2sit \u00e9s educar els alumnes perqu\u00e8 desenvolupin una s\u00e8rie de capacitats, habilitats i coneixements que els permeti adaptar-se als canvis socials i transformar de manera cr\u00edtica la nostra comunitat.<\/p>\n\n\n\n<p>El nostre projecte ent\u00e9n l\u2019ensenyament i aprenentatge com un proc\u00e9s viu, din\u00e0mic i motivador, on els alumnes s\u00f3n el centre de l\u2019acci\u00f3 educativa. Per\u00f2, com es trasllada aix\u00f2 a l\u2019aula? Quina \u00e9s la base del treball de l\u2019Escola Pericot?<\/p>\n\n\n\n<p>El nostre enfocament metodol\u00f2gic contempla:<\/p>\n\n\n\n<ul class=\"wp-block-list\">\n<li>El <strong>Treball Globalitzat Pericot<\/strong>, un recull de metodologies que abra\u00e7a diferents maneres d\u2019aprendre, que busca connexions entre els diversos sabers, que t\u00e9 en compte les necessitats de l\u2019alumnat i que permet connectar el m\u00f3n real amb la vida d\u2019aula.<\/li>\n\n\n\n<li>El treball per <strong>Rodes<\/strong>, per dur a terme un treball sistem\u00e0tic i multinivell en petits grups heterogenis. Aix\u00f2 permet atendre la diversitat, ja que hi ha m\u00e9s d\u2019un mestre a l\u2019aula fent codod\u00e8ncia.<\/li>\n\n\n\n<li>Els <strong>Tallers<\/strong>, que permeten un treball en grups redu\u00efts on els infants indaguen, investiguen i exploren d\u2019una manera m\u00e9s manipulativa, l\u00fadica i vivencial.<\/li>\n<\/ul>\n\n\n\n<ul class=\"wp-block-list\">\n<li>El <strong>Projecte d\u2019English<\/strong>, que pret\u00e9n potenciar l\u2019aprenentatge de l\u2019angl\u00e8s de manera l\u00fadica i natural amb sessions d\u2019speaking, per desenvolupar la comunicaci\u00f3 oral.<\/li>\n\n\n\n<li>El <strong>Projecte Art\u00edstic<\/strong>, amb disciplines com la m\u00fasica, la dansa o l\u2019expressi\u00f3 pl\u00e0stica, que fomenta l\u2019observaci\u00f3, l\u2019expressi\u00f3 corporal i la creativitat.<\/li>\n\n\n\n<li>El <strong>M\u00f3n Digital<\/strong>, que permet preparar els alumnes per una societat tecnificada amb l\u2019objectiu de dotar-los de coneixements transferibles i potenciar el pensament computacional.<\/li>\n\n\n\n<li>L\u2019<strong>Educaci\u00f3 Emocional<\/strong>,que pret\u00e9n donar eines per a la gesti\u00f3 emocional i a la regulaci\u00f3 de la pr\u00f2pia conducta. Compr\u00e8n el programa Escolta\u2019m i les Assemblees generals i de delegats.<\/li>\n<\/ul>\n\n\n\n<p>Aquests s\u00f3n els pilars de l\u2019Escola Pericot. La funci\u00f3 de l\u2019equip docent \u00e9s la d\u2019ajudar i guiar els alumnes en aquest proc\u00e9s d\u2019ensenyament i aprenentatge perqu\u00e8 esdevinguin ciutadans cr\u00edtics i aut\u00f2noms.<\/p>\n\n\n\n<p>Volem aconseguir que els alumnes puguin aprendre de l\u2019error i siguin conscients del paper de l\u2019avaluaci\u00f3 per saber on s\u00f3n i on volen arribar.<\/p>\n<\/div><\/div>\n<\/div>\n<\/div>\n<\/div>\n\n\n\n<hr class=\"wp-block-separator has-alpha-channel-opacity\" style=\"margin-top:var(--wp--preset--spacing--30);margin-bottom:var(--wp--preset--spacing--30)\"\/>\n\n\n\n<div class=\"wp-block-columns is-layout-flex wp-container-core-columns-is-layout-2 wp-block-columns-is-layout-flex\">\n<div class=\"wp-block-column has-border-color has-ast-global-color-0-border-color is-layout-flow wp-block-column-is-layout-flow\" style=\"border-width:3px;border-radius:15px\">\n<div class=\"wp-block-getwid-icon-box has-text-center\"><div class=\"wp-block-getwid-icon-box__icon-container is-position-top\"><div class=\"wp-block-getwid-icon-box__icon-wrapper\"><i class=\"fas fa-graduation-cap\"><\/i><\/div><\/div><div class=\"wp-block-getwid-icon-box__content\">\n<h3 class=\"wp-block-heading\">Equip docent<\/h3>\n\n\n\n<div class=\"wp-block-buttons is-content-justification-center is-layout-flex wp-container-core-buttons-is-layout-1 wp-block-buttons-is-layout-flex\">\n<div class=\"wp-block-button\"><a class=\"wp-block-button__link wp-element-button\" href=\"https:\/\/agora.xtec.cat\/esc-pericot\/lescola\/comunitat-educativa-2018-2019\/\">Clica aqu\u00ed<\/a><\/div>\n<\/div>\n<\/div><\/div>\n<\/div>\n\n\n\n<div class=\"wp-block-column has-border-color has-ast-global-color-0-border-color is-layout-flow wp-block-column-is-layout-flow\" style=\"border-width:3px;border-radius:15px\">\n<div class=\"wp-block-getwid-icon-box has-text-center\"><div class=\"wp-block-getwid-icon-box__icon-container is-position-top\"><div class=\"wp-block-getwid-icon-box__icon-wrapper\"><i class=\"fas fa-users\"><\/i><\/div><\/div><div class=\"wp-block-getwid-icon-box__content\">\n<h3 class=\"wp-block-heading\">Consell escolar<\/h3>\n\n\n\n<div class=\"wp-block-buttons is-content-justification-center is-layout-flex wp-container-core-buttons-is-layout-2 wp-block-buttons-is-layout-flex\" style=\"margin-top:10px;margin-bottom:10px\">\n<div class=\"wp-block-button\"><a class=\"wp-block-button__link wp-element-button\" href=\"https:\/\/agora.xtec.cat\/esc-pericot\/lescola\/consell-escolar\/\">Clica aqu\u00ed<\/a><\/div>\n<\/div>\n<\/div><\/div>\n<\/div>\n<\/div>\n","protected":false},"excerpt":{"rendered":"<p>Som una escola p\u00fablica catalana de Girona. Us presentem un extracte del qu\u00e8 per a nosaltres \u00e9s l&#8217;Escola Pericot. Tamb\u00e9 en format v\u00eddeo.<\/p>\n","protected":false},"author":1,"featured_media":0,"parent":0,"menu_order":0,"comment_status":"closed","ping_status":"close","template":"","meta":{"_bbp_topic_count":0,"_bbp_reply_count":0,"_bbp_total_topic_count":0,"_bbp_total_reply_count":0,"_bbp_voice_count":0,"_bbp_anonymous_reply_count":0,"_bbp_topic_count_hidden":0,"_bbp_reply_count_hidden":0,"_bbp_forum_subforum_count":0,"site-sidebar-layout":"no-sidebar","site-content-layout":"","ast-site-content-layout":"default","site-content-style":"default","site-sidebar-style":"default","ast-global-header-display":"","ast-banner-title-visibility":"","ast-main-header-display":"","ast-hfb-above-header-display":"","ast-hfb-below-header-display":"","ast-hfb-mobile-header-display":"","site-post-title":"","ast-breadcrumbs-content":"","ast-featured-img":"","footer-sml-layout":"","theme-transparent-header-meta":"","adv-header-id-meta":"","stick-header-meta":"","header-above-stick-meta":"","header-main-stick-meta":"","header-below-stick-meta":"","astra-migrate-meta-layouts":"set","ast-page-background-enabled":"default","ast-page-background-meta":{"desktop":{"background-color":"var(--ast-global-color-4)","background-image":"","background-repeat":"repeat","background-position":"center center","background-size":"auto","background-attachment":"scroll","background-type":"","background-media":"","overlay-type":"","overlay-color":"","overlay-opacity":"","overlay-gradient":""},"tablet":{"background-color":"","background-image":"","background-repeat":"repeat","background-position":"center center","background-size":"auto","background-attachment":"scroll","background-type":"","background-media":"","overlay-type":"","overlay-color":"","overlay-opacity":"","overlay-gradient":""},"mobile":{"background-color":"","background-image":"","background-repeat":"repeat","background-position":"center center","background-size":"auto","background-attachment":"scroll","background-type":"","background-media":"","overlay-type":"","overlay-color":"","overlay-opacity":"","overlay-gradient":""}},"ast-content-background-meta":{"desktop":{"background-color":"var(--ast-global-color-5)","background-image":"","background-repeat":"repeat","background-position":"center center","background-size":"auto","background-attachment":"scroll","background-type":"","background-media":"","overlay-type":"","overlay-color":"","overlay-opacity":"","overlay-gradient":""},"tablet":{"background-color":"var(--ast-global-color-5)","background-image":"","background-repeat":"repeat","background-position":"center center","background-size":"auto","background-attachment":"scroll","background-type":"","background-media":"","overlay-type":"","overlay-color":"","overlay-opacity":"","overlay-gradient":""},"mobile":{"background-color":"var(--ast-global-color-5)","background-image":"","background-repeat":"repeat","background-position":"center center","background-size":"auto","background-attachment":"scroll","background-type":"","background-media":"","overlay-type":"","overlay-color":"","overlay-opacity":"","overlay-gradient":""}},"footnotes":""},"class_list":["post-10868","page","type-page","status-publish","hentry"],"post_mailing_queue_ids":[],"_links":{"self":[{"href":"https:\/\/agora.xtec.cat\/esc-pericot\/wp-json\/wp\/v2\/pages\/10868","targetHints":{"allow":["GET"]}}],"collection":[{"href":"https:\/\/agora.xtec.cat\/esc-pericot\/wp-json\/wp\/v2\/pages"}],"about":[{"href":"https:\/\/agora.xtec.cat\/esc-pericot\/wp-json\/wp\/v2\/types\/page"}],"author":[{"embeddable":true,"href":"https:\/\/agora.xtec.cat\/esc-pericot\/wp-json\/wp\/v2\/users\/1"}],"replies":[{"embeddable":true,"href":"https:\/\/agora.xtec.cat\/esc-pericot\/wp-json\/wp\/v2\/comments?post=10868"}],"version-history":[{"count":6,"href":"https:\/\/agora.xtec.cat\/esc-pericot\/wp-json\/wp\/v2\/pages\/10868\/revisions"}],"predecessor-version":[{"id":11895,"href":"https:\/\/agora.xtec.cat\/esc-pericot\/wp-json\/wp\/v2\/pages\/10868\/revisions\/11895"}],"wp:attachment":[{"href":"https:\/\/agora.xtec.cat\/esc-pericot\/wp-json\/wp\/v2\/media?parent=10868"}],"curies":[{"name":"wp","href":"https:\/\/api.w.org\/{rel}","templated":true}]}}

<p>Som una escola pública catalana de Girona. </p>



<p>Us presentem un extracte del què per a nosaltres és l&#8217;Escola Pericot. També en format vídeo.</p>



<div class="wp-block-columns is-layout-flex wp-container-core-columns-is-layout-1 wp-block-columns-is-layout-flex" style="padding-top:var(--wp--preset--spacing--30);padding-bottom:var(--wp--preset--spacing--30)">
<div class="wp-block-column has-medium-font-size is-layout-flow wp-container-core-column-is-layout-1 wp-block-column-is-layout-flow" style="flex-basis:40%">
<figure class="wp-block-embed is-type-video is-provider-vimeo wp-block-embed-vimeo wp-embed-aspect-16-9 wp-has-aspect-ratio"><div class="wp-block-embed__wrapper">
<div class="ast-oembed-container " style="height: 100%;"><iframe loading="lazy" title="ADN PERICOT" src="https://player.vimeo.com/video/1161748195?dnt=1&amp;app_id=122963" width="500" height="281" frameborder="0" allow="autoplay; fullscreen; picture-in-picture; clipboard-write; encrypted-media; web-share" referrerpolicy="strict-origin-when-cross-origin"></iframe></div>
</div></figure>
</div>



<div class="wp-block-column has-border-color is-layout-flow wp-block-column-is-layout-flow" style="border-color:var(--ast-global-color-0);border-radius:16px;padding-top:var(--wp--preset--spacing--20);padding-right:var(--wp--preset--spacing--60);padding-bottom:var(--wp--preset--spacing--20);padding-left:var(--wp--preset--spacing--60);flex-basis:60%">
<div class="wp-block-getwid-accordion has-icon-left" data-active-element="none">
<div class="wp-block-getwid-accordion__header-wrapper"><span class="wp-block-getwid-accordion__header"><a href="#"><span class="wp-block-getwid-accordion__header-title">Resum del Projecte educatiu</span><span class="wp-block-getwid-accordion__icon is-active"><i class="fas fa-plus"></i></span><span class="wp-block-getwid-accordion__icon is-passive"><i class="fas fa-minus"></i></span></a></span></div><div class="wp-block-getwid-accordion__content-wrapper"><div class="wp-block-getwid-accordion__content">
<p>La finalitat de l’escola és educar de manera integral als infants perquè visquin en societat i esdevinguin uns ciutadans competents i amb uns valors socials i ètics en un món globalitzat.</p>



<p>El nostre propòsit és educar els alumnes perquè desenvolupin una sèrie de capacitats, habilitats i coneixements que els permeti adaptar-se als canvis socials i transformar de manera crítica la nostra comunitat.</p>



<p>El nostre projecte entén l’ensenyament i aprenentatge com un procés viu, dinàmic i motivador, on els alumnes són el centre de l’acció educativa. Però, com es trasllada això a l’aula? Quina és la base del treball de l’Escola Pericot?</p>



<p>El nostre enfocament metodològic contempla:</p>



<ul class="wp-block-list">
<li>El <strong>Treball Globalitzat Pericot</strong>, un recull de metodologies que abraça diferents maneres d’aprendre, que busca connexions entre els diversos sabers, que té en compte les necessitats de l’alumnat i que permet connectar el món real amb la vida d’aula.</li>



<li>El treball per <strong>Rodes</strong>, per dur a terme un treball sistemàtic i multinivell en petits grups heterogenis. Això permet atendre la diversitat, ja que hi ha més d’un mestre a l’aula fent cododència.</li>



<li>Els <strong>Tallers</strong>, que permeten un treball en grups reduïts on els infants indaguen, investiguen i exploren d’una manera més manipulativa, lúdica i vivencial.</li>
</ul>



<ul class="wp-block-list">
<li>El <strong>Projecte d’English</strong>, que pretén potenciar l’aprenentatge de l’anglès de manera lúdica i natural amb sessions d’speaking, per desenvolupar la comunicació oral.</li>



<li>El <strong>Projecte Artístic</strong>, amb disciplines com la música, la dansa o l’expressió plàstica, que fomenta l’observació, l’expressió corporal i la creativitat.</li>



<li>El <strong>Món Digital</strong>, que permet preparar els alumnes per una societat tecnificada amb l’objectiu de dotar-los de coneixements transferibles i potenciar el pensament computacional.</li>



<li>L’<strong>Educació Emocional</strong>,que pretén donar eines per a la gestió emocional i a la regulació de la pròpia conducta. Comprèn el programa Escolta’m i les Assemblees generals i de delegats.</li>
</ul>



<p>Aquests són els pilars de l’Escola Pericot. La funció de l’equip docent és la d’ajudar i guiar els alumnes en aquest procés d’ensenyament i aprenentatge perquè esdevinguin ciutadans crítics i autònoms.</p>



<p>Volem aconseguir que els alumnes puguin aprendre de l’error i siguin conscients del paper de l’avaluació per saber on són i on volen arribar.</p>
</div></div>
</div>
</div>
</div>



<hr class="wp-block-separator has-alpha-channel-opacity" style="margin-top:var(--wp--preset--spacing--30);margin-bottom:var(--wp--preset--spacing--30)"/>



<div class="wp-block-columns is-layout-flex wp-container-core-columns-is-layout-2 wp-block-columns-is-layout-flex">
<div class="wp-block-column has-border-color has-ast-global-color-0-border-color is-layout-flow wp-block-column-is-layout-flow" style="border-width:3px;border-radius:15px">
<div class="wp-block-getwid-icon-box has-text-center"><div class="wp-block-getwid-icon-box__icon-container is-position-top"><div class="wp-block-getwid-icon-box__icon-wrapper"><i class="fas fa-graduation-cap"></i></div></div><div class="wp-block-getwid-icon-box__content">
<h3 class="wp-block-heading">Equip docent</h3>



<div class="wp-block-buttons is-content-justification-center is-layout-flex wp-container-core-buttons-is-layout-1 wp-block-buttons-is-layout-flex">
<div class="wp-block-button"><a class="wp-block-button__link wp-element-button" href="https://agora.xtec.cat/esc-pericot/lescola/comunitat-educativa-2018-2019/">Clica aquí</a></div>
</div>
</div></div>
</div>



<div class="wp-block-column has-border-color has-ast-global-color-0-border-color is-layout-flow wp-block-column-is-layout-flow" style="border-width:3px;border-radius:15px">
<div class="wp-block-getwid-icon-box has-text-center"><div class="wp-block-getwid-icon-box__icon-container is-position-top"><div class="wp-block-getwid-icon-box__icon-wrapper"><i class="fas fa-users"></i></div></div><div class="wp-block-getwid-icon-box__content">
<h3 class="wp-block-heading">Consell escolar</h3>



<div class="wp-block-buttons is-content-justification-center is-layout-flex wp-container-core-buttons-is-layout-2 wp-block-buttons-is-layout-flex" style="margin-top:10px;margin-bottom:10px">
<div class="wp-block-button"><a class="wp-block-button__link wp-element-button" href="https://agora.xtec.cat/esc-pericot/lescola/consell-escolar/">Clica aquí</a></div>
</div>
</div></div>
</div>
</div>

<p>Som una escola pública catalana de Girona. Us presentem un extracte del què per a nosaltres és l&#8217;Escola Pericot. També en format vídeo.</p>
