{"id":28,"date":"2014-09-18T12:29:35","date_gmt":"2014-09-18T11:29:35","guid":{"rendered":"http:\/\/agora.xtec.cat\/esc-pauvilabcn\/?page_id=28"},"modified":"2023-12-04T10:11:37","modified_gmt":"2023-12-04T09:11:37","slug":"consell-escolar","status":"publish","type":"page","link":"https:\/\/agora.xtec.cat\/esc-pauvilabcn\/lescola\/consell-escolar\/","title":{"rendered":"Consell escolar"},"content":{"rendered":"<h3><strong>Composici\u00f3 del Consell Escolar<\/strong><\/h3>\n<p>&nbsp;<\/p>\n<p><strong>Representants sector mares\/pares<\/strong>:\u00a0 Xavier Dom\u00e8nech, Andrea Pino, Roger Cabr\u00e9 , Belinda Montes i Lidia Carbonell.<\/p>\n<p><strong>Representants sector professors\/es<\/strong>: Edgard Ferr\u00e9, J\u00falia Latorre, Elsa Escolano, Zaida Palau, Montse Perellon i Juan Lirio.<\/p>\n<p><strong>Representant sector AFA<\/strong>: Adriana Valls.<\/p>\n<p><strong>Representant sector PAS<\/strong> :\u00a0 Carla Mar\u00edn<\/p>\n<p><strong>Representant Municipal<\/strong> : Elena Mas.<\/p>\n<p><strong>Equip directiu<\/strong> :\u00a0 <strong>Director<\/strong> ; Llu\u00eds Garcia Mur, <strong>Cap d&#8217;estudis:<\/strong> Anna Delgado de Molina i <strong>Secretari acad\u00e8mic : <\/strong>Hugo P\u00e9rez-Porro.<\/p>\n<h4><strong>Composici\u00f3 de les Comissions<\/strong><\/h4>\n<p><u>Temps de migdia<\/u><strong>: <\/strong><\/p>\n<p>Representants de fam\u00edlies: Belinda Montes (Consell escolar),\u00a0 Marta Pinazo i \u00a0M\u00f2nica Tom\u00e9 Representat de l&#8217;empresa de menjador : Ivan Casar i\u00a0 Coordinadora del temps de migdia: Vanesa Quintana\u00a0 i Llu\u00eds Mur (director) i Hugo P\u00e9rez-Porro (secretari acad\u00e8mic)<\/p>\n<p><u>Comissi\u00f3 econ\u00f2mica:<\/u><\/p>\n<p>Xavi Dom\u00e8nech com a representant sector pares i mares del consell escolar, Elena Mas com a representant municipal i Llu\u00eds Mur (director) i Hugo P\u00e9rez-Porro (secretari acad\u00e8mic)<\/p>\n<p><u>Comissi\u00f3 de conviv\u00e8ncia i comissi\u00f3 IDI<\/u><\/p>\n<p>&#8230;&#8230;.\u00a0com a representant sector pares i mares del consell escolar, Llu\u00eds Mur, director i Anna Delgado de Molina com a\u00a0 cap d\u2019estudis i J\u00falia Latorre com a representant de mestres<\/p>\n<p><u>Comissi\u00f3 de cam\u00ed escolar<\/u>:<\/p>\n<p>Jordi Garc\u00eda, com\u00a0 representants de pares i mares i Lluis Mur director<\/p>\n<p>&nbsp;<\/p>\n","protected":false},"excerpt":{"rendered":"<p>Composici\u00f3 del Consell Escolar<br \/>\n&nbsp;<br \/>\nRepresentants sector mares\/pares:\u00a0 Xavier Dom\u00e8nech, Andrea Pino, Roger Cabr\u00e9 , Belinda Montes i Lidia Carbonell.<br \/>\nRepresentants sector professors\/es: Edgard Ferr\u00e9, J\u00falia Latorre, Elsa Escolano, Zaida Palau, Montse Perellon i Juan Lirio.<br \/>\nRepresentant sector AFA: Adriana Valls.<br \/>\nRepresentant sector PAS :\u00a0 Carla Mar\u00edn<br \/>\nRepresentant Municipal : Elena&hellip;  <a href=\"https:\/\/agora.xtec.cat\/esc-pauvilabcn\/lescola\/consell-escolar\/\" title=\"Read Consell escolar\">Llegeix m\u00e9s\u00bb<\/a><\/p>\n","protected":false},"author":1,"featured_media":0,"parent":22,"menu_order":30,"comment_status":"closed","ping_status":"closed","template":"page-templates\/side-menu.php","meta":{"_bbp_topic_count":0,"_bbp_reply_count":0,"_bbp_total_topic_count":0,"_bbp_total_reply_count":0,"_bbp_voice_count":0,"_bbp_anonymous_reply_count":0,"_bbp_topic_count_hidden":0,"_bbp_reply_count_hidden":0,"_bbp_forum_subforum_count":0,"footnotes":""},"class_list":["post-28","page","type-page","status-publish","hentry"],"post_mailing_queue_ids":[],"_links":{"self":[{"href":"https:\/\/agora.xtec.cat\/esc-pauvilabcn\/wp-json\/wp\/v2\/pages\/28","targetHints":{"allow":["GET"]}}],"collection":[{"href":"https:\/\/agora.xtec.cat\/esc-pauvilabcn\/wp-json\/wp\/v2\/pages"}],"about":[{"href":"https:\/\/agora.xtec.cat\/esc-pauvilabcn\/wp-json\/wp\/v2\/types\/page"}],"author":[{"embeddable":true,"href":"https:\/\/agora.xtec.cat\/esc-pauvilabcn\/wp-json\/wp\/v2\/users\/1"}],"replies":[{"embeddable":true,"href":"https:\/\/agora.xtec.cat\/esc-pauvilabcn\/wp-json\/wp\/v2\/comments?post=28"}],"version-history":[{"count":6,"href":"https:\/\/agora.xtec.cat\/esc-pauvilabcn\/wp-json\/wp\/v2\/pages\/28\/revisions"}],"predecessor-version":[{"id":4797,"href":"https:\/\/agora.xtec.cat\/esc-pauvilabcn\/wp-json\/wp\/v2\/pages\/28\/revisions\/4797"}],"up":[{"embeddable":true,"href":"https:\/\/agora.xtec.cat\/esc-pauvilabcn\/wp-json\/wp\/v2\/pages\/22"}],"wp:attachment":[{"href":"https:\/\/agora.xtec.cat\/esc-pauvilabcn\/wp-json\/wp\/v2\/media?parent=28"}],"curies":[{"name":"wp","href":"https:\/\/api.w.org\/{rel}","templated":true}]}}