{"id":3815,"date":"2025-12-10T11:14:40","date_gmt":"2025-12-10T10:14:40","guid":{"rendered":"https:\/\/agora.xtec.cat\/esc-pamiesdeginestar\/?page_id=3815"},"modified":"2025-12-10T11:26:53","modified_gmt":"2025-12-10T10:26:53","slug":"educacio-fisica","status":"publish","type":"page","link":"https:\/\/agora.xtec.cat\/esc-pamiesdeginestar\/especialitats\/educacio-fisica\/","title":{"rendered":"Educaci\u00f3 F\u00edsica"},"content":{"rendered":"<p data-start=\"120\" data-end=\"416\">A les classes d\u2019Educaci\u00f3 F\u00edsica els infants descobreixen el plaer del moviment i l\u2019esport en un entorn segur, respectu\u00f3s i motivador. A trav\u00e9s de jocs, activitats cooperatives, circuits i reptes adaptats a cada edat, desenvolupen habilitats motrius, for\u00e7a, equilibri, coordinaci\u00f3 i resist\u00e8ncia.<\/p>\n<p data-start=\"418\" data-end=\"761\">L\u2019educaci\u00f3 f\u00edsica tamb\u00e9 fomenta valors essencials com el respecte, la col\u00b7laboraci\u00f3, la perseveran\u00e7a i l\u2019autonomia, ajudant els alumnes a comprendre la import\u00e0ncia dels h\u00e0bits saludables i el treball en equip. Cada sessi\u00f3 \u00e9s una oportunitat per aprendre a superar reptes, gestionar emocions i gaudir del moviment de manera l\u00fadica i positiva.<\/p>\n<p data-start=\"418\" data-end=\"761\">\n<p data-start=\"418\" data-end=\"761\"><a href=\"https:\/\/agora.xtec.cat\/esc-pamiesdeginestar\/categoria\/ef\/\">Prem aqu\u00ed!<\/a><\/p>\n","protected":false},"excerpt":{"rendered":"<p>A les classes d\u2019Educaci\u00f3 F\u00edsica els infants descobreixen el plaer del moviment i l\u2019esport en un entorn segur, respectu\u00f3s i motivador. A trav\u00e9s de jocs, activitats cooperatives, circuits i reptes adaptats a cada edat, desenvolupen habilitats motrius, for\u00e7a, equilibri, coordinaci\u00f3 i resist\u00e8ncia. L\u2019educaci\u00f3 f\u00edsica tamb\u00e9 fomenta valors essencials com el respecte, la col\u00b7laboraci\u00f3, la perseveran\u00e7a [&hellip;]<\/p>\n","protected":false},"author":1,"featured_media":0,"parent":3811,"menu_order":0,"comment_status":"closed","ping_status":"closed","template":"","meta":{"_bbp_topic_count":0,"_bbp_reply_count":0,"_bbp_total_topic_count":0,"_bbp_total_reply_count":0,"_bbp_voice_count":0,"_bbp_anonymous_reply_count":0,"_bbp_topic_count_hidden":0,"_bbp_reply_count_hidden":0,"_bbp_forum_subforum_count":0,"site-sidebar-layout":"default","site-content-layout":"","ast-site-content-layout":"default","site-content-style":"default","site-sidebar-style":"default","ast-global-header-display":"","ast-banner-title-visibility":"","ast-main-header-display":"","ast-hfb-above-header-display":"","ast-hfb-below-header-display":"","ast-hfb-mobile-header-display":"","site-post-title":"","ast-breadcrumbs-content":"","ast-featured-img":"","footer-sml-layout":"","theme-transparent-header-meta":"default","adv-header-id-meta":"","stick-header-meta":"","header-above-stick-meta":"","header-main-stick-meta":"","header-below-stick-meta":"","astra-migrate-meta-layouts":"set","ast-page-background-enabled":"default","ast-page-background-meta":{"desktop":{"background-color":"var(--ast-global-color-4)","background-image":"","background-repeat":"repeat","background-position":"center center","background-size":"auto","background-attachment":"scroll","background-type":"","background-media":"","overlay-type":"","overlay-color":"","overlay-opacity":"","overlay-gradient":""},"tablet":{"background-color":"","background-image":"","background-repeat":"repeat","background-position":"center center","background-size":"auto","background-attachment":"scroll","background-type":"","background-media":"","overlay-type":"","overlay-color":"","overlay-opacity":"","overlay-gradient":""},"mobile":{"background-color":"","background-image":"","background-repeat":"repeat","background-position":"center center","background-size":"auto","background-attachment":"scroll","background-type":"","background-media":"","overlay-type":"","overlay-color":"","overlay-opacity":"","overlay-gradient":""}},"ast-content-background-meta":{"desktop":{"background-color":"var(--ast-global-color-5)","background-image":"","background-repeat":"repeat","background-position":"center center","background-size":"auto","background-attachment":"scroll","background-type":"","background-media":"","overlay-type":"","overlay-color":"","overlay-opacity":"","overlay-gradient":""},"tablet":{"background-color":"var(--ast-global-color-5)","background-image":"","background-repeat":"repeat","background-position":"center center","background-size":"auto","background-attachment":"scroll","background-type":"","background-media":"","overlay-type":"","overlay-color":"","overlay-opacity":"","overlay-gradient":""},"mobile":{"background-color":"var(--ast-global-color-5)","background-image":"","background-repeat":"repeat","background-position":"center center","background-size":"auto","background-attachment":"scroll","background-type":"","background-media":"","overlay-type":"","overlay-color":"","overlay-opacity":"","overlay-gradient":""}},"footnotes":""},"class_list":["post-3815","page","type-page","status-publish","hentry"],"post_mailing_queue_ids":[],"_links":{"self":[{"href":"https:\/\/agora.xtec.cat\/esc-pamiesdeginestar\/wp-json\/wp\/v2\/pages\/3815","targetHints":{"allow":["GET"]}}],"collection":[{"href":"https:\/\/agora.xtec.cat\/esc-pamiesdeginestar\/wp-json\/wp\/v2\/pages"}],"about":[{"href":"https:\/\/agora.xtec.cat\/esc-pamiesdeginestar\/wp-json\/wp\/v2\/types\/page"}],"author":[{"embeddable":true,"href":"https:\/\/agora.xtec.cat\/esc-pamiesdeginestar\/wp-json\/wp\/v2\/users\/1"}],"replies":[{"embeddable":true,"href":"https:\/\/agora.xtec.cat\/esc-pamiesdeginestar\/wp-json\/wp\/v2\/comments?post=3815"}],"version-history":[{"count":2,"href":"https:\/\/agora.xtec.cat\/esc-pamiesdeginestar\/wp-json\/wp\/v2\/pages\/3815\/revisions"}],"predecessor-version":[{"id":3822,"href":"https:\/\/agora.xtec.cat\/esc-pamiesdeginestar\/wp-json\/wp\/v2\/pages\/3815\/revisions\/3822"}],"up":[{"embeddable":true,"href":"https:\/\/agora.xtec.cat\/esc-pamiesdeginestar\/wp-json\/wp\/v2\/pages\/3811"}],"wp:attachment":[{"href":"https:\/\/agora.xtec.cat\/esc-pamiesdeginestar\/wp-json\/wp\/v2\/media?parent=3815"}],"curies":[{"name":"wp","href":"https:\/\/api.w.org\/{rel}","templated":true}]}}