{"id":561,"date":"2023-02-17T10:03:55","date_gmt":"2023-02-17T09:03:55","guid":{"rendered":"https:\/\/agora.xtec.cat\/esc-oliveres\/?page_id=561"},"modified":"2024-06-17T18:41:08","modified_gmt":"2024-06-17T16:41:08","slug":"estrategia-digital","status":"publish","type":"page","link":"https:\/\/agora.xtec.cat\/esc-oliveres\/estrategia-digital-de-centre\/estrategia-digital\/","title":{"rendered":"Estrat\u00e8gia digital"},"content":{"rendered":"<p>Per elaborar l&#8217;EDC d&#8217;un centre i concretar-la en un document, \u00e9s convenient seguir una s\u00e8rie de fases. En primer lloc,\u00a0comen\u00e7arem a fer una\u00a0<strong>diagnosi<\/strong>\u00a0del centre. A partir del resultat d&#8217;aquesta diagnosi, dels objectius que marca el PEC, dels objectius que marca el Pla d&#8217;Educaci\u00f3 Digital de Catalunya i d&#8217;una\u00a0<strong>visi\u00f3\u00a0<\/strong>clara d&#8217;on vol arribar el centre en termes digitals, seleccionarem i prioritzarem els\u00a0<strong>objectius<\/strong>\u00a0a mitj\u00e0 termini (3 o 4 anys).<\/p>\n<p>Tot seguit, definirem i farem la\u00a0<strong>planificaci\u00f3<\/strong>\u00a0accions concretes per aconseguir aquests objectius. De forma peri\u00f2dica farem l&#8217;<strong>avaluaci\u00f3<\/strong>\u00a0del seguiment d&#8217;aquestes activitats i de l&#8217;assoliment dels objectius per si cal modificar i millorar l&#8217;EDC. Tamb\u00e9 recollirem totes les accions ja consolidades al centre, plans, protocols, normatives, etc. que conformaran la\u00a0<strong>cultura digital del centre<\/strong>.<\/p>\n<p><img decoding=\"async\" src=\"https:\/\/www.prateducacio.com\/wp-content\/uploads\/2023\/06\/xFases-de-lEstrategia-Digital-de-Centre.jpg.pagespeed.ic.cKvmfVNEti.webp\" alt=\"Fases de l\u2019Estrat\u00e8gia Digital de Centre\" \/><\/p>\n","protected":false},"excerpt":{"rendered":"<p>Per elaborar l&#8217;EDC d&#8217;un centre i concretar-la en un document, \u00e9s convenient seguir una s\u00e8rie de fases. En primer lloc,\u00a0comen\u00e7arem a fer una\u00a0diagnosi\u00a0del centre. A partir del resultat d&#8217;aquesta diagnosi, dels objectius que marca el PEC, dels objectius que marca el Pla d&#8217;Educaci\u00f3 Digital de&hellip;  <a href=\"https:\/\/agora.xtec.cat\/esc-oliveres\/estrategia-digital-de-centre\/estrategia-digital\/\" title=\"Read Estrat\u00e8gia digital\">Llegeix m\u00e9s\u00bb<\/a><\/p>\n","protected":false},"author":1,"featured_media":0,"parent":555,"menu_order":1,"comment_status":"closed","ping_status":"closed","template":"","meta":{"_bbp_topic_count":0,"_bbp_reply_count":0,"_bbp_total_topic_count":0,"_bbp_total_reply_count":0,"_bbp_voice_count":0,"_bbp_anonymous_reply_count":0,"_bbp_topic_count_hidden":0,"_bbp_reply_count_hidden":0,"_bbp_forum_subforum_count":0,"footnotes":""},"class_list":["post-561","page","type-page","status-publish","hentry"],"post_mailing_queue_ids":[],"_links":{"self":[{"href":"https:\/\/agora.xtec.cat\/esc-oliveres\/wp-json\/wp\/v2\/pages\/561","targetHints":{"allow":["GET"]}}],"collection":[{"href":"https:\/\/agora.xtec.cat\/esc-oliveres\/wp-json\/wp\/v2\/pages"}],"about":[{"href":"https:\/\/agora.xtec.cat\/esc-oliveres\/wp-json\/wp\/v2\/types\/page"}],"author":[{"embeddable":true,"href":"https:\/\/agora.xtec.cat\/esc-oliveres\/wp-json\/wp\/v2\/users\/1"}],"replies":[{"embeddable":true,"href":"https:\/\/agora.xtec.cat\/esc-oliveres\/wp-json\/wp\/v2\/comments?post=561"}],"version-history":[{"count":2,"href":"https:\/\/agora.xtec.cat\/esc-oliveres\/wp-json\/wp\/v2\/pages\/561\/revisions"}],"predecessor-version":[{"id":997,"href":"https:\/\/agora.xtec.cat\/esc-oliveres\/wp-json\/wp\/v2\/pages\/561\/revisions\/997"}],"up":[{"embeddable":true,"href":"https:\/\/agora.xtec.cat\/esc-oliveres\/wp-json\/wp\/v2\/pages\/555"}],"wp:attachment":[{"href":"https:\/\/agora.xtec.cat\/esc-oliveres\/wp-json\/wp\/v2\/media?parent=561"}],"curies":[{"name":"wp","href":"https:\/\/api.w.org\/{rel}","templated":true}]}}

Estratègia digital

<p>Per elaborar l&#8217;EDC d&#8217;un centre i concretar-la en un document, és convenient seguir una sèrie de fases. En primer lloc, començarem a fer una <strong>diagnosi</strong> del centre. A partir del resultat d&#8217;aquesta diagnosi, dels objectius que marca el PEC, dels objectius que marca el Pla d&#8217;Educació Digital de Catalunya i d&#8217;una <strong>visió </strong>clara d&#8217;on vol arribar el centre en termes digitals, seleccionarem i prioritzarem els <strong>objectius</strong> a mitjà termini (3 o 4 anys).</p>
<p>Tot seguit, definirem i farem la <strong>planificació</strong> accions concretes per aconseguir aquests objectius. De forma periòdica farem l&#8217;<strong>avaluació</strong> del seguiment d&#8217;aquestes activitats i de l&#8217;assoliment dels objectius per si cal modificar i millorar l&#8217;EDC. També recollirem totes les accions ja consolidades al centre, plans, protocols, normatives, etc. que conformaran la <strong>cultura digital del centre</strong>.</p>
<p><img decoding="async" src="https://www.prateducacio.com/wp-content/uploads/2023/06/xFases-de-lEstrategia-Digital-de-Centre.jpg.pagespeed.ic.cKvmfVNEti.webp" alt="Fases de l’Estratègia Digital de Centre" /></p>

<p>Per elaborar l&#8217;EDC d&#8217;un centre i concretar-la en un document, és convenient seguir una sèrie de fases. En primer lloc, començarem a fer una diagnosi del centre. A partir del resultat d&#8217;aquesta diagnosi, dels objectius que marca el PEC, dels objectius que marca el Pla d&#8217;Educació Digital de&hellip;  <a href="https://agora.xtec.cat/esc-oliveres/estrategia-digital-de-centre/estrategia-digital/" title="Read Estratègia digital">Llegeix més»</a></p>
