{"id":6831,"date":"2020-09-30T11:25:52","date_gmt":"2020-09-30T09:25:52","guid":{"rendered":"http:\/\/agora.xtec.cat\/esc-mvayreda-roses\/?page_id=6831"},"modified":"2024-08-22T18:29:48","modified_gmt":"2024-08-22T16:29:48","slug":"habilitats-emocionals","status":"publish","type":"page","link":"https:\/\/agora.xtec.cat\/esc-mvayreda-roses\/zona-families\/habilitats-emocionals\/","title":{"rendered":"Habilitats emocionals"},"content":{"rendered":"<p>El programa de <a href=\"https:\/\/www.siguestu.cat\/ca\/inici.html\" target=\"_blank\" rel=\"noopener noreferrer\">Dipsalut \u00abSigues tu\u00bb<\/a> entrena les habilitats emocionals i socials d\u2019infants i adolescents per tal de promoure h\u00e0bits de vida saludables.<\/p>\n<p>Les habilitats per a la vida s\u00f3n destreses de l\u2019\u00e0mbit social, emocional i \u00e8tic que complementen i optimitzen els coneixements. Es tracta de capacitats com l\u2019autoestima, l\u2019habilitat de gestionar adequadament les emocions, el sentit cr\u00edtic, l\u2019empatia, la creativitat o la capacitat de negociaci\u00f3. Aquestes habilitats poden treballar-se i desenvolupar-se; aix\u00f2 \u00e9s el que es fa amb programes com \u00abSigues tu, eines i actius per a la salut\u00bb, de Dipsalut.<\/p>\n<p>Est\u00e0 demostrat que treballar aquestes habilitats ajuda a prendre bones decisions en mat\u00e8ria de salut i a afrontar de manera positiva els desafiaments de la vida quotidiana.<\/p>\n<p>El <a href=\"https:\/\/www.siguestu.cat\/ca\/inici.html\" target=\"_blank\" rel=\"noopener noreferrer\">\u00abSigues tu\u00bb<\/a> es desenvolupa en escoles i instituts, per\u00f2 \u00e9s vital que les fam\u00edlies tamb\u00e9 treballin en la mateixa l\u00ednia a casa. \u00c9s per aix\u00f2 que proposem activitats i din\u00e0miques que us poden ajudar a treballar les habilitats per a la vida en fam\u00edlia.<\/p>\n<p>Feu clic a la fletxa del men\u00fa de l&#8217;esquerra per accedir a les diferents activitats que ens proposen.<\/p>\n<p><a href=\"http:\/\/agora.xtec.cat\/esc-mvayreda-roses\/zona-families\/habilitats-emocionals\/attachment\/menu-habilitats-emocionals\/\" rel=\"attachment wp-att-6946\"><img loading=\"lazy\" decoding=\"async\" class=\"alignnone size-full wp-image-6946\" src=\"https:\/\/agora.xtec.cat\/esc-mvayreda-roses\/wp-content\/uploads\/usu411\/2020\/10\/menu-habilitats-emocionals.png\" alt=\"\" width=\"335\" height=\"174\" srcset=\"https:\/\/agora.xtec.cat\/esc-mvayreda-roses\/wp-content\/uploads\/usu411\/2020\/10\/menu-habilitats-emocionals.png 670w, https:\/\/agora.xtec.cat\/esc-mvayreda-roses\/wp-content\/uploads\/usu411\/2020\/10\/menu-habilitats-emocionals-300x156.png 300w\" sizes=\"auto, (max-width: 335px) 100vw, 335px\" \/><\/a><\/p>\n","protected":false},"excerpt":{"rendered":"<p>El programa de <a href=\"https:\/\/www.siguestu.cat\/ca\/inici.html\" target=\"_blank\" rel=\"noopener noreferrer\">Dipsalut \u00abSigues tu\u00bb<\/a> entrena les habilitats emocionals i socials d\u2019infants i adolescents per tal de promoure h\u00e0bits de vida saludables.<br \/>\nLes habilitats per a la vida s\u00f3n destreses de l\u2019\u00e0mbit social, emocional i \u00e8tic que complementen i optimitzen els&hellip;  <a href=\"https:\/\/agora.xtec.cat\/esc-mvayreda-roses\/zona-families\/habilitats-emocionals\/\" title=\"Read Habilitats emocionals\">Llegeix m\u00e9s\u00bb<\/a><\/p>\n","protected":false},"author":1,"featured_media":0,"parent":198,"menu_order":11,"comment_status":"closed","ping_status":"closed","template":"page-templates\/side-menu.php","meta":{"_bbp_topic_count":0,"_bbp_reply_count":0,"_bbp_total_topic_count":0,"_bbp_total_reply_count":0,"_bbp_voice_count":0,"_bbp_anonymous_reply_count":0,"_bbp_topic_count_hidden":0,"_bbp_reply_count_hidden":0,"_bbp_forum_subforum_count":0,"footnotes":""},"class_list":["post-6831","page","type-page","status-publish","hentry"],"post_mailing_queue_ids":[],"_links":{"self":[{"href":"https:\/\/agora.xtec.cat\/esc-mvayreda-roses\/wp-json\/wp\/v2\/pages\/6831","targetHints":{"allow":["GET"]}}],"collection":[{"href":"https:\/\/agora.xtec.cat\/esc-mvayreda-roses\/wp-json\/wp\/v2\/pages"}],"about":[{"href":"https:\/\/agora.xtec.cat\/esc-mvayreda-roses\/wp-json\/wp\/v2\/types\/page"}],"author":[{"embeddable":true,"href":"https:\/\/agora.xtec.cat\/esc-mvayreda-roses\/wp-json\/wp\/v2\/users\/1"}],"replies":[{"embeddable":true,"href":"https:\/\/agora.xtec.cat\/esc-mvayreda-roses\/wp-json\/wp\/v2\/comments?post=6831"}],"version-history":[{"count":2,"href":"https:\/\/agora.xtec.cat\/esc-mvayreda-roses\/wp-json\/wp\/v2\/pages\/6831\/revisions"}],"predecessor-version":[{"id":6947,"href":"https:\/\/agora.xtec.cat\/esc-mvayreda-roses\/wp-json\/wp\/v2\/pages\/6831\/revisions\/6947"}],"up":[{"embeddable":true,"href":"https:\/\/agora.xtec.cat\/esc-mvayreda-roses\/wp-json\/wp\/v2\/pages\/198"}],"wp:attachment":[{"href":"https:\/\/agora.xtec.cat\/esc-mvayreda-roses\/wp-json\/wp\/v2\/media?parent=6831"}],"curies":[{"name":"wp","href":"https:\/\/api.w.org\/{rel}","templated":true}]}}

<p>El programa de <a href="https://www.siguestu.cat/ca/inici.html" target="_blank" rel="noopener noreferrer">Dipsalut «Sigues tu»</a> entrena les habilitats emocionals i socials d’infants i adolescents per tal de promoure hàbits de vida saludables.</p>
<p>Les habilitats per a la vida són destreses de l’àmbit social, emocional i ètic que complementen i optimitzen els coneixements. Es tracta de capacitats com l’autoestima, l’habilitat de gestionar adequadament les emocions, el sentit crític, l’empatia, la creativitat o la capacitat de negociació. Aquestes habilitats poden treballar-se i desenvolupar-se; això és el que es fa amb programes com «Sigues tu, eines i actius per a la salut», de Dipsalut.</p>
<p>Està demostrat que treballar aquestes habilitats ajuda a prendre bones decisions en matèria de salut i a afrontar de manera positiva els desafiaments de la vida quotidiana.</p>
<p>El <a href="https://www.siguestu.cat/ca/inici.html" target="_blank" rel="noopener noreferrer">«Sigues tu»</a> es desenvolupa en escoles i instituts, però és vital que les famílies també treballin en la mateixa línia a casa. És per això que proposem activitats i dinàmiques que us poden ajudar a treballar les habilitats per a la vida en família.</p>
<p>Feu clic a la fletxa del menú de l&#8217;esquerra per accedir a les diferents activitats que ens proposen.</p>
<p><a href="http://agora.xtec.cat/esc-mvayreda-roses/zona-families/habilitats-emocionals/attachment/menu-habilitats-emocionals/" rel="attachment wp-att-6946"><img loading="lazy" decoding="async" class="alignnone size-full wp-image-6946" src="https://agora.xtec.cat/esc-mvayreda-roses/wp-content/uploads/usu411/2020/10/menu-habilitats-emocionals.png" alt="" width="335" height="174" srcset="https://agora.xtec.cat/esc-mvayreda-roses/wp-content/uploads/usu411/2020/10/menu-habilitats-emocionals.png 670w, https://agora.xtec.cat/esc-mvayreda-roses/wp-content/uploads/usu411/2020/10/menu-habilitats-emocionals-300x156.png 300w" sizes="auto, (max-width: 335px) 100vw, 335px" /></a></p>

<p>El programa de <a href="https://www.siguestu.cat/ca/inici.html" target="_blank" rel="noopener noreferrer">Dipsalut «Sigues tu»</a> entrena les habilitats emocionals i socials d’infants i adolescents per tal de promoure hàbits de vida saludables.<br />
Les habilitats per a la vida són destreses de l’àmbit social, emocional i ètic que complementen i optimitzen els&hellip;  <a href="https://agora.xtec.cat/esc-mvayreda-roses/zona-families/habilitats-emocionals/" title="Read Habilitats emocionals">Llegeix més»</a></p>
