{"id":6716,"date":"2020-08-26T19:48:00","date_gmt":"2020-08-26T17:48:00","guid":{"rendered":"http:\/\/agora.xtec.cat\/esc-mvayreda-roses\/?page_id=6716"},"modified":"2024-08-22T18:35:39","modified_gmt":"2024-08-22T16:35:39","slug":"menu-menjador","status":"publish","type":"page","link":"https:\/\/agora.xtec.cat\/esc-mvayreda-roses\/zona-families\/menu-menjador\/","title":{"rendered":"Men\u00fa menjador"},"content":{"rendered":"<p>Us donem la benvinguda a l&#8217;apartat <strong>&#8220;Men\u00fa Menjador&#8221;<\/strong>.<\/p>\n<p>En el men\u00fa de l&#8217;esquerra, cliqueu sobre la fletxa i podreu seleccionar i descarregar-vos el men\u00fa del c\u00e0tering del servei de menjador.<\/p>\n<p><img loading=\"lazy\" decoding=\"async\" class=\"alignnone wp-image-6819 alignleft\" src=\"https:\/\/agora.xtec.cat\/esc-mvayreda-roses\/wp-content\/uploads\/usu411\/2020\/09\/menu-menjador.png\" alt=\"\" width=\"253\" height=\"120\" srcset=\"https:\/\/agora.xtec.cat\/esc-mvayreda-roses\/wp-content\/uploads\/usu411\/2020\/09\/menu-menjador.png 828w, https:\/\/agora.xtec.cat\/esc-mvayreda-roses\/wp-content\/uploads\/usu411\/2020\/09\/menu-menjador-300x141.png 300w, https:\/\/agora.xtec.cat\/esc-mvayreda-roses\/wp-content\/uploads\/usu411\/2020\/09\/menu-menjador-768x362.png 768w\" sizes=\"auto, (max-width: 253px) 100vw, 253px\" \/><\/p>\n<p>&nbsp;<\/p>\n<p>&nbsp;<\/p>\n<p>&nbsp;<\/p>\n<p>&nbsp;<\/p>\n<p>El servei de c\u00e0tering \u00e9s a c\u00e0rrec de <a href=\"https:\/\/escoles.fundesplai.org\/serveis\/menjador-temps-educatiu-del-migdia\/\" target=\"_blank\" rel=\"noopener noreferrer\">Fundesplai<\/a>.<\/p>\n","protected":false},"excerpt":{"rendered":"<p>Us donem la benvinguda a l&#8217;apartat &#8220;Men\u00fa Menjador&#8221;.<br \/>\nEn el men\u00fa de l&#8217;esquerra, cliqueu sobre la fletxa i podreu seleccionar i descarregar-vos el men\u00fa del c\u00e0tering del servei de menjador.<\/p>\n<p>&nbsp;<br \/>\n&nbsp;<br \/>\n&nbsp;<br \/>\n&nbsp;<br \/>\nEl servei de c\u00e0tering \u00e9s a c\u00e0rrec de <a href=\"https:\/\/escoles.fundesplai.org\/serveis\/menjador-temps-educatiu-del-migdia\/\" target=\"_blank\" rel=\"noopener noreferrer\">Fundesplai<\/a>.<\/p>\n","protected":false},"author":1,"featured_media":0,"parent":198,"menu_order":6,"comment_status":"closed","ping_status":"closed","template":"page-templates\/side-menu.php","meta":{"_bbp_topic_count":0,"_bbp_reply_count":0,"_bbp_total_topic_count":0,"_bbp_total_reply_count":0,"_bbp_voice_count":0,"_bbp_anonymous_reply_count":0,"_bbp_topic_count_hidden":0,"_bbp_reply_count_hidden":0,"_bbp_forum_subforum_count":0,"footnotes":""},"class_list":["post-6716","page","type-page","status-publish","hentry"],"post_mailing_queue_ids":[],"_links":{"self":[{"href":"https:\/\/agora.xtec.cat\/esc-mvayreda-roses\/wp-json\/wp\/v2\/pages\/6716","targetHints":{"allow":["GET"]}}],"collection":[{"href":"https:\/\/agora.xtec.cat\/esc-mvayreda-roses\/wp-json\/wp\/v2\/pages"}],"about":[{"href":"https:\/\/agora.xtec.cat\/esc-mvayreda-roses\/wp-json\/wp\/v2\/types\/page"}],"author":[{"embeddable":true,"href":"https:\/\/agora.xtec.cat\/esc-mvayreda-roses\/wp-json\/wp\/v2\/users\/1"}],"replies":[{"embeddable":true,"href":"https:\/\/agora.xtec.cat\/esc-mvayreda-roses\/wp-json\/wp\/v2\/comments?post=6716"}],"version-history":[{"count":2,"href":"https:\/\/agora.xtec.cat\/esc-mvayreda-roses\/wp-json\/wp\/v2\/pages\/6716\/revisions"}],"predecessor-version":[{"id":7469,"href":"https:\/\/agora.xtec.cat\/esc-mvayreda-roses\/wp-json\/wp\/v2\/pages\/6716\/revisions\/7469"}],"up":[{"embeddable":true,"href":"https:\/\/agora.xtec.cat\/esc-mvayreda-roses\/wp-json\/wp\/v2\/pages\/198"}],"wp:attachment":[{"href":"https:\/\/agora.xtec.cat\/esc-mvayreda-roses\/wp-json\/wp\/v2\/media?parent=6716"}],"curies":[{"name":"wp","href":"https:\/\/api.w.org\/{rel}","templated":true}]}}

Menú menjador

<p>Us donem la benvinguda a l&#8217;apartat <strong>&#8220;Menú Menjador&#8221;</strong>.</p>
<p>En el menú de l&#8217;esquerra, cliqueu sobre la fletxa i podreu seleccionar i descarregar-vos el menú del càtering del servei de menjador.</p>
<p><img loading="lazy" decoding="async" class="alignnone wp-image-6819 alignleft" src="https://agora.xtec.cat/esc-mvayreda-roses/wp-content/uploads/usu411/2020/09/menu-menjador.png" alt="" width="253" height="120" srcset="https://agora.xtec.cat/esc-mvayreda-roses/wp-content/uploads/usu411/2020/09/menu-menjador.png 828w, https://agora.xtec.cat/esc-mvayreda-roses/wp-content/uploads/usu411/2020/09/menu-menjador-300x141.png 300w, https://agora.xtec.cat/esc-mvayreda-roses/wp-content/uploads/usu411/2020/09/menu-menjador-768x362.png 768w" sizes="auto, (max-width: 253px) 100vw, 253px" /></p>
<p>&nbsp;</p>
<p>&nbsp;</p>
<p>&nbsp;</p>
<p>&nbsp;</p>
<p>El servei de càtering és a càrrec de <a href="https://escoles.fundesplai.org/serveis/menjador-temps-educatiu-del-migdia/" target="_blank" rel="noopener noreferrer">Fundesplai</a>.</p>

<p>Us donem la benvinguda a l&#8217;apartat &#8220;Menú Menjador&#8221;.<br />
En el menú de l&#8217;esquerra, cliqueu sobre la fletxa i podreu seleccionar i descarregar-vos el menú del càtering del servei de menjador.</p>
<p>&nbsp;<br />
&nbsp;<br />
&nbsp;<br />
&nbsp;<br />
El servei de càtering és a càrrec de <a href="https://escoles.fundesplai.org/serveis/menjador-temps-educatiu-del-migdia/" target="_blank" rel="noopener noreferrer">Fundesplai</a>.</p>
