{"id":38,"date":"2014-09-18T12:34:08","date_gmt":"2014-09-18T12:34:08","guid":{"rendered":"http:\/\/agora.xtec.cat\/esc-mvayreda-roses\/?page_id=38"},"modified":"2025-06-12T16:20:23","modified_gmt":"2025-06-12T14:20:23","slug":"salut","status":"publish","type":"page","link":"https:\/\/agora.xtec.cat\/esc-mvayreda-roses\/lescola\/salut\/","title":{"rendered":"Salut \u00b7 Medicacions \u00b7 Polls"},"content":{"rendered":"<ul>\n<li><strong>Si algun alumne\/a ha de prendre medicaci\u00f3<\/strong> durant l\u2019horari escolar cal que ho comuniqui per escrit al seu tutor\/a indicant-ne l\u2019horari i la dosi. <strong>Els impresos corresponents s\u2019han de demanar a Direcci\u00f3, o imprimir-los des de la p\u00e0gina web del centre. Tamb\u00e9 cal portar c\u00f2pia de la recepta del metge.<\/strong><\/li>\n<li>Si algun alumne\/a es troba malament durant l\u2019horari escolar es telefonar\u00e0 a la fam\u00edlia en funci\u00f3 dels s\u00edmptomes que presenti (febre, v\u00f2mits, diarrea, etc\u2026). Si no se\u2019ls localitza se\u2019l guardar\u00e0 a l\u2019escola en les millors condicions possibles, per\u00f2 en cap cas s\u2019administraran medicaments.<\/li>\n<li>Quan es detectin casos d\u2019alumnes amb polls, trucarem a la fam\u00edlia per informar-los que han de fer el tractament. Enviarem un sms a totes les fam\u00edlies de la mateixa classe, perqu\u00e8 cada fam\u00edlia revisi el cabell dels seus fills i, segons el resultat faci la prevenci\u00f3 o el tractament. Una vegada s\u2019ha aplicat el tractament, ja es pot tornar a escola. El paper informatiu no es repartir\u00e0 cada vegada. Es podr\u00e0 consultar al web de l\u2019escola, all\u00e0 trobareu les indicacions m\u00e9s precises del tractament i de la prevenci\u00f3.<\/li>\n<li><strong>Quan els\/les nens\/es presentin malalties que puguin ser contagioses (varicel\u00b7la\u2026) o febre igual o superior a 37\u00ba, no poden venir a l\u2019escola.<\/strong><\/li>\n<li><strong>Els alumnes que estan malalts amb processos febrils no poden tornar a l\u2019escola fins 24 hores despr\u00e9s d\u2019haver desaparegut la febre<\/strong>, tal i com es recomana des dels serveis de pediatria. S\u2019ha de procurar que els nens tornin a l\u2019escola ben recuperats per poder treballar i gaudir de les activitats, i no precipitar el retorn quan estan sota l\u2019efecte de la primera medicaci\u00f3.<\/li>\n<li>En cas que un nen o nena es faci mal durant l\u2019horari escolar i necessiti una atenci\u00f3 m\u00e8dica, s\u2019intentar\u00e0 primer localitzar a la fam\u00edlia perqu\u00e8 siguin els pares que l\u2019acompanyin al metge o al CAP. Si \u00e9s molt urgent i\/o no es localitza cap familiar, un mestre de l\u2019escola el portar\u00e0 al CAP i des del centre es continuar\u00e0 buscant a la fam\u00edlia. Si calgu\u00e9s el trasllat a l\u2019hospital de Figueres i no es localitz\u00e9s a la fam\u00edlia s\u2019hauria de demanar una ambul\u00e0ncia.<\/li>\n<\/ul>\n<p style=\"text-align: center;\"><strong>Per aquest motiu \u00e9s important tenir sempre un tel\u00e8fon de contacte i comunicar a l\u2019escola qualsevol canvi de direcci\u00f3 i de n\u00famero.<\/strong><\/p>\n<p>&nbsp;<\/p>\n<p>&nbsp;<\/p>\n","protected":false},"excerpt":{"rendered":"<ul>\n<li>Si algun alumne\/a ha de prendre medicaci\u00f3 durant l\u2019horari escolar cal que ho comuniqui per escrit al seu tutor\/a indicant-ne l\u2019horari i la dosi. Els impresos corresponents s\u2019han de demanar a Direcci\u00f3, o imprimir-los des de la p\u00e0gina web del centre. Tamb\u00e9 cal portar c\u00f2pia&hellip;  <a href=\"https:\/\/agora.xtec.cat\/esc-mvayreda-roses\/lescola\/salut\/\" title=\"Read Salut \u00b7 Medicacions \u00b7 Polls\">Llegeix m\u00e9s\u00bb<\/a><br \/>\n","protected":false},"author":2,"featured_media":0,"parent":22,"menu_order":80,"comment_status":"closed","ping_status":"closed","template":"page-templates\/side-menu.php","meta":{"_bbp_topic_count":0,"_bbp_reply_count":0,"_bbp_total_topic_count":0,"_bbp_total_reply_count":0,"_bbp_voice_count":0,"_bbp_anonymous_reply_count":0,"_bbp_topic_count_hidden":0,"_bbp_reply_count_hidden":0,"_bbp_forum_subforum_count":0,"footnotes":""},"class_list":["post-38","page","type-page","status-publish","hentry"],"post_mailing_queue_ids":[],"_links":{"self":[{"href":"https:\/\/agora.xtec.cat\/esc-mvayreda-roses\/wp-json\/wp\/v2\/pages\/38","targetHints":{"allow":["GET"]}}],"collection":[{"href":"https:\/\/agora.xtec.cat\/esc-mvayreda-roses\/wp-json\/wp\/v2\/pages"}],"about":[{"href":"https:\/\/agora.xtec.cat\/esc-mvayreda-roses\/wp-json\/wp\/v2\/types\/page"}],"author":[{"embeddable":true,"href":"https:\/\/agora.xtec.cat\/esc-mvayreda-roses\/wp-json\/wp\/v2\/users\/2"}],"replies":[{"embeddable":true,"href":"https:\/\/agora.xtec.cat\/esc-mvayreda-roses\/wp-json\/wp\/v2\/comments?post=38"}],"version-history":[{"count":6,"href":"https:\/\/agora.xtec.cat\/esc-mvayreda-roses\/wp-json\/wp\/v2\/pages\/38\/revisions"}],"predecessor-version":[{"id":8241,"href":"https:\/\/agora.xtec.cat\/esc-mvayreda-roses\/wp-json\/wp\/v2\/pages\/38\/revisions\/8241"}],"up":[{"embeddable":true,"href":"https:\/\/agora.xtec.cat\/esc-mvayreda-roses\/wp-json\/wp\/v2\/pages\/22"}],"wp:attachment":[{"href":"https:\/\/agora.xtec.cat\/esc-mvayreda-roses\/wp-json\/wp\/v2\/media?parent=38"}],"curies":[{"name":"wp","href":"https:\/\/api.w.org\/{rel}","templated":true}]}}

<ul>
<li><strong>Si algun alumne/a ha de prendre medicació</strong> durant l’horari escolar cal que ho comuniqui per escrit al seu tutor/a indicant-ne l’horari i la dosi. <strong>Els impresos corresponents s’han de demanar a Direcció, o imprimir-los des de la pàgina web del centre. També cal portar còpia de la recepta del metge.</strong></li>
<li>Si algun alumne/a es troba malament durant l’horari escolar es telefonarà a la família en funció dels símptomes que presenti (febre, vòmits, diarrea, etc…). Si no se’ls localitza se’l guardarà a l’escola en les millors condicions possibles, però en cap cas s’administraran medicaments.</li>
<li>Quan es detectin casos d’alumnes amb polls, trucarem a la família per informar-los que han de fer el tractament. Enviarem un sms a totes les famílies de la mateixa classe, perquè cada família revisi el cabell dels seus fills i, segons el resultat faci la prevenció o el tractament. Una vegada s’ha aplicat el tractament, ja es pot tornar a escola. El paper informatiu no es repartirà cada vegada. Es podrà consultar al web de l’escola, allà trobareu les indicacions més precises del tractament i de la prevenció.</li>
<li><strong>Quan els/les nens/es presentin malalties que puguin ser contagioses (varicel·la…) o febre igual o superior a 37º, no poden venir a l’escola.</strong></li>
<li><strong>Els alumnes que estan malalts amb processos febrils no poden tornar a l’escola fins 24 hores després d’haver desaparegut la febre</strong>, tal i com es recomana des dels serveis de pediatria. S’ha de procurar que els nens tornin a l’escola ben recuperats per poder treballar i gaudir de les activitats, i no precipitar el retorn quan estan sota l’efecte de la primera medicació.</li>
<li>En cas que un nen o nena es faci mal durant l’horari escolar i necessiti una atenció mèdica, s’intentarà primer localitzar a la família perquè siguin els pares que l’acompanyin al metge o al CAP. Si és molt urgent i/o no es localitza cap familiar, un mestre de l’escola el portarà al CAP i des del centre es continuarà buscant a la família. Si calgués el trasllat a l’hospital de Figueres i no es localitzés a la família s’hauria de demanar una ambulància.</li>
</ul>
<p style="text-align: center;"><strong>Per aquest motiu és important tenir sempre un telèfon de contacte i comunicar a l’escola qualsevol canvi de direcció i de número.</strong></p>
<p>&nbsp;</p>
<p>&nbsp;</p>

<ul>
<li>Si algun alumne/a ha de prendre medicació durant l’horari escolar cal que ho comuniqui per escrit al seu tutor/a indicant-ne l’horari i la dosi. Els impresos corresponents s’han de demanar a Direcció, o imprimir-los des de la pàgina web del centre. També cal portar còpia&hellip;  <a href="https://agora.xtec.cat/esc-mvayreda-roses/lescola/salut/" title="Read Salut · Medicacions · Polls">Llegeix més»</a><br />
