{"id":198,"date":"2015-07-19T16:51:54","date_gmt":"2015-07-19T15:51:54","guid":{"rendered":"http:\/\/agora.xtec.cat\/esc-mvayreda-roses\/?page_id=198"},"modified":"2024-06-18T12:57:19","modified_gmt":"2024-06-18T10:57:19","slug":"zona-families","status":"publish","type":"page","link":"https:\/\/agora.xtec.cat\/esc-mvayreda-roses\/zona-families\/","title":{"rendered":"Zona fam\u00edlies"},"content":{"rendered":"<p style=\"text-align: center;\">Us donem la benvinguda a la <strong>Zona Fam\u00edlies<\/strong>.<\/p>\n<p style=\"text-align: center;\">En aquest apartat podeu trobar documentaci\u00f3 de l&#8217;escola que podeu consultar i descarregar quan la necessiteu. Hi s\u00f3n totes les autoritzacions que us demanem a principi de curs, la sol\u00b7licitud de beca de menjador, calendaris, horaris, el men\u00fa de menjador del mes&#8230; fins i tot un apartat amb activitats sobre les emocions.<\/p>\n<p style=\"text-align: center;\">Ara hem afegit l&#8217;apartat <strong>TokApp<\/strong> on hi trobareu tota la documentaci\u00f3, manuals i tutorials d&#8217;aquesta app de comunicaci\u00f3 que hem comen\u00e7at a utilitzar a l&#8217;escola.<\/p>\n<p><img loading=\"lazy\" decoding=\"async\" class=\"aligncenter\" src=\"https:\/\/observatoriofiex.es\/wp-content\/uploads\/2020\/01\/Diversidad-familiar.jpg.webp\" alt=\"Diversidad familiar: los diferentes tipos de familia - Observatorio FIEX\" width=\"383\" height=\"255\" \/><\/p>\n<p>&nbsp;<\/p>\n","protected":false},"excerpt":{"rendered":"<p>Us donem la benvinguda a la Zona Fam\u00edlies.<br \/>\nEn aquest apartat podeu trobar documentaci\u00f3 de l&#8217;escola que podeu consultar i descarregar quan la necessiteu. Hi s\u00f3n totes les autoritzacions que us demanem a principi de curs, la sol\u00b7licitud de beca de menjador, calendaris, horaris, el men\u00fa&hellip;  <a href=\"https:\/\/agora.xtec.cat\/esc-mvayreda-roses\/zona-families\/\" title=\"Read Zona fam\u00edlies\">Llegeix m\u00e9s\u00bb<\/a><\/p>\n","protected":false},"author":1,"featured_media":0,"parent":0,"menu_order":0,"comment_status":"closed","ping_status":"closed","template":"page-templates\/side-menu.php","meta":{"_bbp_topic_count":0,"_bbp_reply_count":0,"_bbp_total_topic_count":0,"_bbp_total_reply_count":0,"_bbp_voice_count":0,"_bbp_anonymous_reply_count":0,"_bbp_topic_count_hidden":0,"_bbp_reply_count_hidden":0,"_bbp_forum_subforum_count":0,"footnotes":""},"class_list":["post-198","page","type-page","status-publish","hentry"],"post_mailing_queue_ids":[],"_links":{"self":[{"href":"https:\/\/agora.xtec.cat\/esc-mvayreda-roses\/wp-json\/wp\/v2\/pages\/198","targetHints":{"allow":["GET"]}}],"collection":[{"href":"https:\/\/agora.xtec.cat\/esc-mvayreda-roses\/wp-json\/wp\/v2\/pages"}],"about":[{"href":"https:\/\/agora.xtec.cat\/esc-mvayreda-roses\/wp-json\/wp\/v2\/types\/page"}],"author":[{"embeddable":true,"href":"https:\/\/agora.xtec.cat\/esc-mvayreda-roses\/wp-json\/wp\/v2\/users\/1"}],"replies":[{"embeddable":true,"href":"https:\/\/agora.xtec.cat\/esc-mvayreda-roses\/wp-json\/wp\/v2\/comments?post=198"}],"version-history":[{"count":5,"href":"https:\/\/agora.xtec.cat\/esc-mvayreda-roses\/wp-json\/wp\/v2\/pages\/198\/revisions"}],"predecessor-version":[{"id":8049,"href":"https:\/\/agora.xtec.cat\/esc-mvayreda-roses\/wp-json\/wp\/v2\/pages\/198\/revisions\/8049"}],"wp:attachment":[{"href":"https:\/\/agora.xtec.cat\/esc-mvayreda-roses\/wp-json\/wp\/v2\/media?parent=198"}],"curies":[{"name":"wp","href":"https:\/\/api.w.org\/{rel}","templated":true}]}}