{"id":985,"date":"2022-06-04T21:20:12","date_gmt":"2022-06-04T19:20:12","guid":{"rendered":"https:\/\/agora.xtec.cat\/esc-musicamartorell\/?page_id=985"},"modified":"2022-06-06T18:09:24","modified_gmt":"2022-06-06T16:09:24","slug":"festamusica2021","status":"publish","type":"page","link":"https:\/\/agora.xtec.cat\/esc-musicamartorell\/cursos-anteriors\/curs-2020-21\/festamusica2021\/","title":{"rendered":"Festa de la M\u00fasica 2021"},"content":{"rendered":"<p>La Regidoria de Cultura de l\u2019Ajuntament de Martorell organitza per primer cop la Festa de la M\u00fasica entre el 17 i el 22 de juny. Es tracta d\u2019una programaci\u00f3 de nou actes, entre els que destaquen els dos concerts tribut, que es dedicaran a la formaci\u00f3 El \u00faltimo de la fila i a la cantant Aretha Franklin. Hi ha els recitals de final de curs dels diferents grups de l\u2019Escola Municipal de M\u00fasica, aix\u00ed com un concert de la Coral Inovyn a l\u2019Auditori Joan Cererols del Centre Cultural.<\/p>\n<p>La cita se celebra amb motiu del Dia de la M\u00fasica (21 de juny), una festa d\u2019origen franc\u00e8s que es fa a 120 pa\u00efsos i a unes 700 ciutats, i que ajunta propostes amateurs i professionals. T\u00e9 la intenci\u00f3 d\u2019arribar a diferents p\u00fablics i de diferents edats, i aplega les activitats de final de curs de l&#8217;Escola Municipal de M\u00fasica de Martorell.<\/p>\n<p><a href=\"https:\/\/agora.xtec.cat\/esc-musicamartorell\/cursos-anteriors\/curs-2020-21\/festamusica2021\/attachment\/festa-de-la-musica-final\/\" rel=\"attachment wp-att-1049\"><img loading=\"lazy\" decoding=\"async\" class=\"aligncenter size-full wp-image-1049\" src=\"https:\/\/agora.xtec.cat\/esc-musicamartorell\/wp-content\/uploads\/usu2511\/2022\/06\/festa-de-la-musica-final-2.jpeg\" alt=\"\" width=\"1500\" height=\"2121\" srcset=\"https:\/\/agora.xtec.cat\/esc-musicamartorell\/wp-content\/uploads\/usu2511\/2022\/06\/festa-de-la-musica-final-2.jpeg 1500w, https:\/\/agora.xtec.cat\/esc-musicamartorell\/wp-content\/uploads\/usu2511\/2022\/06\/festa-de-la-musica-final-2-212x300.jpeg 212w, https:\/\/agora.xtec.cat\/esc-musicamartorell\/wp-content\/uploads\/usu2511\/2022\/06\/festa-de-la-musica-final-2-724x1024.jpeg 724w, https:\/\/agora.xtec.cat\/esc-musicamartorell\/wp-content\/uploads\/usu2511\/2022\/06\/festa-de-la-musica-final-2-768x1086.jpeg 768w, https:\/\/agora.xtec.cat\/esc-musicamartorell\/wp-content\/uploads\/usu2511\/2022\/06\/festa-de-la-musica-final-2-1086x1536.jpeg 1086w, https:\/\/agora.xtec.cat\/esc-musicamartorell\/wp-content\/uploads\/usu2511\/2022\/06\/festa-de-la-musica-final-2-1448x2048.jpeg 1448w\" sizes=\"auto, (max-width: 1500px) 100vw, 1500px\" \/><\/a><\/p>\n","protected":false},"excerpt":{"rendered":"<p>La Regidoria de Cultura de l\u2019Ajuntament de Martorell organitza per primer cop la Festa de la M\u00fasica entre el 17 i el 22 de juny. Es tracta d\u2019una programaci\u00f3 de nou actes, entre els que destaquen els dos concerts tribut, que es dedicaran a la&hellip;  <a href=\"https:\/\/agora.xtec.cat\/esc-musicamartorell\/cursos-anteriors\/curs-2020-21\/festamusica2021\/\" title=\"Read Festa de la M\u00fasica 2021\">Llegeix m\u00e9s\u00bb<\/a><\/p>\n","protected":false},"author":1,"featured_media":0,"parent":930,"menu_order":5,"comment_status":"closed","ping_status":"closed","template":"page-templates\/side-menu.php","meta":{"_bbp_topic_count":0,"_bbp_reply_count":0,"_bbp_total_topic_count":0,"_bbp_total_reply_count":0,"_bbp_voice_count":0,"_bbp_anonymous_reply_count":0,"_bbp_topic_count_hidden":0,"_bbp_reply_count_hidden":0,"_bbp_forum_subforum_count":0,"footnotes":""},"class_list":["post-985","page","type-page","status-publish","hentry"],"post_mailing_queue_ids":[],"_links":{"self":[{"href":"https:\/\/agora.xtec.cat\/esc-musicamartorell\/wp-json\/wp\/v2\/pages\/985","targetHints":{"allow":["GET"]}}],"collection":[{"href":"https:\/\/agora.xtec.cat\/esc-musicamartorell\/wp-json\/wp\/v2\/pages"}],"about":[{"href":"https:\/\/agora.xtec.cat\/esc-musicamartorell\/wp-json\/wp\/v2\/types\/page"}],"author":[{"embeddable":true,"href":"https:\/\/agora.xtec.cat\/esc-musicamartorell\/wp-json\/wp\/v2\/users\/1"}],"replies":[{"embeddable":true,"href":"https:\/\/agora.xtec.cat\/esc-musicamartorell\/wp-json\/wp\/v2\/comments?post=985"}],"version-history":[{"count":3,"href":"https:\/\/agora.xtec.cat\/esc-musicamartorell\/wp-json\/wp\/v2\/pages\/985\/revisions"}],"predecessor-version":[{"id":1050,"href":"https:\/\/agora.xtec.cat\/esc-musicamartorell\/wp-json\/wp\/v2\/pages\/985\/revisions\/1050"}],"up":[{"embeddable":true,"href":"https:\/\/agora.xtec.cat\/esc-musicamartorell\/wp-json\/wp\/v2\/pages\/930"}],"wp:attachment":[{"href":"https:\/\/agora.xtec.cat\/esc-musicamartorell\/wp-json\/wp\/v2\/media?parent=985"}],"curies":[{"name":"wp","href":"https:\/\/api.w.org\/{rel}","templated":true}]}}