{"id":738,"date":"2022-04-26T18:38:05","date_gmt":"2022-04-26T16:38:05","guid":{"rendered":"https:\/\/agora.xtec.cat\/esc-musicamartorell\/?page_id=738"},"modified":"2022-07-05T10:11:44","modified_gmt":"2022-07-05T08:11:44","slug":"aprofundiment-%c2%b7-produccio-musical","status":"publish","type":"page","link":"https:\/\/agora.xtec.cat\/esc-musicamartorell\/ofertaformativa\/aprofundiment\/aprofundiment-%c2%b7-produccio-musical\/","title":{"rendered":"Aprofundiment \u00b7 Producci\u00f3 Musical"},"content":{"rendered":"<h6>Requisits:<\/h6>\n<p>Disposar d&#8217;ordinador a casa i molt recomanable tenir coneixements musicals b\u00e0sics.<\/p>\n<h6>Descripci\u00f3:<\/h6>\n<p>Curs per introduir-se en la gravaci\u00f3 i producci\u00f3 musical, en el que coneixerem les eines i t\u00e8cniques per gravar i produir m\u00fasica amb un ordinador en un entorn d&#8217;estudi casol\u00e0.<\/p>\n<h6>Continguts:<\/h6>\n<ul>\n<li>Conceptes musicals: teoria b\u00e0sica (valors r\u00edtmics, estructures musicals)<\/li>\n<li>Coneixement d&#8217;equip (instruments, monitors, microfonia, previs, convertidors&#8230;)<\/li>\n<li>Coneixement de programari (Daw) la interf\u00edcie, prefer\u00e8ncies, vistes, enregistrament i edici\u00f3 (MIDI\/\u00e0udio) efectes (reverb, delai&#8230;) processadors de din\u00e0mica, equalitzacions, treball amb mostres, canals d&#8217;enviament i retorn, mescla&#8230;<\/li>\n<\/ul>\n<h6>Objectius:<\/h6>\n<ul>\n<li>Adquirir la capacitat de poder enregistrar bases musicals o can\u00e7ons amb una bona qualitat de so, alhora cultivar un criteri global de producci\u00f3, com ha de sonar una can\u00e7\u00f3, una base, una estructura i una mescla equilibrada.<\/li>\n<li>Aquest curs est\u00e0 indicat per qualsevol persona que vulgui adquirir els coneixements necessaris per enregistrar o crear m\u00fasica mitjan\u00e7ant un entorn inform\u00e0tic.<\/li>\n<\/ul>\n<h6>Horari:<\/h6>\n<p>Dimarts de 20h a 21h<\/p>\n","protected":false},"excerpt":{"rendered":"<p>Requisits:<br \/>\nDisposar d&#8217;ordinador a casa i molt recomanable tenir coneixements musicals b\u00e0sics.<br \/>\nDescripci\u00f3:<br \/>\nCurs per introduir-se en la gravaci\u00f3 i producci\u00f3 musical, en el que coneixerem les eines i t\u00e8cniques per gravar i produir m\u00fasica amb un ordinador en un entorn d&#8217;estudi casol\u00e0.<br \/>\nContinguts:<\/p>\n<ul>\n<li>Conceptes musicals: teoria b\u00e0sica (valors r\u00edtmics,&hellip;  <a href=\"https:\/\/agora.xtec.cat\/esc-musicamartorell\/ofertaformativa\/aprofundiment\/aprofundiment-%c2%b7-produccio-musical\/\" title=\"Read Aprofundiment \u00b7 Producci\u00f3 Musical\">Llegeix m\u00e9s\u00bb<\/a><br \/>\n","protected":false},"author":1,"featured_media":0,"parent":729,"menu_order":0,"comment_status":"closed","ping_status":"closed","template":"page-templates\/side-menu.php","meta":{"_bbp_topic_count":0,"_bbp_reply_count":0,"_bbp_total_topic_count":0,"_bbp_total_reply_count":0,"_bbp_voice_count":0,"_bbp_anonymous_reply_count":0,"_bbp_topic_count_hidden":0,"_bbp_reply_count_hidden":0,"_bbp_forum_subforum_count":0,"footnotes":""},"class_list":["post-738","page","type-page","status-publish","hentry"],"post_mailing_queue_ids":[],"_links":{"self":[{"href":"https:\/\/agora.xtec.cat\/esc-musicamartorell\/wp-json\/wp\/v2\/pages\/738","targetHints":{"allow":["GET"]}}],"collection":[{"href":"https:\/\/agora.xtec.cat\/esc-musicamartorell\/wp-json\/wp\/v2\/pages"}],"about":[{"href":"https:\/\/agora.xtec.cat\/esc-musicamartorell\/wp-json\/wp\/v2\/types\/page"}],"author":[{"embeddable":true,"href":"https:\/\/agora.xtec.cat\/esc-musicamartorell\/wp-json\/wp\/v2\/users\/1"}],"replies":[{"embeddable":true,"href":"https:\/\/agora.xtec.cat\/esc-musicamartorell\/wp-json\/wp\/v2\/comments?post=738"}],"version-history":[{"count":3,"href":"https:\/\/agora.xtec.cat\/esc-musicamartorell\/wp-json\/wp\/v2\/pages\/738\/revisions"}],"predecessor-version":[{"id":1097,"href":"https:\/\/agora.xtec.cat\/esc-musicamartorell\/wp-json\/wp\/v2\/pages\/738\/revisions\/1097"}],"up":[{"embeddable":true,"href":"https:\/\/agora.xtec.cat\/esc-musicamartorell\/wp-json\/wp\/v2\/pages\/729"}],"wp:attachment":[{"href":"https:\/\/agora.xtec.cat\/esc-musicamartorell\/wp-json\/wp\/v2\/media?parent=738"}],"curies":[{"name":"wp","href":"https:\/\/api.w.org\/{rel}","templated":true}]}}

Aprofundiment · Producció Musical

<h6>Requisits:</h6>
<p>Disposar d&#8217;ordinador a casa i molt recomanable tenir coneixements musicals bàsics.</p>
<h6>Descripció:</h6>
<p>Curs per introduir-se en la gravació i producció musical, en el que coneixerem les eines i tècniques per gravar i produir música amb un ordinador en un entorn d&#8217;estudi casolà.</p>
<h6>Continguts:</h6>
<ul>
<li>Conceptes musicals: teoria bàsica (valors rítmics, estructures musicals)</li>
<li>Coneixement d&#8217;equip (instruments, monitors, microfonia, previs, convertidors&#8230;)</li>
<li>Coneixement de programari (Daw) la interfície, preferències, vistes, enregistrament i edició (MIDI/àudio) efectes (reverb, delai&#8230;) processadors de dinàmica, equalitzacions, treball amb mostres, canals d&#8217;enviament i retorn, mescla&#8230;</li>
</ul>
<h6>Objectius:</h6>
<ul>
<li>Adquirir la capacitat de poder enregistrar bases musicals o cançons amb una bona qualitat de so, alhora cultivar un criteri global de producció, com ha de sonar una cançó, una base, una estructura i una mescla equilibrada.</li>
<li>Aquest curs està indicat per qualsevol persona que vulgui adquirir els coneixements necessaris per enregistrar o crear música mitjançant un entorn informàtic.</li>
</ul>
<h6>Horari:</h6>
<p>Dimarts de 20h a 21h</p>

<p>Requisits:<br />
Disposar d&#8217;ordinador a casa i molt recomanable tenir coneixements musicals bàsics.<br />
Descripció:<br />
Curs per introduir-se en la gravació i producció musical, en el que coneixerem les eines i tècniques per gravar i produir música amb un ordinador en un entorn d&#8217;estudi casolà.<br />
Continguts:</p>
<ul>
<li>Conceptes musicals: teoria bàsica (valors rítmics,&hellip;  <a href="https://agora.xtec.cat/esc-musicamartorell/ofertaformativa/aprofundiment/aprofundiment-%c2%b7-produccio-musical/" title="Read Aprofundiment · Producció Musical">Llegeix més»</a><br />
