{"id":731,"date":"2022-04-26T18:33:16","date_gmt":"2022-04-26T16:33:16","guid":{"rendered":"https:\/\/agora.xtec.cat\/esc-musicamartorell\/?page_id=731"},"modified":"2022-07-05T10:59:22","modified_gmt":"2022-07-05T08:59:22","slug":"aprofundiment-%c2%b7-creacio-de-canco","status":"publish","type":"page","link":"https:\/\/agora.xtec.cat\/esc-musicamartorell\/ofertaformativa\/aprofundiment\/aprofundiment-%c2%b7-creacio-de-canco\/","title":{"rendered":"Aprofundiment \u00b7 Creaci\u00f3 de Can\u00e7\u00f3"},"content":{"rendered":"<p>Curs per a introduir-se en el mon de la can\u00e7\u00f3 en el que aprenem els elements clau d\u2019aquest estil musical amb l&#8217;objectiu d&#8217;entendre millor el funcionament de les can\u00e7ons que escoltem o cantem, aix\u00ed com d&#8217;arribar a ser capa\u00e7os d\u2019escriure&#8217;n de pr\u00f2pies.<\/p>\n<h6>El curs s\u2019estructura en tres blocs:<\/h6>\n<ul>\n<li>En el primer bloc treballem tota la teoria sobre la can\u00e7\u00f3 com a estil musical (lletres, estructures, melodies, harmonies, etc).<\/li>\n<li>En el segon s\u2019utilitza tota la part te\u00f2rica que hem apr\u00e8s per analitzar diverses can\u00e7ons i identificar-hi cadascun dels elements treballats.<\/li>\n<li>En el tercer bloc parlem de diferents maneres de compondre can\u00e7ons, tot fent alguns exercicis d\u2019escriptura, i en paral\u00b7lel cada alumne\/a treballa sobre un projecte personal per tal de compondre la seva pr\u00f2pia can\u00e7\u00f3, amb l\u2019ajuda de la professora.<\/li>\n<\/ul>\n<p>Aquest curs est\u00e0 indicat per a qualsevol persona, amb un m\u00ednim coneixement musical, que estigui interessada en iniciar-se en aquest estil musical o en saber-ne m\u00e9s coses, si ja el practica<\/p>\n<h6>Horari:<\/h6>\n<p>Dilluns de 19:30h a 20:30h o b\u00e9, dimarts de 19:30h a 20:30h<\/p>\n","protected":false},"excerpt":{"rendered":"<p>Curs per a introduir-se en el mon de la can\u00e7\u00f3 en el que aprenem els elements clau d\u2019aquest estil musical amb l&#8217;objectiu d&#8217;entendre millor el funcionament de les can\u00e7ons que escoltem o cantem, aix\u00ed com d&#8217;arribar a ser capa\u00e7os d\u2019escriure&#8217;n de pr\u00f2pies.<br \/>\nEl curs s\u2019estructura en&hellip;  <a href=\"https:\/\/agora.xtec.cat\/esc-musicamartorell\/ofertaformativa\/aprofundiment\/aprofundiment-%c2%b7-creacio-de-canco\/\" title=\"Read Aprofundiment \u00b7 Creaci\u00f3 de Can\u00e7\u00f3\">Llegeix m\u00e9s\u00bb<\/a><\/p>\n","protected":false},"author":1,"featured_media":0,"parent":729,"menu_order":0,"comment_status":"closed","ping_status":"closed","template":"page-templates\/side-menu.php","meta":{"_bbp_topic_count":0,"_bbp_reply_count":0,"_bbp_total_topic_count":0,"_bbp_total_reply_count":0,"_bbp_voice_count":0,"_bbp_anonymous_reply_count":0,"_bbp_topic_count_hidden":0,"_bbp_reply_count_hidden":0,"_bbp_forum_subforum_count":0,"footnotes":""},"class_list":["post-731","page","type-page","status-publish","hentry"],"post_mailing_queue_ids":[],"_links":{"self":[{"href":"https:\/\/agora.xtec.cat\/esc-musicamartorell\/wp-json\/wp\/v2\/pages\/731","targetHints":{"allow":["GET"]}}],"collection":[{"href":"https:\/\/agora.xtec.cat\/esc-musicamartorell\/wp-json\/wp\/v2\/pages"}],"about":[{"href":"https:\/\/agora.xtec.cat\/esc-musicamartorell\/wp-json\/wp\/v2\/types\/page"}],"author":[{"embeddable":true,"href":"https:\/\/agora.xtec.cat\/esc-musicamartorell\/wp-json\/wp\/v2\/users\/1"}],"replies":[{"embeddable":true,"href":"https:\/\/agora.xtec.cat\/esc-musicamartorell\/wp-json\/wp\/v2\/comments?post=731"}],"version-history":[{"count":3,"href":"https:\/\/agora.xtec.cat\/esc-musicamartorell\/wp-json\/wp\/v2\/pages\/731\/revisions"}],"predecessor-version":[{"id":1107,"href":"https:\/\/agora.xtec.cat\/esc-musicamartorell\/wp-json\/wp\/v2\/pages\/731\/revisions\/1107"}],"up":[{"embeddable":true,"href":"https:\/\/agora.xtec.cat\/esc-musicamartorell\/wp-json\/wp\/v2\/pages\/729"}],"wp:attachment":[{"href":"https:\/\/agora.xtec.cat\/esc-musicamartorell\/wp-json\/wp\/v2\/media?parent=731"}],"curies":[{"name":"wp","href":"https:\/\/api.w.org\/{rel}","templated":true}]}}