{"id":57,"date":"2014-09-17T17:01:07","date_gmt":"2014-09-17T17:01:07","guid":{"rendered":"http:\/\/agora.xtec.cat\/esc-musicamartorell\/?page_id=57"},"modified":"2022-07-05T13:05:15","modified_gmt":"2022-07-05T11:05:15","slug":"ofertaformativa","status":"publish","type":"page","link":"https:\/\/agora.xtec.cat\/esc-musicamartorell\/ofertaformativa\/","title":{"rendered":"Oferta Formativa"},"content":{"rendered":"<h5>\r\n\t<div class=\"slideshow_container slideshow_container_style-light\" style=\"height: 300px; \" data-slideshow-id=\"822\" data-style-name=\"style-light\" data-style-version=\"2.3.1\" >\r\n\r\n\t\t\t\t\t<div class=\"slideshow_loading_icon\"><\/div>\r\n\t\t\r\n\t\t<div class=\"slideshow_content\" style=\"display: none;\">\r\n\r\n\t\t\t<div class=\"slideshow_view\">\r\n\t\t\t\t<div class=\"slideshow_slide slideshow_slide_image\">\r\n\t\t\t\t\t\t\t\t\t\t\t<img src=\"https:\/\/agora.xtec.cat\/esc-musicamartorell\/wp-content\/uploads\/usu2511\/2021\/11\/JAMOctubre21.jpg\" alt=\"Jam Session\" width=\"2048\" height=\"1536\" \/>\r\n\t\t\t\t\t\t\t\t\t\t<div class=\"slideshow_description_box slideshow_transparent\">\r\n\t\t\t\t\t\t<div class=\"slideshow_title\">Jam Session<\/div>\t\t\t\t\t\t\t\t\t\t\t<\/div>\r\n\t\t\t\t<\/div>\r\n\r\n\t\t\t\t\t\t<div style=\"clear: both;\"><\/div><\/div>\r\n\t\t<\/div>\r\n\r\n\t\t<div class=\"slideshow_controlPanel slideshow_transparent\" style=\"display: none;\"><ul><li class=\"slideshow_togglePlay\" data-play-text=\"Visualitza\" data-pause-text=\"Pausa\"><\/li><\/ul><\/div>\r\n\r\n\t\t<div class=\"slideshow_button slideshow_previous slideshow_transparent\" role=\"button\" data-previous-text=\"Anterior\" style=\"display: none;\"><\/div>\r\n\t\t<div class=\"slideshow_button slideshow_next slideshow_transparent\" role=\"button\" data-next-text=\"Seg\u00fcent\" style=\"display: none;\"><\/div>\r\n\r\n\t\t<div class=\"slideshow_pagination\" style=\"display: none;\" data-go-to-text=\"V\u00e9s a la diapositiva\"><div class=\"slideshow_pagination_center\"><\/div><\/div>\r\n\r\n\t\t<!-- WordPress Slideshow Version 2.3.1 -->\r\n\r\n\t\t\t<\/div>\r\n\r\n<\/h5>\n<h3><a href=\"https:\/\/agora.xtec.cat\/esc-musicamartorell\/ofertaformativa\/instruments\/\"><strong><u>Instruments<\/u><\/strong><\/a><\/h3>\n<p>Els instruments que es poden aprendre a la nostra escola en qualsevol dels diferents nivells d\u2019Ensenyaments que oferim son:<\/p>\n<p>Baix el\u00e8ctric, bateria, cant modern, clarinet, flauta travessera, guitarra , guitarra el\u00e8ctrica, piano cl\u00e0ssic, piano modern, sax\u00f2fon, tromb\u00f3, trompeta, viol\u00ed i violoncel.<\/p>\n<p style=\"text-align: left;\">Els preus s\u00f3n els del nivell d\u2019Ensenyament en el qu\u00e8 us trobeu:<\/p>\n<h4 style=\"text-align: left;\"><a href=\"https:\/\/agora.xtec.cat\/esc-musicamartorell\/projecte-educatiu\/ensenyament-basic\/\">&#8211; ENSENYAMENT B\u00c0SIC<\/a><\/h4>\n<h4 style=\"text-align: left;\"><a href=\"https:\/\/agora.xtec.cat\/esc-musicamartorell\/projecte-educatiu\/aprofundiment\/\">&#8211; APROFUNDIMENT <\/a><\/h4>\n<h4 style=\"text-align: left;\"><a href=\"https:\/\/agora.xtec.cat\/esc-musicamartorell\/ofertaformativa\/nivell-avancat-expertesa\/\">&#8211; NIVELL AVAN\u00c7AT<\/a><\/h4>\n<h4 style=\"text-align: left;\"><a href=\"https:\/\/agora.xtec.cat\/esc-musicamartorell\/ofertaformativa\/musica-per-adults\/\">&#8211; MUSICA PER ADULTS\u00a0<\/a><\/h4>\n<h4><\/h4>\n<p>&nbsp;<\/p>\n<h4><a href=\"https:\/\/forms.gle\/Gc2xbDzyQEJLjNfb6\"><strong>PREINSCRIPCI\u00d3 22-21<\/strong><\/a><\/h4>\n","protected":false},"excerpt":{"rendered":"<p>\t\t\t\t\t\tJam Session\t\t\t\t\t\t\t\t\t\t\t<\/p>\n<ul>\n<li class=\"slideshow_togglePlay\" data-play-text=\"Visualitza\" data-pause-text=\"Pausa\"><\/li>\n<\/ul>\n<p><a href=\"https:\/\/agora.xtec.cat\/esc-musicamartorell\/ofertaformativa\/instruments\/\">Instruments<\/a><br \/>\nEls instruments que es poden aprendre a la nostra escola en qualsevol dels diferents nivells d\u2019Ensenyaments que oferim son:<br \/>\nBaix el\u00e8ctric, bateria, cant modern, clarinet, flauta travessera, guitarra , guitarra el\u00e8ctrica, piano cl\u00e0ssic, piano modern, sax\u00f2fon, tromb\u00f3, trompeta, viol\u00ed i violoncel.<br \/>\nEls&hellip;  <a href=\"https:\/\/agora.xtec.cat\/esc-musicamartorell\/ofertaformativa\/\" title=\"Read Oferta Formativa\">Llegeix m\u00e9s\u00bb<\/a><\/p>\n","protected":false},"author":1,"featured_media":0,"parent":0,"menu_order":0,"comment_status":"closed","ping_status":"closed","template":"page-templates\/side-menu.php","meta":{"_bbp_topic_count":0,"_bbp_reply_count":0,"_bbp_total_topic_count":0,"_bbp_total_reply_count":0,"_bbp_voice_count":0,"_bbp_anonymous_reply_count":0,"_bbp_topic_count_hidden":0,"_bbp_reply_count_hidden":0,"_bbp_forum_subforum_count":0,"footnotes":""},"class_list":["post-57","page","type-page","status-publish","hentry"],"post_mailing_queue_ids":[],"_links":{"self":[{"href":"https:\/\/agora.xtec.cat\/esc-musicamartorell\/wp-json\/wp\/v2\/pages\/57","targetHints":{"allow":["GET"]}}],"collection":[{"href":"https:\/\/agora.xtec.cat\/esc-musicamartorell\/wp-json\/wp\/v2\/pages"}],"about":[{"href":"https:\/\/agora.xtec.cat\/esc-musicamartorell\/wp-json\/wp\/v2\/types\/page"}],"author":[{"embeddable":true,"href":"https:\/\/agora.xtec.cat\/esc-musicamartorell\/wp-json\/wp\/v2\/users\/1"}],"replies":[{"embeddable":true,"href":"https:\/\/agora.xtec.cat\/esc-musicamartorell\/wp-json\/wp\/v2\/comments?post=57"}],"version-history":[{"count":3,"href":"https:\/\/agora.xtec.cat\/esc-musicamartorell\/wp-json\/wp\/v2\/pages\/57\/revisions"}],"predecessor-version":[{"id":1118,"href":"https:\/\/agora.xtec.cat\/esc-musicamartorell\/wp-json\/wp\/v2\/pages\/57\/revisions\/1118"}],"wp:attachment":[{"href":"https:\/\/agora.xtec.cat\/esc-musicamartorell\/wp-json\/wp\/v2\/media?parent=57"}],"curies":[{"name":"wp","href":"https:\/\/api.w.org\/{rel}","templated":true}]}}