{"id":73,"date":"2018-09-03T14:01:51","date_gmt":"2018-09-03T12:01:51","guid":{"rendered":"http:\/\/agora.xtec.cat\/esc-muntanyadeldrac\/?page_id=73"},"modified":"2026-04-28T16:08:56","modified_gmt":"2026-04-28T14:08:56","slug":"menjador-escolar","status":"publish","type":"page","link":"https:\/\/agora.xtec.cat\/esc-muntanyadeldrac\/serveis\/menjador-escolar\/","title":{"rendered":"Menjador escolar (SERHS FOOD)"},"content":{"rendered":"<p><a href=\"https:\/\/agora.xtec.cat\/esc-muntanyadeldrac\/wp-content\/uploads\/usu1241\/2024\/06\/salut.png\"><img loading=\"lazy\" decoding=\"async\" class=\"wp-image-4039 alignnone\" src=\"https:\/\/agora.xtec.cat\/esc-muntanyadeldrac\/wp-content\/uploads\/usu1241\/2024\/06\/salut.png\" alt=\"\" width=\"237\" height=\"40\" srcset=\"https:\/\/agora.xtec.cat\/esc-muntanyadeldrac\/wp-content\/uploads\/usu1241\/2024\/06\/salut.png 373w, https:\/\/agora.xtec.cat\/esc-muntanyadeldrac\/wp-content\/uploads\/usu1241\/2024\/06\/salut-300x51.png 300w\" sizes=\"auto, (max-width: 237px) 100vw, 237px\" \/><\/a><\/p>\n<table style=\"height: 39px; width: 91.4588%; border-collapse: collapse; border-style: double; border-color: #000000; background-color: #ecc0f0;\">\n<tbody>\n<tr style=\"height: 39px;\">\n<td style=\"width: 100%; height: 39px;\"><span style=\"font-size: 16px;\"><strong>Programa de revisi\u00f3 de men\u00fas escolars (PReME) : <a href=\"https:\/\/agora.xtec.cat\/esc-muntanyadeldrac\/wp-content\/uploads\/usu1241\/2024\/02\/20240202-Manresa-Escola-Muntanya-del-Drac-REV.pdf\" target=\"_blank\" rel=\"noopener\">20240202-Manresa Escola Muntanya del Drac-<\/a><\/strong><\/span><\/td>\n<\/tr>\n<\/tbody>\n<\/table>\n<table style=\"height: 41px; width: 91.5913%; border-collapse: collapse; background-color: #8ae2ed; border-color: #242020; border-style: solid;\">\n<tbody>\n<tr style=\"height: 41px;\">\n<td style=\"width: 100%; height: 41px; border-style: solid; border-color: #000000;\"><span style=\"font-size: 16px; color: #333333;\"><span style=\"font-size: 16px;\"><strong>Programa de revisi\u00f3 de men\u00fas escolars (PReME): <\/strong><\/span><\/span><a href=\"https:\/\/agora.xtec.cat\/esc-muntanyadeldrac\/wp-content\/uploads\/usu1241\/2024\/06\/20240531-Manresa-Escola-Muntanya-del-Drac-SEG.pdf\" target=\"_blank\" rel=\"noopener\"><span style=\"font-size: 16px; color: #ff0000;\">Informe de seguiment Escola Muntanya del Drac.<\/span><\/a><\/td>\n<\/tr>\n<\/tbody>\n<\/table>\n<p style=\"font-family: 'Helvetica Neue', Helvetica, Helvetica, Arial, sans-serif; font-size: 16px;\">Gestionat pel Consell Comarcal de Bages. L\u2019empresa encarregada de servir els men\u00fas \u00e9s\u00a0<strong>\u00a0SERHS FOOD<\/strong>\u00a0.<\/p>\n<p style=\"font-family: 'Helvetica Neue', Helvetica, Helvetica, Arial, sans-serif; font-size: 16px;\">El preu del tiquet \u00e9s de\u00a0<b>6,41\u20ac\u00a0<\/b>si l&#8217;usuari \u00e9s<b>\u00a0fix.\u00a0<\/b>I si l&#8217;usuari \u00e9s<b>\u00a0espor\u00e0dic\u00a0<\/b>el preu \u00e9s de<b>\u00a06,47\u20ac.<\/b><\/p>\n<p>En el seg\u00fcent enlla\u00e7 trobareu tota la informaci\u00f3 proporcionada:<\/p>\n<p><strong><a href=\"https:\/\/iara.serhsfoodeduca.com\/\">SERHS FOOD<\/a>\u00a0<\/strong><\/p>\n<p><strong><a href=\"https:\/\/agora.xtec.cat\/esc-muntanyadeldrac\/wp-content\/uploads\/usu1241\/2019\/09\/INSTRUCCIONS-PER-LA-COMPRA-DE-TIQUETS-PER-LA-APP-SERHS-FOOD-EDUCA.pdf\">INSTRUCCIONS PER LA COMPRA DE TIQUETS PER LA APP SERHS FOOD EDUCA<\/a><\/strong><\/p>\n<p><strong><a href=\"https:\/\/agora.xtec.cat\/esc-muntanyadeldrac\/wp-content\/uploads\/usu1241\/2023\/09\/CARTA-BENVINGUDA-MUNTANYA-DEL-DRAC-LOT-2.pdf\">CARTA BENVINGUDA MUNTANYA DEL DRAC <\/a><\/strong><\/p>\n<p><strong>Horari d\u2019atenci\u00f3 de la coordinadora de menjador:<\/strong><\/p>\n<p>Dimarts i dijous de 12h a 13 hores<\/p>\n<p>Tel\u00e8fon de contacte: 677964360<\/p>\n<p>Men\u00fas maig: <a href=\"https:\/\/agora.xtec.cat\/esc-muntanyadeldrac\/wp-content\/uploads\/usu1241\/2026\/04\/Basal-Maig.pdf\">basal Maig<\/a> i <a href=\"https:\/\/www.ccbages.cat\/wp-content\/uploads\/2026\/04\/MAIG-_2026_DERIVADES_CCBAGES.pdf\">derivacions<\/a>.<\/p>\n<h6><span style=\"font-size: 24px;\"><span style=\"font-size: 16px;\">M\u00e9s informaci\u00f3 dels men\u00fas i altres a la p\u00e0gina del<\/span> <a href=\"https:\/\/www.ccbages.cat\/educacioicultura\/educacio\/menjador\/menus\/\" target=\"_blank\" rel=\"noopener\"><span style=\"text-decoration: underline;\">CONSELL COMARCAL<\/span><\/a><\/span><\/h6>\n\n\n<p><\/p>\n","protected":false},"excerpt":{"rendered":"<p>Programa de revisi\u00f3 de men\u00fas escolars (PReME) : 20240202-Manresa Escola Muntanya del Drac- Programa de revisi\u00f3 de men\u00fas escolars (PReME): Informe de seguiment Escola Muntanya del Drac. Gestionat pel Consell Comarcal de Bages. L\u2019empresa encarregada de servir els men\u00fas \u00e9s\u00a0\u00a0SERHS FOOD\u00a0. El preu del tiquet \u00e9s de\u00a06,41\u20ac\u00a0si l&#8217;usuari \u00e9s\u00a0fix.\u00a0I si l&#8217;usuari \u00e9s\u00a0espor\u00e0dic\u00a0el preu \u00e9s de\u00a06,47\u20ac. [&hellip;]<\/p>\n","protected":false},"author":1,"featured_media":0,"parent":66,"menu_order":30,"comment_status":"closed","ping_status":"closed","template":"","meta":{"_bbp_topic_count":0,"_bbp_reply_count":0,"_bbp_total_topic_count":0,"_bbp_total_reply_count":0,"_bbp_voice_count":0,"_bbp_anonymous_reply_count":0,"_bbp_topic_count_hidden":0,"_bbp_reply_count_hidden":0,"_bbp_forum_subforum_count":0,"site-sidebar-layout":"default","site-content-layout":"","ast-site-content-layout":"default","site-content-style":"default","site-sidebar-style":"default","ast-global-header-display":"","ast-banner-title-visibility":"","ast-main-header-display":"","ast-hfb-above-header-display":"","ast-hfb-below-header-display":"","ast-hfb-mobile-header-display":"","site-post-title":"","ast-breadcrumbs-content":"","ast-featured-img":"","footer-sml-layout":"","theme-transparent-header-meta":"","adv-header-id-meta":"","stick-header-meta":"","header-above-stick-meta":"","header-main-stick-meta":"","header-below-stick-meta":"","astra-migrate-meta-layouts":"set","ast-page-background-enabled":"default","ast-page-background-meta":{"desktop":{"background-color":"var(--ast-global-color-4)","background-image":"","background-repeat":"repeat","background-position":"center center","background-size":"auto","background-attachment":"scroll","background-type":"","background-media":"","overlay-type":"","overlay-color":"","overlay-opacity":"","overlay-gradient":""},"tablet":{"background-color":"","background-image":"","background-repeat":"repeat","background-position":"center center","background-size":"auto","background-attachment":"scroll","background-type":"","background-media":"","overlay-type":"","overlay-color":"","overlay-opacity":"","overlay-gradient":""},"mobile":{"background-color":"","background-image":"","background-repeat":"repeat","background-position":"center center","background-size":"auto","background-attachment":"scroll","background-type":"","background-media":"","overlay-type":"","overlay-color":"","overlay-opacity":"","overlay-gradient":""}},"ast-content-background-meta":{"desktop":{"background-color":"var(--ast-global-color-5)","background-image":"","background-repeat":"repeat","background-position":"center center","background-size":"auto","background-attachment":"scroll","background-type":"","background-media":"","overlay-type":"","overlay-color":"","overlay-opacity":"","overlay-gradient":""},"tablet":{"background-color":"var(--ast-global-color-5)","background-image":"","background-repeat":"repeat","background-position":"center center","background-size":"auto","background-attachment":"scroll","background-type":"","background-media":"","overlay-type":"","overlay-color":"","overlay-opacity":"","overlay-gradient":""},"mobile":{"background-color":"var(--ast-global-color-5)","background-image":"","background-repeat":"repeat","background-position":"center center","background-size":"auto","background-attachment":"scroll","background-type":"","background-media":"","overlay-type":"","overlay-color":"","overlay-opacity":"","overlay-gradient":""}},"footnotes":""},"class_list":["post-73","page","type-page","status-publish","hentry"],"post_mailing_queue_ids":[],"_links":{"self":[{"href":"https:\/\/agora.xtec.cat\/esc-muntanyadeldrac\/wp-json\/wp\/v2\/pages\/73","targetHints":{"allow":["GET"]}}],"collection":[{"href":"https:\/\/agora.xtec.cat\/esc-muntanyadeldrac\/wp-json\/wp\/v2\/pages"}],"about":[{"href":"https:\/\/agora.xtec.cat\/esc-muntanyadeldrac\/wp-json\/wp\/v2\/types\/page"}],"author":[{"embeddable":true,"href":"https:\/\/agora.xtec.cat\/esc-muntanyadeldrac\/wp-json\/wp\/v2\/users\/1"}],"replies":[{"embeddable":true,"href":"https:\/\/agora.xtec.cat\/esc-muntanyadeldrac\/wp-json\/wp\/v2\/comments?post=73"}],"version-history":[{"count":6,"href":"https:\/\/agora.xtec.cat\/esc-muntanyadeldrac\/wp-json\/wp\/v2\/pages\/73\/revisions"}],"predecessor-version":[{"id":4767,"href":"https:\/\/agora.xtec.cat\/esc-muntanyadeldrac\/wp-json\/wp\/v2\/pages\/73\/revisions\/4767"}],"up":[{"embeddable":true,"href":"https:\/\/agora.xtec.cat\/esc-muntanyadeldrac\/wp-json\/wp\/v2\/pages\/66"}],"wp:attachment":[{"href":"https:\/\/agora.xtec.cat\/esc-muntanyadeldrac\/wp-json\/wp\/v2\/media?parent=73"}],"curies":[{"name":"wp","href":"https:\/\/api.w.org\/{rel}","templated":true}]}}