{"id":28,"date":"2014-09-18T12:29:35","date_gmt":"2014-09-18T11:29:35","guid":{"rendered":"http:\/\/agora.xtec.cat\/esc-muntanyadeldrac\/?page_id=28"},"modified":"2025-09-30T09:57:23","modified_gmt":"2025-09-30T07:57:23","slug":"consell-escolar","status":"publish","type":"page","link":"https:\/\/agora.xtec.cat\/esc-muntanyadeldrac\/escola\/consell-escolar\/","title":{"rendered":"Educaci\u00f3 infantil: com treballem?"},"content":{"rendered":"<p><span style=\"color: #800080;\"><strong>NIUS a educaci\u00f3 infantil<\/strong><\/span><\/p>\n<p>Busquem fomentar l\u2019autonomia dels nens i nenes, sent subjectes actius i participants en el seu propi proc\u00e9s.<\/p>\n<p>Els nius s\u2019estructuren mitjan\u00e7ant la disposici\u00f3 planificada de diferents materials que provoquen l\u2019inter\u00e8s dels nens i nenes i que desenvolupen diferents continguts curriculars segons la planificaci\u00f3 efectuada per els\/les mestres.<\/p>\n<p>Per a fer una aproximaci\u00f3 als diferents nius n\u2019hem desenvolupat quatre que creiem que poden donar resposta a les capacitats de l\u2019etapa d\u2019educaci\u00f3 infantil: <strong>art, sensorial, moviment i dansa i joc simb\u00f2lic<\/strong>.<\/p>\n<p><span style=\"color: #800080;\">\u00a0 <strong>Niu Sensorial<\/strong><\/span><\/p>\n<ul>\n<li>Psicomotricitat fina<\/li>\n<li>Coordinaci\u00f3 \u00f2cul-manual<\/li>\n<li>Exploraci\u00f3 i combinaci\u00f3 de materials<\/li>\n<li>Classificaci\u00f3 i agrupaci\u00f3 d\u2019elements, seriacions i seq\u00fc\u00e8ncies<\/li>\n<li>Construcci\u00f3 i destrucci\u00f3<\/li>\n<li>Dimensions i mesures<\/li>\n<li>Quantificacions<\/li>\n<li>Atributs<\/li>\n<li>Percepci\u00f3 espacial<\/li>\n<li>Raonament l\u00f2gic i matem\u00e0tic<\/li>\n<li>Elements del medi natural i f\u00edsic<\/li>\n<li>Formes i figures geom\u00e8triques<\/li>\n<\/ul>\n<p><span style=\"color: #800080;\"><strong>Niu d\u2019 Art<\/strong><\/span><\/p>\n<ul>\n<li>Coordinaci\u00f3 \u00f2cul-manual<\/li>\n<li>Psicomotricitat fina<\/li>\n<li>Creativitat i lliure expressi\u00f3<\/li>\n<li>Pre-escriptura<\/li>\n<li>Inici grafies i tra\u00e7os<\/li>\n<li>Lletres<\/li>\n<li>Colors<\/li>\n<li>Modelatge<\/li>\n<li>Enganxar, retallar, estripar\u2026<\/li>\n<li>Autonomia<\/li>\n<li>Relaci\u00f3 i adaptaci\u00f3 al grup<\/li>\n<li>Conviv\u00e8ncia<\/li>\n<li>Co-creaci\u00f3<\/li>\n<li>Imitaci\u00f3, reproducci\u00f3 i representaci\u00f3 de rols<\/li>\n<li>Expressi\u00f3 oral<\/li>\n<li>Vocabulari espec\u00edfic<\/li>\n<\/ul>\n<p><span style=\"color: #800080;\"><strong>Niu de Moviment i Dansa<\/strong><\/span><\/p>\n<ul>\n<li>Coordinaci\u00f3 i control postural<\/li>\n<li>Conceptes musicals<\/li>\n<li>Emocions i relats musicals<\/li>\n<li>Experimentaci\u00f3 amb sons i instruments<\/li>\n<li>Imitaci\u00f3 i representaci\u00f3<\/li>\n<li>Relaxaci\u00f3<\/li>\n<\/ul>\n<p><span style=\"color: #800080;\"><strong>Niu de Construcci\u00f3<\/strong><\/span><\/p>\n<ul>\n<li>Desenvolupament de la creativitat i la imaginaci\u00f3<\/li>\n<li>Experimentaci\u00f3 amb diferents materials i formes<\/li>\n<li>Habilitats motrius fines i coordinaci\u00f3 ull-m\u00e0<\/li>\n<li>Resoluci\u00f3 de problemes i presa de decisions<\/li>\n<li>Adquisici\u00f3 de conceptes matem\u00e0tics b\u00e0sics: mida, forma, equilibri&#8230;<\/li>\n<li>Col\u00b7laboraci\u00f3 i joc compartit<\/li>\n<li>Respecte pel material i per les produccions dels companys<\/li>\n<\/ul>\n<p><span style=\"color: #800080;\"><strong>PSICOMOTRICITAT a educaci\u00f3 infantil<\/strong><\/span><\/p>\n<p>A les sessions de psicomotricitat, l\u2019infant guanya autonomia, seguretat i autoestima i se l\u2019acompanya en la construcci\u00f3 de la seva identitat. A trav\u00e9s del moviment i l\u2019acci\u00f3, apr\u00e8n a relacionar-se amb el seu propi cos, amb l\u2019espai, amb els objectes i amb els altres. \u00c9s un context de confian\u00e7a, seguretat i llibertat en el qual l\u2019infant podr\u00e0 expressar-se, relacionar-se i tenir experi\u00e8ncies vitals.<\/p>\n","protected":false},"excerpt":{"rendered":"<p>NIUS a educaci\u00f3 infantil Busquem fomentar l\u2019autonomia dels nens i nenes, sent subjectes actius i participants en el seu propi proc\u00e9s. Els nius s\u2019estructuren mitjan\u00e7ant la disposici\u00f3 planificada de diferents materials que provoquen l\u2019inter\u00e8s dels nens i nenes i que desenvolupen diferents continguts curriculars segons la planificaci\u00f3 efectuada per els\/les mestres. Per a fer una [&hellip;]<\/p>\n","protected":false},"author":1,"featured_media":0,"parent":22,"menu_order":30,"comment_status":"closed","ping_status":"closed","template":"","meta":{"_bbp_topic_count":0,"_bbp_reply_count":0,"_bbp_total_topic_count":0,"_bbp_total_reply_count":0,"_bbp_voice_count":0,"_bbp_anonymous_reply_count":0,"_bbp_topic_count_hidden":0,"_bbp_reply_count_hidden":0,"_bbp_forum_subforum_count":0,"site-sidebar-layout":"default","site-content-layout":"","ast-site-content-layout":"default","site-content-style":"default","site-sidebar-style":"default","ast-global-header-display":"","ast-banner-title-visibility":"","ast-main-header-display":"","ast-hfb-above-header-display":"","ast-hfb-below-header-display":"","ast-hfb-mobile-header-display":"","site-post-title":"","ast-breadcrumbs-content":"","ast-featured-img":"","footer-sml-layout":"","theme-transparent-header-meta":"","adv-header-id-meta":"","stick-header-meta":"","header-above-stick-meta":"","header-main-stick-meta":"","header-below-stick-meta":"","astra-migrate-meta-layouts":"set","ast-page-background-enabled":"default","ast-page-background-meta":{"desktop":{"background-color":"var(--ast-global-color-4)","background-image":"","background-repeat":"repeat","background-position":"center center","background-size":"auto","background-attachment":"scroll","background-type":"","background-media":"","overlay-type":"","overlay-color":"","overlay-opacity":"","overlay-gradient":""},"tablet":{"background-color":"","background-image":"","background-repeat":"repeat","background-position":"center center","background-size":"auto","background-attachment":"scroll","background-type":"","background-media":"","overlay-type":"","overlay-color":"","overlay-opacity":"","overlay-gradient":""},"mobile":{"background-color":"","background-image":"","background-repeat":"repeat","background-position":"center center","background-size":"auto","background-attachment":"scroll","background-type":"","background-media":"","overlay-type":"","overlay-color":"","overlay-opacity":"","overlay-gradient":""}},"ast-content-background-meta":{"desktop":{"background-color":"var(--ast-global-color-5)","background-image":"","background-repeat":"repeat","background-position":"center center","background-size":"auto","background-attachment":"scroll","background-type":"","background-media":"","overlay-type":"","overlay-color":"","overlay-opacity":"","overlay-gradient":""},"tablet":{"background-color":"var(--ast-global-color-5)","background-image":"","background-repeat":"repeat","background-position":"center center","background-size":"auto","background-attachment":"scroll","background-type":"","background-media":"","overlay-type":"","overlay-color":"","overlay-opacity":"","overlay-gradient":""},"mobile":{"background-color":"var(--ast-global-color-5)","background-image":"","background-repeat":"repeat","background-position":"center center","background-size":"auto","background-attachment":"scroll","background-type":"","background-media":"","overlay-type":"","overlay-color":"","overlay-opacity":"","overlay-gradient":""}},"footnotes":""},"class_list":["post-28","page","type-page","status-publish","hentry"],"post_mailing_queue_ids":[],"_links":{"self":[{"href":"https:\/\/agora.xtec.cat\/esc-muntanyadeldrac\/wp-json\/wp\/v2\/pages\/28","targetHints":{"allow":["GET"]}}],"collection":[{"href":"https:\/\/agora.xtec.cat\/esc-muntanyadeldrac\/wp-json\/wp\/v2\/pages"}],"about":[{"href":"https:\/\/agora.xtec.cat\/esc-muntanyadeldrac\/wp-json\/wp\/v2\/types\/page"}],"author":[{"embeddable":true,"href":"https:\/\/agora.xtec.cat\/esc-muntanyadeldrac\/wp-json\/wp\/v2\/users\/1"}],"replies":[{"embeddable":true,"href":"https:\/\/agora.xtec.cat\/esc-muntanyadeldrac\/wp-json\/wp\/v2\/comments?post=28"}],"version-history":[{"count":5,"href":"https:\/\/agora.xtec.cat\/esc-muntanyadeldrac\/wp-json\/wp\/v2\/pages\/28\/revisions"}],"predecessor-version":[{"id":4587,"href":"https:\/\/agora.xtec.cat\/esc-muntanyadeldrac\/wp-json\/wp\/v2\/pages\/28\/revisions\/4587"}],"up":[{"embeddable":true,"href":"https:\/\/agora.xtec.cat\/esc-muntanyadeldrac\/wp-json\/wp\/v2\/pages\/22"}],"wp:attachment":[{"href":"https:\/\/agora.xtec.cat\/esc-muntanyadeldrac\/wp-json\/wp\/v2\/media?parent=28"}],"curies":[{"name":"wp","href":"https:\/\/api.w.org\/{rel}","templated":true}]}}