{"id":2083,"date":"2022-05-24T09:21:45","date_gmt":"2022-05-24T07:21:45","guid":{"rendered":"https:\/\/agora.xtec.cat\/esc-muntanyadeldrac\/?page_id=2083"},"modified":"2022-12-16T12:37:51","modified_gmt":"2022-12-16T11:37:51","slug":"edc-estrategia-digital-de-centre-construccio","status":"publish","type":"page","link":"https:\/\/agora.xtec.cat\/esc-muntanyadeldrac\/edc-estrategia-digital-de-centre-construccio\/","title":{"rendered":"EDC Muntanya del Drac"},"content":{"rendered":"<div class=\"pd-15x link-dotted\">\n<h6><div class=\"h5p-iframe-wrapper\"><iframe id=\"h5p-iframe-1\" class=\"h5p-iframe\" data-content-id=\"1\" style=\"height:1px\" src=\"about:blank\" frameBorder=\"0\" scrolling=\"no\" title=\"EDC MUNTANYA DEL DRAC\"><\/iframe><\/div><\/h6>\n<\/div>\n<h6><\/h6>\n<p style=\"text-align: left;\"><a href=\"https:\/\/agora.xtec.cat\/esc-muntanyadeldrac\/wp-content\/uploads\/usu1241\/2022\/06\/image.png\"><img loading=\"lazy\" decoding=\"async\" class=\"aligncenter size-large wp-image-2151\" src=\"https:\/\/agora.xtec.cat\/esc-muntanyadeldrac\/wp-content\/uploads\/usu1241\/2022\/06\/image-1024x119.png\" alt=\"\" width=\"1024\" height=\"119\" srcset=\"https:\/\/agora.xtec.cat\/esc-muntanyadeldrac\/wp-content\/uploads\/usu1241\/2022\/06\/image-1024x119.png 1024w, https:\/\/agora.xtec.cat\/esc-muntanyadeldrac\/wp-content\/uploads\/usu1241\/2022\/06\/image-300x35.png 300w, https:\/\/agora.xtec.cat\/esc-muntanyadeldrac\/wp-content\/uploads\/usu1241\/2022\/06\/image-768x89.png 768w, https:\/\/agora.xtec.cat\/esc-muntanyadeldrac\/wp-content\/uploads\/usu1241\/2022\/06\/image.png 1280w\" sizes=\"auto, (max-width: 1024px) 100vw, 1024px\" \/><\/a>L&#8217;estrat\u00e8gia digital de centre (EDC) defineix i concreta les l\u00ednies d&#8217;actuaci\u00f3 d&#8217;un centre que fan possible que docents, alumnat i centre assoleixin la compet\u00e8ncia digital. Per aconseguir aquesta compet\u00e8ncia digital, l&#8217;EDC compr\u00e8n tots els \u00e0mbits del centre: organitzatius, metodol\u00f2gics, curriculars i comunicatius, els quals s&#8217;han de veure necess\u00e0riament implicats i, si escau, transformats, des d\u2019una perspectiva d&#8217;innovaci\u00f3 i de millora cont\u00ednua.<\/p>\n<div class=\"pd-15x link-dotted\">\n<p>Els objectius de l&#8217;EDC es poden agrupar en cinc \u00e0mbits, que tenen com a fita el m\u00e0xim assoliment de la compet\u00e8ncia digital de l\u2019alumnat, del professorat i del centre:<\/p>\n<ul>\n<li style=\"text-align: left;\">Assoliment de la compet\u00e8ncia digital<\/li>\n<li style=\"text-align: left;\">Planificaci\u00f3 estrat\u00e8gica i organitzaci\u00f3<\/li>\n<li style=\"text-align: left;\">Metodologies did\u00e0ctiques i innovaci\u00f3<\/li>\n<li style=\"text-align: left;\">Inclusi\u00f3 digital i de g\u00e8nere<\/li>\n<li style=\"text-align: left;\">Seguretat i protecci\u00f3 de dades<\/li>\n<\/ul>\n<p style=\"text-align: center;\"><iframe loading=\"lazy\" src=\"\/\/giphy.com\/embed\/cmegx6SssTKmEFEcwj\" width=\"350\" height=\"350\" frameborder=\"0\" allowfullscreen=\"allowfullscreen\"><span style=\"display: inline-block; width: 0px; overflow: hidden; line-height: 0;\" data-mce-type=\"bookmark\" class=\"mce_SELRES_start\">\ufeff<\/span><\/iframe><\/p>\n<\/div>\n","protected":false},"excerpt":{"rendered":"<p>L&#8217;estrat\u00e8gia digital de centre (EDC) defineix i concreta les l\u00ednies d&#8217;actuaci\u00f3 d&#8217;un centre que fan possible que docents, alumnat i centre assoleixin la compet\u00e8ncia digital. Per aconseguir aquesta compet\u00e8ncia digital, l&#8217;EDC compr\u00e8n tots els \u00e0mbits del centre: organitzatius, metodol\u00f2gics, curriculars i comunicatius, els quals s&#8217;han de veure necess\u00e0riament implicats i, si escau, transformats, des d\u2019una [&hellip;]<\/p>\n","protected":false},"author":1,"featured_media":0,"parent":0,"menu_order":0,"comment_status":"closed","ping_status":"closed","template":"","meta":{"_bbp_topic_count":0,"_bbp_reply_count":0,"_bbp_total_topic_count":0,"_bbp_total_reply_count":0,"_bbp_voice_count":0,"_bbp_anonymous_reply_count":0,"_bbp_topic_count_hidden":0,"_bbp_reply_count_hidden":0,"_bbp_forum_subforum_count":0,"site-sidebar-layout":"default","site-content-layout":"","ast-site-content-layout":"","site-content-style":"default","site-sidebar-style":"default","ast-global-header-display":"","ast-banner-title-visibility":"","ast-main-header-display":"","ast-hfb-above-header-display":"","ast-hfb-below-header-display":"","ast-hfb-mobile-header-display":"","site-post-title":"","ast-breadcrumbs-content":"","ast-featured-img":"","footer-sml-layout":"","theme-transparent-header-meta":"","adv-header-id-meta":"","stick-header-meta":"","header-above-stick-meta":"","header-main-stick-meta":"","header-below-stick-meta":"","astra-migrate-meta-layouts":"default","ast-page-background-enabled":"default","ast-page-background-meta":{"desktop":{"background-color":"var(--ast-global-color-4)","background-image":"","background-repeat":"repeat","background-position":"center center","background-size":"auto","background-attachment":"scroll","background-type":"","background-media":"","overlay-type":"","overlay-color":"","overlay-opacity":"","overlay-gradient":""},"tablet":{"background-color":"","background-image":"","background-repeat":"repeat","background-position":"center center","background-size":"auto","background-attachment":"scroll","background-type":"","background-media":"","overlay-type":"","overlay-color":"","overlay-opacity":"","overlay-gradient":""},"mobile":{"background-color":"","background-image":"","background-repeat":"repeat","background-position":"center center","background-size":"auto","background-attachment":"scroll","background-type":"","background-media":"","overlay-type":"","overlay-color":"","overlay-opacity":"","overlay-gradient":""}},"ast-content-background-meta":{"desktop":{"background-color":"var(--ast-global-color-5)","background-image":"","background-repeat":"repeat","background-position":"center center","background-size":"auto","background-attachment":"scroll","background-type":"","background-media":"","overlay-type":"","overlay-color":"","overlay-opacity":"","overlay-gradient":""},"tablet":{"background-color":"var(--ast-global-color-5)","background-image":"","background-repeat":"repeat","background-position":"center center","background-size":"auto","background-attachment":"scroll","background-type":"","background-media":"","overlay-type":"","overlay-color":"","overlay-opacity":"","overlay-gradient":""},"mobile":{"background-color":"var(--ast-global-color-5)","background-image":"","background-repeat":"repeat","background-position":"center center","background-size":"auto","background-attachment":"scroll","background-type":"","background-media":"","overlay-type":"","overlay-color":"","overlay-opacity":"","overlay-gradient":""}},"footnotes":""},"class_list":["post-2083","page","type-page","status-publish","hentry"],"post_mailing_queue_ids":[],"_links":{"self":[{"href":"https:\/\/agora.xtec.cat\/esc-muntanyadeldrac\/wp-json\/wp\/v2\/pages\/2083","targetHints":{"allow":["GET"]}}],"collection":[{"href":"https:\/\/agora.xtec.cat\/esc-muntanyadeldrac\/wp-json\/wp\/v2\/pages"}],"about":[{"href":"https:\/\/agora.xtec.cat\/esc-muntanyadeldrac\/wp-json\/wp\/v2\/types\/page"}],"author":[{"embeddable":true,"href":"https:\/\/agora.xtec.cat\/esc-muntanyadeldrac\/wp-json\/wp\/v2\/users\/1"}],"replies":[{"embeddable":true,"href":"https:\/\/agora.xtec.cat\/esc-muntanyadeldrac\/wp-json\/wp\/v2\/comments?post=2083"}],"version-history":[{"count":4,"href":"https:\/\/agora.xtec.cat\/esc-muntanyadeldrac\/wp-json\/wp\/v2\/pages\/2083\/revisions"}],"predecessor-version":[{"id":2303,"href":"https:\/\/agora.xtec.cat\/esc-muntanyadeldrac\/wp-json\/wp\/v2\/pages\/2083\/revisions\/2303"}],"wp:attachment":[{"href":"https:\/\/agora.xtec.cat\/esc-muntanyadeldrac\/wp-json\/wp\/v2\/media?parent=2083"}],"curies":[{"name":"wp","href":"https:\/\/api.w.org\/{rel}","templated":true}]}}