{"id":478,"date":"2018-10-23T20:19:04","date_gmt":"2018-10-23T18:19:04","guid":{"rendered":"http:\/\/agora.xtec.cat\/esc-mrossell\/?page_id=478"},"modified":"2026-01-25T11:11:19","modified_gmt":"2026-01-25T10:11:19","slug":"grau-superior-en-vitivinicultura","status":"publish","type":"page","link":"https:\/\/agora.xtec.cat\/esc-mrossell\/formacio-professional\/grau-superior-en-vitivinicultura\/","title":{"rendered":"Grau Superior en Vitivinicultura (DUAL)"},"content":{"rendered":"<p style=\"text-align: center;\"><a href=\"https:\/\/agora.xtec.cat\/esc-mrossell\/wp-content\/uploads\/usu1609\/2019\/01\/CURSOS-FP-02.jpg\"><img loading=\"lazy\" decoding=\"async\" class=\"alignnone wp-image-705 size-large\" src=\"https:\/\/agora.xtec.cat\/esc-mrossell\/wp-content\/uploads\/usu1609\/2019\/01\/CURSOS-FP-02-1024x363.jpg\" sizes=\"auto, (max-width: 1024px) 100vw, 1024px\" srcset=\"https:\/\/agora.xtec.cat\/esc-mrossell\/wp-content\/uploads\/usu1609\/2019\/01\/CURSOS-FP-02-1024x363.jpg 1024w, https:\/\/agora.xtec.cat\/esc-mrossell\/wp-content\/uploads\/usu1609\/2019\/01\/CURSOS-FP-02-300x106.jpg 300w, https:\/\/agora.xtec.cat\/esc-mrossell\/wp-content\/uploads\/usu1609\/2019\/01\/CURSOS-FP-02-768x272.jpg 768w\" alt=\"\" width=\"1024\" height=\"363\" \/><\/a><\/p>\n<p style=\"text-align: center;\"><img loading=\"lazy\" decoding=\"async\" src=\"https:\/\/mcusercontent.com\/778e7917527907b7335ebfb59\/images\/83259613-075c-440f-a51e-676e94814856.png\" width=\"30\" height=\"30\" data-file-id=\"5529055\" data-cke-saved-src=\"https:\/\/mcusercontent.com\/778e7917527907b7335ebfb59\/images\/83259613-075c-440f-a51e-676e94814856.png\" \/> Consultar segons opci\u00f3 a escollir<\/p>\n<p style=\"text-align: center;\"><img loading=\"lazy\" decoding=\"async\" src=\"https:\/\/mcusercontent.com\/778e7917527907b7335ebfb59\/images\/21f41253-c859-4b7d-8294-ff234aa181f7.jpg\" width=\"30\" height=\"22\" data-file-id=\"5529067\" data-cke-saved-src=\"https:\/\/mcusercontent.com\/778e7917527907b7335ebfb59\/images\/21f41253-c859-4b7d-8294-ff234aa181f7.jpg\" \/> 360\u20ac (taxes) +\u00a0 320 (materials)<\/p>\n<p style=\"text-align: center;\"><img loading=\"lazy\" decoding=\"async\" src=\"https:\/\/mcusercontent.com\/778e7917527907b7335ebfb59\/images\/2f67418f-9ac8-4b2a-a384-dba45beb27c7.png\" width=\"30\" height=\"30\" data-file-id=\"5529059\" data-cke-saved-src=\"https:\/\/mcusercontent.com\/778e7917527907b7335ebfb59\/images\/2f67418f-9ac8-4b2a-a384-dba45beb27c7.png\" \/> Dos cursos lectius<\/p>\n<p style=\"text-align: center;\"><strong>(curriculum nova llei d&#8217;FP &#8211; <a href=\"https:\/\/www.boe.es\/boe\/dias\/2022\/04\/01\/pdfs\/BOE-A-2022-5139.pdf\" target=\"_blank\" rel=\"noopener\">Llei Org\u00e1nica 3\/2022<\/a>, de 31 de mar\u00e7-)<\/strong><\/p>\n<p><strong>OBJECTIU<\/strong><\/p>\n<p style=\"text-align: justify;\">El Cicle Formatiu de Grau Superior en Vitivinicultura t\u00e9 com a objectiu la capacitaci\u00f3 de l\u2019alumnat per treballar en l\u2019explotaci\u00f3 vitivin\u00edcola. Els formem per que puguin planificar i realitzar les operacions d\u2019elaboraci\u00f3, estabilitzaci\u00f3 i envasament de vins i derivats, i tamb\u00e9 per programar i controlar la producci\u00f3 vit\u00edcola.<\/p>\n<p style=\"text-align: justify;\">Es tracta d&#8217;una formaci\u00f3 dual, \u00e9s a dir una modalitat de formaci\u00f3 professional en la qual l\u2019estudiant esdev\u00e9 aprenent i combina la formaci\u00f3 en el centre educatiu amb l\u2019activitat a l\u2019empresa. (per m\u00e9s informaci\u00f3 sobre la formaci\u00f3 dual, consulta la seg\u00fcent<a href=\"https:\/\/agora.xtec.cat\/fpdual\/informacio\/que-es-la-formacio-professional-dual\/\"> plana web)<\/a><\/p>\n<p>El centre tamb\u00e9 ofereix aquesta formaci\u00f3 en versi\u00f3 no-dual.<\/p>\n<p><a href=\"https:\/\/educaciodigital.cat\/esc-mrossell\/moodle\/pluginfile.php\/124849\/mod_resource\/content\/1\/Vitivinicultura.pdf\"><img loading=\"lazy\" decoding=\"async\" class=\"alignnone wp-image-3635\" src=\"https:\/\/agora.xtec.cat\/esc-mrossell\/wp-content\/uploads\/usu1609\/2022\/02\/images-4.png\" alt=\"\" width=\"95\" height=\"95\" srcset=\"https:\/\/agora.xtec.cat\/esc-mrossell\/wp-content\/uploads\/usu1609\/2022\/02\/images-4.png 225w, https:\/\/agora.xtec.cat\/esc-mrossell\/wp-content\/uploads\/usu1609\/2022\/02\/images-4-150x150.png 150w\" sizes=\"auto, (max-width: 95px) 100vw, 95px\" \/><\/a><a href=\"https:\/\/educaciodigital.cat\/esc-mrossell\/moodle\/pluginfile.php\/124849\/mod_resource\/content\/1\/Vitivinicultura.pdf\" target=\"_blank\" rel=\"noopener noreferrer\">\u00a0Tr\u00edptic del cicle<\/a><\/p>\n<p><strong>DURADA<\/strong><\/p>\n<p>En funci\u00f3 a la opci\u00f3 a escollir:<\/p>\n<ul>\n<li style=\"list-style-type: none;\">\n<ul style=\"list-style-type: circle;\">\n<li><u><b>Formaci\u00f3 DUAL a Empresa <em>(pr\u00e0ctiques remunerades<\/em>)\u00a0<\/b><\/u>\n<ul style=\"list-style-type: disc;\">\n<li><b>Hores <\/b>lectives al <b>centre:<\/b>\u00a0<b>1.287<\/b><b>\u00a0h<\/b><\/li>\n<li><b>Hores m\u00ednimes treball en <\/b><b>empr<\/b><b>esa: 900<\/b><b>\u00a0h<\/b><span style=\"color: #ffffff;\"><b>h<\/b><\/span><\/li>\n<\/ul>\n<\/li>\n<\/ul>\n<\/li>\n<\/ul>\n<p>&nbsp;<\/p>\n<ul>\n<li style=\"list-style-type: none;\">\n<ul style=\"list-style-type: circle;\">\n<li><span style=\"text-decoration: underline;\"><b>Formaci\u00f3 no DUAL <\/b><\/span><em>\u00a0<\/em>\n<ul>\n<li style=\"list-style-type: none;\">\n<ul>\n<li><b>Hores<\/b> lectives al <b>cen<\/b><strong>tre<\/strong>: <b>1.485 h<\/b><\/li>\n<li><b>Hor<\/b><strong>es Formaci\u00f3 en el ce<\/strong><b>ntre de <\/b><b>treball<\/b> (FCT): <strong>515\u00a0h<\/strong><\/li>\n<\/ul>\n<\/li>\n<\/ul>\n<\/li>\n<\/ul>\n<\/li>\n<\/ul>\n<ul>\n<li style=\"list-style-type: none;\"><\/li>\n<\/ul>\n<p><strong>COST<\/strong><\/p>\n<p style=\"text-align: justify;\">El curs costa 360\u20ac de taxes (fam\u00edlies nombroses la meitat), uns 305\u20ac aprox. de material i l&#8217;asseguran\u00e7a escolar (1,12\u20ac)<\/p>\n<p><strong>PROGRAMA<\/strong><\/p>\n<ul>\n<li>Viticultura<\/li>\n<li>Vinificacions<\/li>\n<li>Estabilitzaci\u00f3, crian\u00e7a i envasat<\/li>\n<li>An\u00e0lisi enol\u00f2gic<\/li>\n<li>Ind\u00fastries derivades<\/li>\n<li>Tast i cultura vitivin\u00edcola<\/li>\n<li>Comercialitzaci\u00f3 i log\u00edstica en la ind\u00fastria aliment\u00e0ria<\/li>\n<li>Legislaci\u00f3 vitivin\u00edcola i seguretat aliment\u00e0ria<\/li>\n<li>Gesti\u00f3 de qualitat i ambiental en la ind\u00fastria aliment\u00e0ria<\/li>\n<li>Processos bioqu\u00edmics<\/li>\n<li>Projecte en la ind\u00fastria vitivin\u00edcola<\/li>\n<li>Formaci\u00f3 i orientaci\u00f3 laboral.<\/li>\n<li>Empresa i iniciativa emprenedora<\/li>\n<li>Formaci\u00f3 en centres de treball<\/li>\n<\/ul>\n<p><strong>REQUISITS D\u2019ACC\u00c9S<\/strong><\/p>\n<ul>\n<li>T\u00edtol de batxillerat<\/li>\n<li>Haver superat COU<\/li>\n<li>T\u00edtol de qualsevol altre cicle formatiu de grau superior<\/li>\n<li>T\u00edtol de Cicle formatiu grau mig<\/li>\n<li>T\u00edtol de FP2<\/li>\n<li>Superar la prova d\u2019acc\u00e9s als cicles formatius de grau superior<\/li>\n<li>Superar la prova d\u2019acc\u00e9s a la universitat per a majors de 25 anys<\/li>\n<li>Disposar de titulaci\u00f3 universit\u00e0ria<\/li>\n<\/ul>\n<p><a href=\"https:\/\/agora.xtec.cat\/esc-mrossell\/wp-content\/uploads\/usu1609\/2026\/01\/o_IAA0_vitivinicultura_20240428-1.docx\">Decret del curr\u00edculum<\/a><\/p>\n","protected":false},"excerpt":{"rendered":"<p><a href=\"https:\/\/agora.xtec.cat\/esc-mrossell\/wp-content\/uploads\/usu1609\/2019\/01\/CURSOS-FP-02.jpg\"><\/a><br \/>\n Consultar segons opci\u00f3 a escollir<br \/>\n 360\u20ac (taxes) +\u00a0 320 (materials)<br \/>\n Dos cursos lectius<br \/>\n(curriculum nova llei d&#8217;FP &#8211; <a href=\"https:\/\/www.boe.es\/boe\/dias\/2022\/04\/01\/pdfs\/BOE-A-2022-5139.pdf\" target=\"_blank\" rel=\"noopener\">Llei Org\u00e1nica 3\/2022<\/a>, de 31 de mar\u00e7-)<br \/>\nOBJECTIU<br \/>\nEl Cicle Formatiu de Grau Superior en Vitivinicultura t\u00e9 com a objectiu la capacitaci\u00f3 de l\u2019alumnat per&hellip;  <a href=\"https:\/\/agora.xtec.cat\/esc-mrossell\/formacio-professional\/grau-superior-en-vitivinicultura\/\" title=\"Read Grau Superior en Vitivinicultura (DUAL)\">Llegeix m\u00e9s\u00bb<\/a><\/p>\n","protected":false},"author":1,"featured_media":0,"parent":703,"menu_order":0,"comment_status":"closed","ping_status":"closed","template":"page-templates\/side-menu.php","meta":{"_bbp_topic_count":0,"_bbp_reply_count":0,"_bbp_total_topic_count":0,"_bbp_total_reply_count":0,"_bbp_voice_count":0,"_bbp_anonymous_reply_count":0,"_bbp_topic_count_hidden":0,"_bbp_reply_count_hidden":0,"_bbp_forum_subforum_count":0,"footnotes":""},"class_list":["post-478","page","type-page","status-publish","hentry"],"post_mailing_queue_ids":[],"_links":{"self":[{"href":"https:\/\/agora.xtec.cat\/esc-mrossell\/wp-json\/wp\/v2\/pages\/478","targetHints":{"allow":["GET"]}}],"collection":[{"href":"https:\/\/agora.xtec.cat\/esc-mrossell\/wp-json\/wp\/v2\/pages"}],"about":[{"href":"https:\/\/agora.xtec.cat\/esc-mrossell\/wp-json\/wp\/v2\/types\/page"}],"author":[{"embeddable":true,"href":"https:\/\/agora.xtec.cat\/esc-mrossell\/wp-json\/wp\/v2\/users\/1"}],"replies":[{"embeddable":true,"href":"https:\/\/agora.xtec.cat\/esc-mrossell\/wp-json\/wp\/v2\/comments?post=478"}],"version-history":[{"count":7,"href":"https:\/\/agora.xtec.cat\/esc-mrossell\/wp-json\/wp\/v2\/pages\/478\/revisions"}],"predecessor-version":[{"id":14076,"href":"https:\/\/agora.xtec.cat\/esc-mrossell\/wp-json\/wp\/v2\/pages\/478\/revisions\/14076"}],"up":[{"embeddable":true,"href":"https:\/\/agora.xtec.cat\/esc-mrossell\/wp-json\/wp\/v2\/pages\/703"}],"wp:attachment":[{"href":"https:\/\/agora.xtec.cat\/esc-mrossell\/wp-json\/wp\/v2\/media?parent=478"}],"curies":[{"name":"wp","href":"https:\/\/api.w.org\/{rel}","templated":true}]}}