{"id":7224,"date":"2021-07-13T12:55:07","date_gmt":"2021-07-13T10:55:07","guid":{"rendered":"http:\/\/agora.xtec.cat\/esc-molidefinestrelles\/?page_id=7224"},"modified":"2022-09-06T13:10:51","modified_gmt":"2022-09-06T11:10:51","slug":"us-social-de-les-instal%c2%b7lacions-dels-centres-publics","status":"publish","type":"page","link":"https:\/\/agora.xtec.cat\/esc-molidefinestrelles\/us-social-de-les-instal%c2%b7lacions-dels-centres-publics\/","title":{"rendered":"\u00daS SOCIAL DE LES INSTAL\u00b7LACIONS DELS CENTRES P\u00daBLICS"},"content":{"rendered":"<p>Realitzaci\u00f3 d&#8217;activitats educatives, c\u00edviques, culturals, esportives, art\u00edstiques o altres de car\u00e0cter social pe part de persones f\u00edsiques o jur\u00eddiques sense \u00e0nim de lucre i no compreses en l&#8217;\u00fas propi del centre.\u00a0La tipologia pot ser molt diversa.<\/p>\n<p>Entitats que participen:<\/p>\n<p><a href=\"https:\/\/agora.xtec.cat\/esc-molidefinestrelles\/wp-content\/uploads\/usu1469\/2021\/07\/CLUB-ESPORTIU-FABRA-I-COATS.pdf\">CLUB ESPORTIU FABRA I COATS<\/a><\/p>\n<p><a href=\"https:\/\/agora.xtec.cat\/esc-molidefinestrelles\/wp-content\/uploads\/usu1469\/2021\/09\/Prorroga-curs-2021-2022.pdf\">Pr\u00f3rroga curs 2021-2022<\/a><\/p>\n<p>&nbsp;<\/p>\n<p>&nbsp;<\/p>\n<p>&nbsp;<\/p>\n","protected":false},"excerpt":{"rendered":"<p>Realitzaci\u00f3 d&#8217;activitats educatives, c\u00edviques, culturals, esportives, art\u00edstiques o altres de car\u00e0cter social pe part de persones f\u00edsiques o jur\u00eddiques sense \u00e0nim de lucre i no compreses en l&#8217;\u00fas propi del centre.\u00a0La tipologia pot ser molt diversa.<br \/>\nEntitats que participen:<br \/>\n<a href=\"https:\/\/agora.xtec.cat\/esc-molidefinestrelles\/wp-content\/uploads\/usu1469\/2021\/07\/CLUB-ESPORTIU-FABRA-I-COATS.pdf\">CLUB ESPORTIU FABRA I COATS<\/a><br \/>\n<a href=\"https:\/\/agora.xtec.cat\/esc-molidefinestrelles\/wp-content\/uploads\/usu1469\/2021\/09\/Prorroga-curs-2021-2022.pdf\">Pr\u00f3rroga curs&hellip;  <a href=\"https:\/\/agora.xtec.cat\/esc-molidefinestrelles\/us-social-de-les-instal%c2%b7lacions-dels-centres-publics\/\" title=\"Read \u00daS SOCIAL DE LES INSTAL\u00b7LACIONS DELS CENTRES P\u00daBLICS\">Llegeix m\u00e9s\u00bb<\/a><\/p>\n","protected":false},"author":124,"featured_media":0,"parent":0,"menu_order":0,"comment_status":"closed","ping_status":"closed","template":"","meta":{"_bbp_topic_count":0,"_bbp_reply_count":0,"_bbp_total_topic_count":0,"_bbp_total_reply_count":0,"_bbp_voice_count":0,"_bbp_anonymous_reply_count":0,"_bbp_topic_count_hidden":0,"_bbp_reply_count_hidden":0,"_bbp_forum_subforum_count":0,"footnotes":""},"class_list":["post-7224","page","type-page","status-publish","hentry"],"post_mailing_queue_ids":[],"_links":{"self":[{"href":"https:\/\/agora.xtec.cat\/esc-molidefinestrelles\/wp-json\/wp\/v2\/pages\/7224","targetHints":{"allow":["GET"]}}],"collection":[{"href":"https:\/\/agora.xtec.cat\/esc-molidefinestrelles\/wp-json\/wp\/v2\/pages"}],"about":[{"href":"https:\/\/agora.xtec.cat\/esc-molidefinestrelles\/wp-json\/wp\/v2\/types\/page"}],"author":[{"embeddable":true,"href":"https:\/\/agora.xtec.cat\/esc-molidefinestrelles\/wp-json\/wp\/v2\/users\/124"}],"replies":[{"embeddable":true,"href":"https:\/\/agora.xtec.cat\/esc-molidefinestrelles\/wp-json\/wp\/v2\/comments?post=7224"}],"version-history":[{"count":4,"href":"https:\/\/agora.xtec.cat\/esc-molidefinestrelles\/wp-json\/wp\/v2\/pages\/7224\/revisions"}],"predecessor-version":[{"id":9024,"href":"https:\/\/agora.xtec.cat\/esc-molidefinestrelles\/wp-json\/wp\/v2\/pages\/7224\/revisions\/9024"}],"wp:attachment":[{"href":"https:\/\/agora.xtec.cat\/esc-molidefinestrelles\/wp-json\/wp\/v2\/media?parent=7224"}],"curies":[{"name":"wp","href":"https:\/\/api.w.org\/{rel}","templated":true}]}}