{"id":6346,"date":"2021-02-22T11:49:02","date_gmt":"2021-02-22T10:49:02","guid":{"rendered":"http:\/\/agora.xtec.cat\/esc-molidefinestrelles\/?page_id=6346"},"modified":"2023-11-17T17:42:01","modified_gmt":"2023-11-17T16:42:01","slug":"memoria-anual","status":"publish","type":"page","link":"https:\/\/agora.xtec.cat\/esc-molidefinestrelles\/pagines-dinici\/projectes-descola\/memoria-anual\/","title":{"rendered":"Mem\u00f2ria anual"},"content":{"rendered":"<p>Els centres que conformen el Servei d&#8217;Educaci\u00f3 de Catalunya o que imparteixen ensenyaments post obligatoris sostinguts amb fons p\u00fablics recullen en la mem\u00f2ria anual, l&#8217;avaluaci\u00f3 de<br \/>\nl&#8217;assoliment dels objectius que s&#8217;han previst en la programaci\u00f3 general anual, d&#8217;acord amb els criteris, els indicadors i els procediments d&#8217;avaluaci\u00f3 definits en el projecte educatiu del centre i, en el cas dels centres p\u00fablics, concretats en el projecte de direcci\u00f3.<br \/>\nCorrespon al claustre de professors dels centres p\u00fablics avaluar el desenvolupament i els resultats dels aspectes educatius de la programaci\u00f3 general anual.<\/p>\n<p><a href=\"https:\/\/drive.google.com\/file\/d\/1GwT8_HQaDE6kQUYqxYaVNJzLWj8YpxdX\/view?usp=sharing\">Mem\u00f2ria curs 2022-2023<\/a><\/p>\n<p>&nbsp;<\/p>\n<p>&nbsp;<\/p>\n","protected":false},"excerpt":{"rendered":"<p>Els centres que conformen el Servei d&#8217;Educaci\u00f3 de Catalunya o que imparteixen ensenyaments post obligatoris sostinguts amb fons p\u00fablics recullen en la mem\u00f2ria anual, l&#8217;avaluaci\u00f3 de<br \/>\nl&#8217;assoliment dels objectius que s&#8217;han previst en la programaci\u00f3 general anual, d&#8217;acord amb els criteris, els indicadors i els procediments&hellip;  <a href=\"https:\/\/agora.xtec.cat\/esc-molidefinestrelles\/pagines-dinici\/projectes-descola\/memoria-anual\/\" title=\"Read Mem\u00f2ria anual\">Llegeix m\u00e9s\u00bb<\/a><\/p>\n","protected":false},"author":124,"featured_media":0,"parent":3254,"menu_order":0,"comment_status":"closed","ping_status":"closed","template":"page-templates\/side-menu.php","meta":{"_bbp_topic_count":0,"_bbp_reply_count":0,"_bbp_total_topic_count":0,"_bbp_total_reply_count":0,"_bbp_voice_count":0,"_bbp_anonymous_reply_count":0,"_bbp_topic_count_hidden":0,"_bbp_reply_count_hidden":0,"_bbp_forum_subforum_count":0,"footnotes":""},"class_list":["post-6346","page","type-page","status-publish","hentry"],"post_mailing_queue_ids":[],"_links":{"self":[{"href":"https:\/\/agora.xtec.cat\/esc-molidefinestrelles\/wp-json\/wp\/v2\/pages\/6346","targetHints":{"allow":["GET"]}}],"collection":[{"href":"https:\/\/agora.xtec.cat\/esc-molidefinestrelles\/wp-json\/wp\/v2\/pages"}],"about":[{"href":"https:\/\/agora.xtec.cat\/esc-molidefinestrelles\/wp-json\/wp\/v2\/types\/page"}],"author":[{"embeddable":true,"href":"https:\/\/agora.xtec.cat\/esc-molidefinestrelles\/wp-json\/wp\/v2\/users\/124"}],"replies":[{"embeddable":true,"href":"https:\/\/agora.xtec.cat\/esc-molidefinestrelles\/wp-json\/wp\/v2\/comments?post=6346"}],"version-history":[{"count":5,"href":"https:\/\/agora.xtec.cat\/esc-molidefinestrelles\/wp-json\/wp\/v2\/pages\/6346\/revisions"}],"predecessor-version":[{"id":10874,"href":"https:\/\/agora.xtec.cat\/esc-molidefinestrelles\/wp-json\/wp\/v2\/pages\/6346\/revisions\/10874"}],"up":[{"embeddable":true,"href":"https:\/\/agora.xtec.cat\/esc-molidefinestrelles\/wp-json\/wp\/v2\/pages\/3254"}],"wp:attachment":[{"href":"https:\/\/agora.xtec.cat\/esc-molidefinestrelles\/wp-json\/wp\/v2\/media?parent=6346"}],"curies":[{"name":"wp","href":"https:\/\/api.w.org\/{rel}","templated":true}]}}