{"id":34,"date":"2014-09-18T12:32:18","date_gmt":"2014-09-18T11:32:18","guid":{"rendered":"http:\/\/agora.xtec.cat\/esc-molidefinestrelles\/?page_id=34"},"modified":"2022-12-28T19:00:37","modified_gmt":"2022-12-28T18:00:37","slug":"oferta-educativa","status":"publish","type":"page","link":"https:\/\/agora.xtec.cat\/esc-molidefinestrelles\/lescola\/oferta-educativa\/","title":{"rendered":"Oferta educativa"},"content":{"rendered":"<p>El centre \u00e9s de dues l\u00ednies, dos grups-classe per nivell,\u00a0 i ofereix ensenyament d\u2019Educaci\u00f3 Infantil (3 \u2013 6 anys) i d\u2019Educaci\u00f3 Prim\u00e0ria (6 -12 anys).<\/p>\n<p>En acabar la prim\u00e0ria, els alumnes tenen garantida la continu\u00eftat a secund\u00e0ria en algun dels Instituts de secund\u00e0ria del districte: Institut Dr. Puigvert ,\u00a0 Institut Mart\u00ed Pous i Vapor del Fil.<\/p>\n<p>Est\u00e0 previst esdevenir Escola-Institut\u00a0 en els propers cursos, amb la fusi\u00f3 de l&#8217;escola i l&#8217;institut Vapor del Fil.<\/p>\n","protected":false},"excerpt":{"rendered":"<p>El centre \u00e9s de dues l\u00ednies, dos grups-classe per nivell,\u00a0 i ofereix ensenyament d\u2019Educaci\u00f3 Infantil (3 \u2013 6 anys) i d\u2019Educaci\u00f3 Prim\u00e0ria (6 -12 anys).<br \/>\nEn acabar la prim\u00e0ria, els alumnes tenen garantida la continu\u00eftat a secund\u00e0ria en algun dels Instituts de secund\u00e0ria del districte: Institut&hellip;  <a href=\"https:\/\/agora.xtec.cat\/esc-molidefinestrelles\/lescola\/oferta-educativa\/\" title=\"Read Oferta educativa\">Llegeix m\u00e9s\u00bb<\/a><\/p>\n","protected":false},"author":1,"featured_media":0,"parent":22,"menu_order":60,"comment_status":"closed","ping_status":"closed","template":"page-templates\/side-menu.php","meta":{"_bbp_topic_count":0,"_bbp_reply_count":0,"_bbp_total_topic_count":0,"_bbp_total_reply_count":0,"_bbp_voice_count":0,"_bbp_anonymous_reply_count":0,"_bbp_topic_count_hidden":0,"_bbp_reply_count_hidden":0,"_bbp_forum_subforum_count":0,"footnotes":""},"class_list":["post-34","page","type-page","status-publish","hentry"],"post_mailing_queue_ids":[],"_links":{"self":[{"href":"https:\/\/agora.xtec.cat\/esc-molidefinestrelles\/wp-json\/wp\/v2\/pages\/34","targetHints":{"allow":["GET"]}}],"collection":[{"href":"https:\/\/agora.xtec.cat\/esc-molidefinestrelles\/wp-json\/wp\/v2\/pages"}],"about":[{"href":"https:\/\/agora.xtec.cat\/esc-molidefinestrelles\/wp-json\/wp\/v2\/types\/page"}],"author":[{"embeddable":true,"href":"https:\/\/agora.xtec.cat\/esc-molidefinestrelles\/wp-json\/wp\/v2\/users\/1"}],"replies":[{"embeddable":true,"href":"https:\/\/agora.xtec.cat\/esc-molidefinestrelles\/wp-json\/wp\/v2\/comments?post=34"}],"version-history":[{"count":3,"href":"https:\/\/agora.xtec.cat\/esc-molidefinestrelles\/wp-json\/wp\/v2\/pages\/34\/revisions"}],"predecessor-version":[{"id":9917,"href":"https:\/\/agora.xtec.cat\/esc-molidefinestrelles\/wp-json\/wp\/v2\/pages\/34\/revisions\/9917"}],"up":[{"embeddable":true,"href":"https:\/\/agora.xtec.cat\/esc-molidefinestrelles\/wp-json\/wp\/v2\/pages\/22"}],"wp:attachment":[{"href":"https:\/\/agora.xtec.cat\/esc-molidefinestrelles\/wp-json\/wp\/v2\/media?parent=34"}],"curies":[{"name":"wp","href":"https:\/\/api.w.org\/{rel}","templated":true}]}}