{"id":3319,"date":"2019-01-16T09:52:21","date_gmt":"2019-01-16T08:52:21","guid":{"rendered":"http:\/\/agora.xtec.cat\/esc-molidefinestrelles\/?page_id=3319"},"modified":"2019-01-18T09:38:20","modified_gmt":"2019-01-18T08:38:20","slug":"hort-escolar","status":"publish","type":"page","link":"https:\/\/agora.xtec.cat\/esc-molidefinestrelles\/pagines-dinici\/projectes-descola\/hort-escolar\/","title":{"rendered":"Hort escolar"},"content":{"rendered":"<h3>L&#8217;hort escolar \u00e9s una forma d&#8217;aprendre sobre el coneixement del medi natural, tenint en compte que \u00e9s un ecosistema molt ric i adient . Permet adquirir coneixements d&#8217;una manera experimental, poden observar, investigar, jugar&#8230; amb tot all\u00f2 que forma l&#8217;ecosistema: els animals i les plantes. Tot i aix\u00ed, es treballa de forma transversal amb la implicaci\u00f3 d&#8217;altres \u00e0rees d&#8217;aprenentatge que tamb\u00e9 poden estar lligades a l&#8217;hort, com ara les matem\u00e0tiques, la pl\u00e0stica, l&#8217;angl\u00e8s,&#8230;<\/h3>\n<h3>Amb l&#8217;hort tamb\u00e9 afavorim les relacions socials entre iguals.<\/h3>\n<h3><\/h3>\n<h3>\u201cL\u2019hort \u00e9s el vincle que encara ens uneix a la terra, que ens permet a tots ser agricultors, obtenir els nostres propis aliments sense rec\u00f3rrer al sistema monetari. L\u2019hort ens connecta amb els nostres avantpassats\u201d (Escutia, 2009)<\/h3>\n","protected":false},"excerpt":{"rendered":"<p>L&#8217;hort escolar \u00e9s una forma d&#8217;aprendre sobre el coneixement del medi natural, tenint en compte que \u00e9s un ecosistema molt ric i adient . Permet adquirir coneixements d&#8217;una manera experimental, poden observar, investigar, jugar&#8230; amb tot all\u00f2 que forma l&#8217;ecosistema: els animals i les plantes.&hellip;  <a href=\"https:\/\/agora.xtec.cat\/esc-molidefinestrelles\/pagines-dinici\/projectes-descola\/hort-escolar\/\" title=\"Read Hort escolar\">Llegeix m\u00e9s\u00bb<\/a><\/p>\n","protected":false},"author":124,"featured_media":0,"parent":3254,"menu_order":0,"comment_status":"closed","ping_status":"closed","template":"page-templates\/side-menu.php","meta":{"_bbp_topic_count":0,"_bbp_reply_count":0,"_bbp_total_topic_count":0,"_bbp_total_reply_count":0,"_bbp_voice_count":0,"_bbp_anonymous_reply_count":0,"_bbp_topic_count_hidden":0,"_bbp_reply_count_hidden":0,"_bbp_forum_subforum_count":0,"footnotes":""},"class_list":["post-3319","page","type-page","status-publish","hentry"],"post_mailing_queue_ids":[],"_links":{"self":[{"href":"https:\/\/agora.xtec.cat\/esc-molidefinestrelles\/wp-json\/wp\/v2\/pages\/3319","targetHints":{"allow":["GET"]}}],"collection":[{"href":"https:\/\/agora.xtec.cat\/esc-molidefinestrelles\/wp-json\/wp\/v2\/pages"}],"about":[{"href":"https:\/\/agora.xtec.cat\/esc-molidefinestrelles\/wp-json\/wp\/v2\/types\/page"}],"author":[{"embeddable":true,"href":"https:\/\/agora.xtec.cat\/esc-molidefinestrelles\/wp-json\/wp\/v2\/users\/124"}],"replies":[{"embeddable":true,"href":"https:\/\/agora.xtec.cat\/esc-molidefinestrelles\/wp-json\/wp\/v2\/comments?post=3319"}],"version-history":[{"count":3,"href":"https:\/\/agora.xtec.cat\/esc-molidefinestrelles\/wp-json\/wp\/v2\/pages\/3319\/revisions"}],"predecessor-version":[{"id":3346,"href":"https:\/\/agora.xtec.cat\/esc-molidefinestrelles\/wp-json\/wp\/v2\/pages\/3319\/revisions\/3346"}],"up":[{"embeddable":true,"href":"https:\/\/agora.xtec.cat\/esc-molidefinestrelles\/wp-json\/wp\/v2\/pages\/3254"}],"wp:attachment":[{"href":"https:\/\/agora.xtec.cat\/esc-molidefinestrelles\/wp-json\/wp\/v2\/media?parent=3319"}],"curies":[{"name":"wp","href":"https:\/\/api.w.org\/{rel}","templated":true}]}}