{"id":3310,"date":"2019-01-16T09:47:11","date_gmt":"2019-01-16T08:47:11","guid":{"rendered":"http:\/\/agora.xtec.cat\/esc-molidefinestrelles\/?page_id=3310"},"modified":"2019-01-16T15:47:49","modified_gmt":"2019-01-16T14:47:49","slug":"europa-un-espai-comu","status":"publish","type":"page","link":"https:\/\/agora.xtec.cat\/esc-molidefinestrelles\/pagines-dinici\/projectes-descola\/europa-un-espai-comu\/","title":{"rendered":"Europa, el nostre espai com\u00fa"},"content":{"rendered":"<div class=\"lead\">\n<p>Tres centres de la ciutat participen aquest curs 2018-2019 en el programa \u201cLa UE el nostre espai com\u00fa\u201d, que vol apropar la Uni\u00f3 Europea al context educatiu.<\/p>\n<\/div>\n<div class=\"e_text\">\n<p>El programa \u201cLa UE el nostre espai com\u00fa\u201d t\u00e9 per objectiu apropar la Uni\u00f3 Europea al context educatiu donant un especial \u00e8mfasi als valors fundacionals i a la diversitat en qu\u00e8 es fonamenta el Projecte d\u2019Europa. Pret\u00e9n ser una eina per a promoure des de les escoles una ciutadania de futur compromesa i s\u2019emmarca dins de la iniciativa d\u2019Eurocities Cities4Europe.<\/p>\n<p>El Programa Europa de la Direcci\u00f3 de Relacions Internacionals de l\u2019Ajuntament de Barcelona ha posat en marxa el projecte amb la col\u00b7laboraci\u00f3 del Consorci d\u2019Educaci\u00f3 de Barcelona en seva implantaci\u00f3 en els tres centres de la ciutat que hi participen: les escoles Vila Ol\u00edmpica, Mol\u00ed de Finestrelles i Bar\u00f3 de Viver. L\u2019alumnat d\u2019aquestes tres escoles coneixeran i podran debatre sobre els drets i deures de la ciutadania europea.<\/p>\n<p>El programa va arrencar el dilluns 12 de novembre a l\u2019Escola Bar\u00f3 de Viver amb el treball del valor de l\u2019economia circular per afavorir el reciclatge i evitar l\u2019exc\u00e9s de residus.<\/p>\n<p>El passat 26 de de novembre van estar a la nostra escola.<\/p>\n<p>Aquest programa acabar\u00e0 el mes d\u2019abril de 2019 amb una jornada el proper dia 27 de mar\u00e7\u00a0 on s\u2019exposaran les conclusions de la seva recerca i es faran propostes per fer-les arribar a les autoritats europees.<\/p>\n<\/div>\n<p>&nbsp;<\/p>\n<p><a href=\"https:\/\/www.edubcn.cat\/ca\/noticies\/detall?50898\" target=\"_blank\" rel=\"noopener\">NOTICIA<\/a><\/p>\n","protected":false},"excerpt":{"rendered":"<p>Tres centres de la ciutat participen aquest curs 2018-2019 en el programa \u201cLa UE el nostre espai com\u00fa\u201d, que vol apropar la Uni\u00f3 Europea al context educatiu.<\/p>\n<p>El programa \u201cLa UE el nostre espai com\u00fa\u201d t\u00e9 per objectiu apropar la Uni\u00f3 Europea al context educatiu donant&hellip;  <a href=\"https:\/\/agora.xtec.cat\/esc-molidefinestrelles\/pagines-dinici\/projectes-descola\/europa-un-espai-comu\/\" title=\"Read Europa, el nostre espai com\u00fa\">Llegeix m\u00e9s\u00bb<\/a><\/p>\n","protected":false},"author":124,"featured_media":0,"parent":3254,"menu_order":0,"comment_status":"closed","ping_status":"closed","template":"page-templates\/side-menu.php","meta":{"_bbp_topic_count":0,"_bbp_reply_count":0,"_bbp_total_topic_count":0,"_bbp_total_reply_count":0,"_bbp_voice_count":0,"_bbp_anonymous_reply_count":0,"_bbp_topic_count_hidden":0,"_bbp_reply_count_hidden":0,"_bbp_forum_subforum_count":0,"footnotes":""},"class_list":["post-3310","page","type-page","status-publish","hentry"],"post_mailing_queue_ids":[],"_links":{"self":[{"href":"https:\/\/agora.xtec.cat\/esc-molidefinestrelles\/wp-json\/wp\/v2\/pages\/3310","targetHints":{"allow":["GET"]}}],"collection":[{"href":"https:\/\/agora.xtec.cat\/esc-molidefinestrelles\/wp-json\/wp\/v2\/pages"}],"about":[{"href":"https:\/\/agora.xtec.cat\/esc-molidefinestrelles\/wp-json\/wp\/v2\/types\/page"}],"author":[{"embeddable":true,"href":"https:\/\/agora.xtec.cat\/esc-molidefinestrelles\/wp-json\/wp\/v2\/users\/124"}],"replies":[{"embeddable":true,"href":"https:\/\/agora.xtec.cat\/esc-molidefinestrelles\/wp-json\/wp\/v2\/comments?post=3310"}],"version-history":[{"count":3,"href":"https:\/\/agora.xtec.cat\/esc-molidefinestrelles\/wp-json\/wp\/v2\/pages\/3310\/revisions"}],"predecessor-version":[{"id":3327,"href":"https:\/\/agora.xtec.cat\/esc-molidefinestrelles\/wp-json\/wp\/v2\/pages\/3310\/revisions\/3327"}],"up":[{"embeddable":true,"href":"https:\/\/agora.xtec.cat\/esc-molidefinestrelles\/wp-json\/wp\/v2\/pages\/3254"}],"wp:attachment":[{"href":"https:\/\/agora.xtec.cat\/esc-molidefinestrelles\/wp-json\/wp\/v2\/media?parent=3310"}],"curies":[{"name":"wp","href":"https:\/\/api.w.org\/{rel}","templated":true}]}}