{"id":3622,"date":"2022-01-12T12:21:38","date_gmt":"2022-01-12T11:21:38","guid":{"rendered":"https:\/\/agora.xtec.cat\/esc-mmata-mataro\/?page_id=3622"},"modified":"2024-09-23T11:26:49","modified_gmt":"2024-09-23T09:26:49","slug":"serveis-externs","status":"publish","type":"page","link":"https:\/\/agora.xtec.cat\/esc-mmata-mataro\/lescola\/historia\/serveis-externs\/","title":{"rendered":"Serveis externs"},"content":{"rendered":"<div class=\"av-special-heading av-special-heading-h3 avia-builder-el-1 el_after_av_layerslider el_before_av_textblock avia-builder-el-first \">\n<h3><a href=\"https:\/\/agora.xtec.cat\/esc-mmata-mataro\/serveis-externs\/attachment\/cdip\/\" rel=\"attachment wp-att-3623\"><img loading=\"lazy\" decoding=\"async\" class=\"aligncenter size-medium wp-image-3623\" src=\"https:\/\/agora.xtec.cat\/esc-mmata-mataro\/wp-content\/uploads\/usu828\/2022\/01\/CDIP-300x30.jpg\" alt=\"\" width=\"300\" height=\"30\" srcset=\"https:\/\/agora.xtec.cat\/esc-mmata-mataro\/wp-content\/uploads\/usu828\/2022\/01\/CDIP-300x30.jpg 300w, https:\/\/agora.xtec.cat\/esc-mmata-mataro\/wp-content\/uploads\/usu828\/2022\/01\/CDIP-1024x103.jpg 1024w, https:\/\/agora.xtec.cat\/esc-mmata-mataro\/wp-content\/uploads\/usu828\/2022\/01\/CDIP-768x77.jpg 768w, https:\/\/agora.xtec.cat\/esc-mmata-mataro\/wp-content\/uploads\/usu828\/2022\/01\/CDIP-1536x155.jpg 1536w, https:\/\/agora.xtec.cat\/esc-mmata-mataro\/wp-content\/uploads\/usu828\/2022\/01\/CDIP.jpg 1567w\" sizes=\"auto, (max-width: 300px) 100vw, 300px\" \/><\/a><\/h3>\n<h3 class=\"av-special-heading-tag \" style=\"text-align: justify;\">CENTRE DE DESENVOLUPAMENT INFANTIL I ATENCI\u00d3 PRECO\u00c7 DEL MARESME \u2013 CDIAP<\/h3>\n<\/div>\n<section class=\"av_textblock_section \">\n<div class=\"avia_textblock \">\n<p style=\"text-align: justify;\">El\u00a0<strong>CDIAP del Maresme<\/strong>\u00a0\u00e9s un servei de la xarxa p\u00fablica d\u2019atenci\u00f3 integrat en el Sistema Catal\u00e0 de Serveis Socials de la Generalitat de Catalunya. Adre\u00e7at a atendre els infants de 0 a 6 anys de la comarca del Maresme que presenten algun tipus de trastorn, discapacitat, disfunci\u00f3 o disharmonia en el seu desenvolupament, o que es troben en situaci\u00f3 de risc de patir-la.<br \/>\nL\u2019objectiu del CDIAP \u00e9s atendre les fam\u00edlies preocupades per qualsevol aspecte del desenvolupament del seu fill. Es treballa per a poder\u00a0<strong>prevenir, diagnosticar i tractar les dificultats que puguin presentar aquests infants i acollint i orientant les consultes dels pares<\/strong>.<\/p>\n<p><a href=\"https:\/\/www.fundaciomaresme.cat\/centres\/cdiap\/\">https:\/\/www.fundaciomaresme.cat\/centres\/cdiap\/<\/a><\/p>\n<p>&nbsp;<\/p>\n<p><a href=\"https:\/\/agora.xtec.cat\/esc-mmata-mataro\/lescola\/historia\/serveis-externs\/attachment\/eap\/\" rel=\"attachment wp-att-3628\"><img loading=\"lazy\" decoding=\"async\" class=\"aligncenter wp-image-3628\" src=\"https:\/\/agora.xtec.cat\/esc-mmata-mataro\/wp-content\/uploads\/usu828\/2022\/01\/eap-300x29.jpg\" alt=\"\" width=\"704\" height=\"68\" srcset=\"https:\/\/agora.xtec.cat\/esc-mmata-mataro\/wp-content\/uploads\/usu828\/2022\/01\/eap-300x29.jpg 300w, https:\/\/agora.xtec.cat\/esc-mmata-mataro\/wp-content\/uploads\/usu828\/2022\/01\/eap-1024x98.jpg 1024w, https:\/\/agora.xtec.cat\/esc-mmata-mataro\/wp-content\/uploads\/usu828\/2022\/01\/eap-768x73.jpg 768w, https:\/\/agora.xtec.cat\/esc-mmata-mataro\/wp-content\/uploads\/usu828\/2022\/01\/eap.jpg 1267w\" sizes=\"auto, (max-width: 704px) 100vw, 704px\" \/><\/a><\/p>\n<header class=\"entry-header\">\n<h1 class=\"entry-title\">SE Matar\u00f3: CRP, EAP, ELIC<\/h1>\n<\/header>\n<div class=\"entry-content\">\n<p style=\"text-align: justify;\">El Servei Educatiu Maresme I est\u00e0 format per un equip multidisciplinar que d\u00f3na servei als centres educatius de la ciutat de Matar\u00f3. Els diferents serveis que l\u2019integren, tot i mantenir les seves funcions espec\u00edfiques, col\u00b7laboren de manera coordinada als centres.<\/p>\n<p style=\"text-align: justify;\">Els serveis educatius que intervenen en els centres d\u2019aquesta zona educativa espec\u00edfica s\u00f3n:<\/p>\n<ul style=\"text-align: justify;\">\n<li><strong><a href=\"http:\/\/xtec.gencat.cat\/ca\/serveis\/sez\/crp\/\" target=\"_blank\" rel=\"noopener noreferrer\">CRP<\/a><\/strong>\u00a0(Centre de recursos pedag\u00f2gics):\u00a0equip que d\u00f3na\u00a0<strong>suport a l\u2019activitat pedag\u00f2gica dels centres<\/strong>\u00a0i a la tasca docent de mestres i professorat, especialment, en temes de formaci\u00f3 permanent, de recursos pedag\u00f2gics i de dinamitzaci\u00f3 de projectes de centre i de la zona.<\/li>\n<li><strong><a href=\"http:\/\/xtec.gencat.cat\/ca\/serveis\/sez\/eap\/\" target=\"_blank\" rel=\"noopener noreferrer\">EAP<\/a>\u00a0<\/strong>(Equip d\u2019assesorament i orientaci\u00f3 psicopedag\u00f2gic)<span class=\"Apple-converted-space\">: equip<\/span>\u00a0que d\u00f3na\u00a0suport al professorat i als centres educatius en la resposta a la\u00a0<strong>diversitat de l\u2019alumnat<\/strong>\u00a0i en relaci\u00f3 als alumnes que presenten\u00a0<strong>necessitats educatives especials<\/strong>, aix\u00ed com a les seves fam\u00edlies.<\/li>\n<li><strong>EAP:<\/strong> eap-mataro@xtec.cat (persona de refer\u00e8ncia al centre: Olga Reg\u00e0s (PSI), Sam Mart\u00ed (FIS), Lidia Camps (TS) )<\/li>\n<li><strong><a href=\"http:\/\/xtec.gencat.cat\/ca\/serveis\/sez\/elic\/\" target=\"_blank\" rel=\"noopener noreferrer\">ELIC<\/a>\u00a0<\/strong>(Equip d\u2019assessorament i orientaci\u00f3 en llengua, interculturalitat i cohesi\u00f3 social): que donen suport al professorat en l\u2019atenci\u00f3 a la diversitat relacionada amb l\u2019alumnat, especialment procedent de la immigraci\u00f3 i\/o amb l\u2019alumnat amb risc d\u2019exclusi\u00f3 social, en l\u2019\u00e0mbit dels centres educatius i els plans educatius d\u2019entorn.\n<ul>\n<li><strong>ELIC:<\/strong>\u00a0bjarju@xtec.cat (referent: Bintou Jarju)<\/li>\n<\/ul>\n<p><strong>Horari:<\/strong>\u00a0Matins: de 8:30 a 14:00; Tardes: de 16:00 a 18:00.<\/li>\n<\/ul>\n<\/div>\n<div>\n<div class=\"columna2\"><a href=\"https:\/\/serveiseducatius.xtec.cat\/mataro\/presentacio\/\">\u00a0 \u00a0https:\/\/serveiseducatius.xtec.cat\/mataro\/presentacio\/<\/a><\/div>\n<\/div>\n<\/div>\n<\/section>\n<p>&nbsp;<\/p>\n<header class=\"entry-header\">\n<h1 class=\"entry-title\">CREDA, CREDV i CRETDIC<\/h1>\n<\/header>\n<div class=\"entry-content\">\n<p style=\"text-align: justify;\">S\u00f3n Serveis Educatius Espec\u00edfics que donen suport a l\u2019activitat pedag\u00f2gica dels centres, amb l\u2019objectiu d\u2019adequar l\u2019actuaci\u00f3 educativa a l\u2019alumnat amb necessitats m\u00e9s espec\u00edfiques.<\/p>\n<p style=\"text-align: justify;\">Els Serveis Educatius Espec\u00edfics que intervenen a Matar\u00f3 s\u00f3n:<\/p>\n<ul>\n<li style=\"list-style-type: none;\">\n<ul>\n<li style=\"text-align: justify;\"><strong><a href=\"http:\/\/xtec.gencat.cat\/ca\/serveis\/see\/creda\/\" target=\"_blank\" rel=\"noopener noreferrer\">CREDA<\/a><\/strong>: \u00c9s el centre de Recursos Educatius per a alumnes amb Discapacitat Auditiva i alumnes amb trastorns greus del llenguatge i\/o la comunicaci\u00f3.\u00a0<a href=\"https:\/\/serveiseducatius.xtec.cat\/creda-mvo\/\">CREDA Maresme-Vall\u00e8s Oriental<\/a>. (Persona de refer\u00e8ncia: Carme S\u00e1nchez)<\/li>\n<li style=\"text-align: justify;\"><strong><a href=\"http:\/\/xtec.gencat.cat\/ca\/serveis\/see\/credv\/\" target=\"_blank\" rel=\"noopener noreferrer\">CREDV<\/a><\/strong>: \u00c9s el Centre de Recursos Educatius per a alumnes amb ceguesa i Discapacitat Visual greu. (Persona de refer\u00e8ncia: Carol Ramos \u00c1lvarez)<\/li>\n<li style=\"text-align: justify;\"><strong><a href=\"http:\/\/xtec.gencat.cat\/ca\/serveis\/see\/cretdic\/\" target=\"_blank\" rel=\"noopener noreferrer\">CRETDIC<\/a><\/strong>: \u00c9s el Centre de Recursos per a l\u2019atenci\u00f3 Educativa a l\u2019alumnat amb Trastorns greus del Desenvolupament I de la Conducta.<\/li>\n<\/ul>\n<\/li>\n<\/ul>\n<\/div>\n","protected":false},"excerpt":{"rendered":"<p><a href=\"https:\/\/agora.xtec.cat\/esc-mmata-mataro\/serveis-externs\/attachment\/cdip\/\" rel=\"attachment wp-att-3623\"><\/a><br \/>\nCENTRE DE DESENVOLUPAMENT INFANTIL I ATENCI\u00d3 PRECO\u00c7 DEL MARESME \u2013 CDIAP<\/p>\n<p>El\u00a0CDIAP del Maresme\u00a0\u00e9s un servei de la xarxa p\u00fablica d\u2019atenci\u00f3 integrat en el Sistema Catal\u00e0 de Serveis Socials de la Generalitat de Catalunya. Adre\u00e7at a atendre els infants de 0 a 6&hellip;  <a href=\"https:\/\/agora.xtec.cat\/esc-mmata-mataro\/lescola\/historia\/serveis-externs\/\" title=\"Read Serveis externs\">Llegeix m\u00e9s\u00bb<\/a><\/p>\n","protected":false},"author":15,"featured_media":0,"parent":26,"menu_order":3,"comment_status":"closed","ping_status":"closed","template":"page-templates\/side-menu.php","meta":{"_bbp_topic_count":0,"_bbp_reply_count":0,"_bbp_total_topic_count":0,"_bbp_total_reply_count":0,"_bbp_voice_count":0,"_bbp_anonymous_reply_count":0,"_bbp_topic_count_hidden":0,"_bbp_reply_count_hidden":0,"_bbp_forum_subforum_count":0,"footnotes":""},"class_list":["post-3622","page","type-page","status-publish","hentry"],"post_mailing_queue_ids":[],"_links":{"self":[{"href":"https:\/\/agora.xtec.cat\/esc-mmata-mataro\/wp-json\/wp\/v2\/pages\/3622","targetHints":{"allow":["GET"]}}],"collection":[{"href":"https:\/\/agora.xtec.cat\/esc-mmata-mataro\/wp-json\/wp\/v2\/pages"}],"about":[{"href":"https:\/\/agora.xtec.cat\/esc-mmata-mataro\/wp-json\/wp\/v2\/types\/page"}],"author":[{"embeddable":true,"href":"https:\/\/agora.xtec.cat\/esc-mmata-mataro\/wp-json\/wp\/v2\/users\/15"}],"replies":[{"embeddable":true,"href":"https:\/\/agora.xtec.cat\/esc-mmata-mataro\/wp-json\/wp\/v2\/comments?post=3622"}],"version-history":[{"count":5,"href":"https:\/\/agora.xtec.cat\/esc-mmata-mataro\/wp-json\/wp\/v2\/pages\/3622\/revisions"}],"predecessor-version":[{"id":5468,"href":"https:\/\/agora.xtec.cat\/esc-mmata-mataro\/wp-json\/wp\/v2\/pages\/3622\/revisions\/5468"}],"up":[{"embeddable":true,"href":"https:\/\/agora.xtec.cat\/esc-mmata-mataro\/wp-json\/wp\/v2\/pages\/26"}],"wp:attachment":[{"href":"https:\/\/agora.xtec.cat\/esc-mmata-mataro\/wp-json\/wp\/v2\/media?parent=3622"}],"curies":[{"name":"wp","href":"https:\/\/api.w.org\/{rel}","templated":true}]}}