{"id":28,"date":"2014-09-18T12:29:35","date_gmt":"2014-09-18T11:29:35","guid":{"rendered":"http:\/\/agora.xtec.cat\/esc-mmata-mataro\/?page_id=28"},"modified":"2024-09-23T11:59:36","modified_gmt":"2024-09-23T09:59:36","slug":"consell-escolar","status":"publish","type":"page","link":"https:\/\/agora.xtec.cat\/esc-mmata-mataro\/lescola\/consell-escolar\/","title":{"rendered":"Consell Escolar"},"content":{"rendered":"<p style=\"text-align: justify;\"><span style=\"font-weight: 400;\">El consell escolar del centre \u00e9s l&#8217;<\/span><b>\u00f2rgan col\u00b7legiat de participaci\u00f3<\/b><span style=\"font-weight: 400;\"> de la comunitat escolar en el govern del centre. En el consell escolar hi ha representats tots els col\u00b7lectius que intervenen en la comunitat educativa: director, professorat, alumnat, personal d&#8217;administraci\u00f3 i serveis, etc.<\/span><\/p>\n<p style=\"text-align: justify;\"><span style=\"font-weight: 400;\">En els centres p\u00fablics, la funci\u00f3 principal del consell escolar \u00e9s participar en la presa de decisions en relaci\u00f3 amb aquells temes importants per al funcionament i l&#8217;organitzaci\u00f3 del centre: el projecte educatiu, la programaci\u00f3 general, la gesti\u00f3 econ\u00f2mica, etc. En el cas dels centres privats concertats, el consell escolar debat, avalua, analitza i pren decisions sobre els temes proposats pel titular del centre.<\/span><\/p>\n<p style=\"text-align: justify;\"><span style=\"font-weight: 400;\">Els membres del consell escolar s\u00f3n elegits per un per\u00edode de quatre anys i es renoven per meitats cada dos anys<\/span><\/p>\n<p><strong>Membres que constitueixen el Consell Escolar:<\/strong><\/p>\n<ul style=\"list-style-type: square;\">\n<li><strong>Representats de la direcci\u00f3 del centre:\u00a0<\/strong><\/li>\n<\/ul>\n<ul style=\"list-style-type: circle;\">\n<li>Presidenta: Carme Rengel (direcci\u00f3)<\/li>\n<li>Cap d&#8217;estudis: Paula Ram\u00f3n (cap d&#8217;estudis)<\/li>\n<li>Secret\u00e0ria: Aurora Gil (secret\u00e0ria)<\/li>\n<\/ul>\n<ul>\n<li><strong>Representants dels Mestres<\/strong>:<\/li>\n<\/ul>\n<ul style=\"list-style-type: circle;\">\n<li>Sonia Montsant<\/li>\n<li>Minerva Morales<\/li>\n<li>Ma. Jes\u00fas Moreno<\/li>\n<li>Eva Ord\u00f3\u00f1ez<\/li>\n<li>Noem\u00ed Soriano<\/li>\n<li>Ana Tudela<\/li>\n<\/ul>\n<ul style=\"list-style-type: square;\">\n<li><strong>Representants de pares i mares:\u00a0<\/strong><\/li>\n<\/ul>\n<ul style=\"list-style-type: circle;\">\n<li>Yolanda Jim\u00e9nez<\/li>\n<li>Irene Lluci\u00e0<\/li>\n<li>Noelia Maroto<\/li>\n<li>Silvia Mart\u00ednez<\/li>\n<li>Lidia Raya<\/li>\n<\/ul>\n<ul style=\"list-style-type: square;\">\n<li><strong>Representant de l&#8217;AMPA:<\/strong><\/li>\n<\/ul>\n<ul style=\"list-style-type: circle;\">\n<li>Cristina Huete<\/li>\n<\/ul>\n<ul style=\"list-style-type: square;\">\n<li><strong>Representant del Personal d&#8217;Administraci\u00f3 i Serveis ( PAS): <\/strong><\/li>\n<\/ul>\n<ul style=\"list-style-type: circle;\">\n<li>Ruth Casellas<\/li>\n<\/ul>\n<ul style=\"list-style-type: square;\">\n<li><strong>Representant de l&#8217;Ajuntament<\/strong>:<\/li>\n<\/ul>\n<ul style=\"list-style-type: circle;\">\n<li>Gemma Boix<\/li>\n<\/ul>\n<ul style=\"list-style-type: square;\">\n<li><strong>Representant de PAE:<\/strong><\/li>\n<\/ul>\n<ul style=\"list-style-type: circle;\">\n<li>Susana Ortega<\/li>\n<\/ul>\n","protected":false},"excerpt":{"rendered":"<p>El consell escolar del centre \u00e9s l&#8217;\u00f2rgan col\u00b7legiat de participaci\u00f3 de la comunitat escolar en el govern del centre. En el consell escolar hi ha representats tots els col\u00b7lectius que intervenen en la comunitat educativa: director, professorat, alumnat, personal d&#8217;administraci\u00f3 i serveis, etc.<br \/>\nEn els centres&hellip;  <a href=\"https:\/\/agora.xtec.cat\/esc-mmata-mataro\/lescola\/consell-escolar\/\" title=\"Read Consell Escolar\">Llegeix m\u00e9s\u00bb<\/a><\/p>\n","protected":false},"author":1,"featured_media":0,"parent":22,"menu_order":60,"comment_status":"closed","ping_status":"closed","template":"page-templates\/side-menu.php","meta":{"_bbp_topic_count":0,"_bbp_reply_count":0,"_bbp_total_topic_count":0,"_bbp_total_reply_count":0,"_bbp_voice_count":0,"_bbp_anonymous_reply_count":0,"_bbp_topic_count_hidden":0,"_bbp_reply_count_hidden":0,"_bbp_forum_subforum_count":0,"footnotes":""},"class_list":["post-28","page","type-page","status-publish","hentry"],"post_mailing_queue_ids":[],"_links":{"self":[{"href":"https:\/\/agora.xtec.cat\/esc-mmata-mataro\/wp-json\/wp\/v2\/pages\/28","targetHints":{"allow":["GET"]}}],"collection":[{"href":"https:\/\/agora.xtec.cat\/esc-mmata-mataro\/wp-json\/wp\/v2\/pages"}],"about":[{"href":"https:\/\/agora.xtec.cat\/esc-mmata-mataro\/wp-json\/wp\/v2\/types\/page"}],"author":[{"embeddable":true,"href":"https:\/\/agora.xtec.cat\/esc-mmata-mataro\/wp-json\/wp\/v2\/users\/1"}],"replies":[{"embeddable":true,"href":"https:\/\/agora.xtec.cat\/esc-mmata-mataro\/wp-json\/wp\/v2\/comments?post=28"}],"version-history":[{"count":5,"href":"https:\/\/agora.xtec.cat\/esc-mmata-mataro\/wp-json\/wp\/v2\/pages\/28\/revisions"}],"predecessor-version":[{"id":5472,"href":"https:\/\/agora.xtec.cat\/esc-mmata-mataro\/wp-json\/wp\/v2\/pages\/28\/revisions\/5472"}],"up":[{"embeddable":true,"href":"https:\/\/agora.xtec.cat\/esc-mmata-mataro\/wp-json\/wp\/v2\/pages\/22"}],"wp:attachment":[{"href":"https:\/\/agora.xtec.cat\/esc-mmata-mataro\/wp-json\/wp\/v2\/media?parent=28"}],"curies":[{"name":"wp","href":"https:\/\/api.w.org\/{rel}","templated":true}]}}