{"id":64,"date":"2014-09-18T12:39:08","date_gmt":"2014-09-18T11:39:08","guid":{"rendered":"http:\/\/agora.xtec.cat\/esc-miretisans\/?page_id=64"},"modified":"2026-03-03T18:52:11","modified_gmt":"2026-03-03T17:52:11","slug":"projecte-educatiu","status":"publish","type":"page","link":"https:\/\/agora.xtec.cat\/esc-miretisans\/projecte-educatiu\/","title":{"rendered":"Projecte educatiu"},"content":{"rendered":"<h3 class=\"entry-title\">PMOE PROA +<\/h3>\n<p>El Pla de Millora d\u2019Oportunitats Educatives (PMOE), conegut com PROA+ (Pla de Refor\u00e7, Orientaci\u00f3 i Avan\u00e7ament), \u00e9s una iniciativa educativa que busca millorar el rendiment acad\u00e8mic i les oportunitats dels estudiants, especialment aquells que podrien trobar-se en situacions de desavantatge o amb dificultats per aconseguir els objectius educatius establerts. Aquest pla generalment inclou una s\u00e8rie de mesures i estrat\u00e8gies dirigides a atendre les necessitats espec\u00edfiques dels alumnes, vulnerabilitat socioecon\u00f2mica i socioeducativa. Aquest pla s&#8217;integra al Programa del Ministeri d&#8217;Educaci\u00f3, Formaci\u00f3 Professional i Esports. La finalitat del programa PMOE PROA+ \u00e9s millorar l&#8217;equitat en l&#8217;acc\u00e9s a oportunitats educatives i l&#8217;\u00e8xit escolar de tot l&#8217;alumnat, enfortint els\u00a0centres educatius amb m\u00e9s complexitat del Servei d&#8217;Educaci\u00f3 de Catalunya.<\/p>\n<p>A continuaci\u00f3 deixem l\u2019enlla\u00e7 del Departament d\u2019Educaci\u00f3: <a href=\"https:\/\/educacio.gencat.cat\/ca\/departament\/linies-estrategiques\/equitat-educativa\/pla-millora-oportunitats-educatives\/index.html\">https:\/\/educacio.gencat.cat\/ca\/departament\/linies-estrategiques\/equitat-educativa\/pla-millora-oportunitats-educatives\/index.html<\/a><\/p>\n<p><img loading=\"lazy\" decoding=\"async\" class=\"aligncenter wp-image-2453 size-medium\" src=\"https:\/\/agora.xtec.cat\/esc-miretisans\/wp-content\/uploads\/usu2056\/2026\/03\/PMOE-300x201.png\" alt=\"\" width=\"300\" height=\"201\" srcset=\"https:\/\/agora.xtec.cat\/esc-miretisans\/wp-content\/uploads\/usu2056\/2026\/03\/PMOE-300x201.png 300w, https:\/\/agora.xtec.cat\/esc-miretisans\/wp-content\/uploads\/usu2056\/2026\/03\/PMOE-1024x686.png 1024w, https:\/\/agora.xtec.cat\/esc-miretisans\/wp-content\/uploads\/usu2056\/2026\/03\/PMOE-768x514.png 768w, https:\/\/agora.xtec.cat\/esc-miretisans\/wp-content\/uploads\/usu2056\/2026\/03\/PMOE.png 1080w\" sizes=\"auto, (max-width: 300px) 100vw, 300px\" \/><\/p>\n<p>&nbsp;<\/p>\n<p>&nbsp;<\/p>\n<h3 class=\"NG-menu__title\">C\u00f3digo Escuela 4.0<\/h3>\n<p>Enlla\u00e7 del Departament d&#8217;Educaci\u00f3:\u00a0<a href=\"https:\/\/educacio.gencat.cat\/ca\/departament\/linies-estrategiques\/pla-educacio-digital\/concertada-4-0\/\">https:\/\/educacio.gencat.cat\/ca\/departament\/linies-estrategiques\/pla-educacio-digital\/concertada-4-0\/<\/a><\/p>\n<p><img loading=\"lazy\" decoding=\"async\" class=\"aligncenter size-large wp-image-2454\" src=\"https:\/\/agora.xtec.cat\/esc-miretisans\/wp-content\/uploads\/usu2056\/2026\/03\/logo-equipament-robotica-1024x61.png\" alt=\"\" width=\"1024\" height=\"61\" srcset=\"https:\/\/agora.xtec.cat\/esc-miretisans\/wp-content\/uploads\/usu2056\/2026\/03\/logo-equipament-robotica-1024x61.png 1024w, https:\/\/agora.xtec.cat\/esc-miretisans\/wp-content\/uploads\/usu2056\/2026\/03\/logo-equipament-robotica-300x18.png 300w, https:\/\/agora.xtec.cat\/esc-miretisans\/wp-content\/uploads\/usu2056\/2026\/03\/logo-equipament-robotica-768x46.png 768w, https:\/\/agora.xtec.cat\/esc-miretisans\/wp-content\/uploads\/usu2056\/2026\/03\/logo-equipament-robotica.png 1200w\" sizes=\"auto, (max-width: 1024px) 100vw, 1024px\" \/><\/p>\n<p>&nbsp;<\/p>\n","protected":false},"excerpt":{"rendered":"<p>PMOE PROA +<br \/>\nEl Pla de Millora d\u2019Oportunitats Educatives (PMOE), conegut com PROA+ (Pla de Refor\u00e7, Orientaci\u00f3 i Avan\u00e7ament), \u00e9s una iniciativa educativa que busca millorar el rendiment acad\u00e8mic i les oportunitats dels estudiants, especialment aquells que podrien trobar-se en situacions de desavantatge o amb dificultats&hellip;  <a href=\"https:\/\/agora.xtec.cat\/esc-miretisans\/projecte-educatiu\/\" title=\"Read Projecte educatiu\">Llegeix m\u00e9s\u00bb<\/a><\/p>\n","protected":false},"author":1,"featured_media":0,"parent":0,"menu_order":0,"comment_status":"closed","ping_status":"closed","template":"page-templates\/side-menu.php","meta":{"_bbp_topic_count":0,"_bbp_reply_count":0,"_bbp_total_topic_count":0,"_bbp_total_reply_count":0,"_bbp_voice_count":0,"_bbp_anonymous_reply_count":0,"_bbp_topic_count_hidden":0,"_bbp_reply_count_hidden":0,"_bbp_forum_subforum_count":0,"footnotes":""},"class_list":["post-64","page","type-page","status-publish","hentry"],"post_mailing_queue_ids":[],"_links":{"self":[{"href":"https:\/\/agora.xtec.cat\/esc-miretisans\/wp-json\/wp\/v2\/pages\/64","targetHints":{"allow":["GET"]}}],"collection":[{"href":"https:\/\/agora.xtec.cat\/esc-miretisans\/wp-json\/wp\/v2\/pages"}],"about":[{"href":"https:\/\/agora.xtec.cat\/esc-miretisans\/wp-json\/wp\/v2\/types\/page"}],"author":[{"embeddable":true,"href":"https:\/\/agora.xtec.cat\/esc-miretisans\/wp-json\/wp\/v2\/users\/1"}],"replies":[{"embeddable":true,"href":"https:\/\/agora.xtec.cat\/esc-miretisans\/wp-json\/wp\/v2\/comments?post=64"}],"version-history":[{"count":2,"href":"https:\/\/agora.xtec.cat\/esc-miretisans\/wp-json\/wp\/v2\/pages\/64\/revisions"}],"predecessor-version":[{"id":2455,"href":"https:\/\/agora.xtec.cat\/esc-miretisans\/wp-json\/wp\/v2\/pages\/64\/revisions\/2455"}],"wp:attachment":[{"href":"https:\/\/agora.xtec.cat\/esc-miretisans\/wp-json\/wp\/v2\/media?parent=64"}],"curies":[{"name":"wp","href":"https:\/\/api.w.org\/{rel}","templated":true}]}}