{"id":38,"date":"2014-09-18T12:34:08","date_gmt":"2014-09-18T11:34:08","guid":{"rendered":"http:\/\/agora.xtec.cat\/esc-miretisans\/?page_id=38"},"modified":"2024-09-04T10:42:42","modified_gmt":"2024-09-04T08:42:42","slug":"salut","status":"publish","type":"page","link":"https:\/\/agora.xtec.cat\/esc-miretisans\/lescola\/salut\/","title":{"rendered":"Salut"},"content":{"rendered":"<p>Si un nen\/a ha de prendre un medicament en horari escolar o durant les<br \/>\ncol\u00f2nies, cal portar l\u2019autoritzaci\u00f3 de la fam\u00edlia i del metge, juntament amb la recepta m\u00e8dica. Es pot passar a buscar el document \/ autoritzaci\u00f3 per l&#8217;escola.<\/p>\n<p>&nbsp;<\/p>\n<p>&nbsp;<\/p>\n<p>&nbsp;<\/p>\n<p>&nbsp;<\/p>\n<p>&nbsp;<\/p>\n","protected":false},"excerpt":{"rendered":"<p>Si un nen\/a ha de prendre un medicament en horari escolar o durant les<br \/>\ncol\u00f2nies, cal portar l\u2019autoritzaci\u00f3 de la fam\u00edlia i del metge, juntament amb la recepta m\u00e8dica. Es pot passar a buscar el document \/ autoritzaci\u00f3 per l&#8217;escola.<br \/>\n&nbsp;<br \/>\n&nbsp;<br \/>\n&nbsp;<br \/>\n&nbsp;<br \/>\n&nbsp;<\/p>\n","protected":false},"author":1,"featured_media":0,"parent":22,"menu_order":80,"comment_status":"closed","ping_status":"closed","template":"page-templates\/side-menu.php","meta":{"_bbp_topic_count":0,"_bbp_reply_count":0,"_bbp_total_topic_count":0,"_bbp_total_reply_count":0,"_bbp_voice_count":0,"_bbp_anonymous_reply_count":0,"_bbp_topic_count_hidden":0,"_bbp_reply_count_hidden":0,"_bbp_forum_subforum_count":0,"footnotes":""},"class_list":["post-38","page","type-page","status-publish","hentry"],"post_mailing_queue_ids":[],"_links":{"self":[{"href":"https:\/\/agora.xtec.cat\/esc-miretisans\/wp-json\/wp\/v2\/pages\/38","targetHints":{"allow":["GET"]}}],"collection":[{"href":"https:\/\/agora.xtec.cat\/esc-miretisans\/wp-json\/wp\/v2\/pages"}],"about":[{"href":"https:\/\/agora.xtec.cat\/esc-miretisans\/wp-json\/wp\/v2\/types\/page"}],"author":[{"embeddable":true,"href":"https:\/\/agora.xtec.cat\/esc-miretisans\/wp-json\/wp\/v2\/users\/1"}],"replies":[{"embeddable":true,"href":"https:\/\/agora.xtec.cat\/esc-miretisans\/wp-json\/wp\/v2\/comments?post=38"}],"version-history":[{"count":3,"href":"https:\/\/agora.xtec.cat\/esc-miretisans\/wp-json\/wp\/v2\/pages\/38\/revisions"}],"predecessor-version":[{"id":2159,"href":"https:\/\/agora.xtec.cat\/esc-miretisans\/wp-json\/wp\/v2\/pages\/38\/revisions\/2159"}],"up":[{"embeddable":true,"href":"https:\/\/agora.xtec.cat\/esc-miretisans\/wp-json\/wp\/v2\/pages\/22"}],"wp:attachment":[{"href":"https:\/\/agora.xtec.cat\/esc-miretisans\/wp-json\/wp\/v2\/media?parent=38"}],"curies":[{"name":"wp","href":"https:\/\/api.w.org\/{rel}","templated":true}]}}