{"id":26,"date":"2014-09-18T12:24:32","date_gmt":"2014-09-18T11:24:32","guid":{"rendered":"http:\/\/agora.xtec.cat\/esc-merce-pla\/?page_id=26"},"modified":"2020-02-25T17:10:28","modified_gmt":"2020-02-25T16:10:28","slug":"historia","status":"publish","type":"page","link":"https:\/\/agora.xtec.cat\/esc-merce-pla\/lescola\/historia\/","title":{"rendered":"Fundaci\u00f3 Merc\u00e8 Pl\u00e0"},"content":{"rendered":"<p style=\"text-align: justify;\">La\u00a0<strong>Fundaci\u00f3 Privada Merc\u00e8 Pla<\/strong>\u00a0va n\u00e9ixer l\u2019any 1999, per tal de disposar\u00a0d\u2019una entitat jur\u00eddica que facilit\u00e9s la creaci\u00f3 de nous serveis. Ara b\u00e9, anys enrere, concretament el 1977 naixia ja l\u2019entitat\u00a0Verge de la Cinta SCC, una societat cooperativa sense \u00e0nim de lucre constitu\u00efda per fam\u00edlies de persones amb discapacitat. Des de llavors, s\u2019han anat creant els serveis i les estructures necess\u00e0ries per adaptar-se als nous models d\u2019intervenci\u00f3 i atenci\u00f3.<\/p>\n<p style=\"text-align: justify;\">D\u2019aquesta manera, partint d\u2019una iniciativa que va sorgir fa m\u00e9s de trenta-cinc anys amb la vocaci\u00f3 de respondre a una necessitat espec\u00edfica com era l\u2019atenci\u00f3 a les persones amb discapacitat intel\u00b7lectual, la Fundaci\u00f3 Merc\u00e8 Pla ha esdevingut un referent en l\u2019atenci\u00f3 social de diversos col\u00b7lectius a les Terres de l\u2019Ebre.<\/p>\n<p style=\"text-align: justify;\"><a href=\"https:\/\/agora.xtec.cat\/esc-merce-pla\/wp-content\/uploads\/usu552\/2020\/02\/web_quisom.jpg\"><img loading=\"lazy\" decoding=\"async\" class=\"aligncenter wp-image-2041\" src=\"https:\/\/agora.xtec.cat\/esc-merce-pla\/wp-content\/uploads\/usu552\/2020\/02\/web_quisom-1024x204.jpg\" alt=\"\" width=\"712\" height=\"142\" srcset=\"https:\/\/agora.xtec.cat\/esc-merce-pla\/wp-content\/uploads\/usu552\/2020\/02\/web_quisom.jpg 1024w, https:\/\/agora.xtec.cat\/esc-merce-pla\/wp-content\/uploads\/usu552\/2020\/02\/web_quisom-300x60.jpg 300w, https:\/\/agora.xtec.cat\/esc-merce-pla\/wp-content\/uploads\/usu552\/2020\/02\/web_quisom-768x153.jpg 768w\" sizes=\"auto, (max-width: 712px) 100vw, 712px\" \/><\/a><\/p>\n<p>&nbsp;<\/p>\n","protected":false},"excerpt":{"rendered":"<p>La\u00a0Fundaci\u00f3 Privada Merc\u00e8 Pla\u00a0va n\u00e9ixer l\u2019any 1999, per tal de disposar\u00a0d\u2019una entitat jur\u00eddica que facilit\u00e9s la creaci\u00f3 de nous serveis. Ara b\u00e9, anys enrere, concretament el 1977 naixia ja l\u2019entitat\u00a0Verge de la Cinta SCC, una societat cooperativa sense \u00e0nim de lucre constitu\u00efda per fam\u00edlies de&hellip;  <a href=\"https:\/\/agora.xtec.cat\/esc-merce-pla\/lescola\/historia\/\" title=\"Read Fundaci\u00f3 Merc\u00e8 Pl\u00e0\">Llegeix m\u00e9s\u00bb<\/a><\/p>\n","protected":false},"author":1,"featured_media":0,"parent":22,"menu_order":5,"comment_status":"closed","ping_status":"closed","template":"page-templates\/side-menu.php","meta":{"_bbp_topic_count":0,"_bbp_reply_count":0,"_bbp_total_topic_count":0,"_bbp_total_reply_count":0,"_bbp_voice_count":0,"_bbp_anonymous_reply_count":0,"_bbp_topic_count_hidden":0,"_bbp_reply_count_hidden":0,"_bbp_forum_subforum_count":0,"footnotes":""},"class_list":["post-26","page","type-page","status-publish","hentry"],"post_mailing_queue_ids":[],"_links":{"self":[{"href":"https:\/\/agora.xtec.cat\/esc-merce-pla\/wp-json\/wp\/v2\/pages\/26","targetHints":{"allow":["GET"]}}],"collection":[{"href":"https:\/\/agora.xtec.cat\/esc-merce-pla\/wp-json\/wp\/v2\/pages"}],"about":[{"href":"https:\/\/agora.xtec.cat\/esc-merce-pla\/wp-json\/wp\/v2\/types\/page"}],"author":[{"embeddable":true,"href":"https:\/\/agora.xtec.cat\/esc-merce-pla\/wp-json\/wp\/v2\/users\/1"}],"replies":[{"embeddable":true,"href":"https:\/\/agora.xtec.cat\/esc-merce-pla\/wp-json\/wp\/v2\/comments?post=26"}],"version-history":[{"count":3,"href":"https:\/\/agora.xtec.cat\/esc-merce-pla\/wp-json\/wp\/v2\/pages\/26\/revisions"}],"predecessor-version":[{"id":2053,"href":"https:\/\/agora.xtec.cat\/esc-merce-pla\/wp-json\/wp\/v2\/pages\/26\/revisions\/2053"}],"up":[{"embeddable":true,"href":"https:\/\/agora.xtec.cat\/esc-merce-pla\/wp-json\/wp\/v2\/pages\/22"}],"wp:attachment":[{"href":"https:\/\/agora.xtec.cat\/esc-merce-pla\/wp-json\/wp\/v2\/media?parent=26"}],"curies":[{"name":"wp","href":"https:\/\/api.w.org\/{rel}","templated":true}]}}