{"id":24,"date":"2014-09-18T12:23:15","date_gmt":"2014-09-18T11:23:15","guid":{"rendered":"http:\/\/agora.xtec.cat\/esc-merce-pla\/?page_id=24"},"modified":"2020-02-14T17:25:50","modified_gmt":"2020-02-14T16:25:50","slug":"on-som","status":"publish","type":"page","link":"https:\/\/agora.xtec.cat\/esc-merce-pla\/lescola\/on-som\/","title":{"rendered":"On som"},"content":{"rendered":"<p><span style=\"font-weight: 400;\">El centre est\u00e0 ubicat a la pedania de Campred\u00f3 (Tortosa), fora del nucli urb\u00e0, en un entorn natural el que ens ofereix un ampli espai per realitzar diferents activitats que ens permeten estar en continu contacte amb la natura. Es pot tenir acc\u00e9s a l\u2019escola amb transport p\u00fablic, la qual cosa ens facilita les comunicacions amb les poblacions properes.<\/span><\/p>\n<p><span style=\"font-weight: 400;\">La zona d\u2019influ\u00e8ncia del nostre centre, a nivell de matriculaci\u00f3 d\u2019alumnes, ve donada pel Departament d\u2019Educaci\u00f3 de la Generalitat de Catalunya. Aquesta \u00e0rea correspon a la comarca del Baix Ebre, tot i que en l\u2019etapa de post-obligat\u00f2ria pot ampliar-se a la resta de comarques de les Terres de l\u2019Ebre depenent de l\u2019oferta de programes.<\/span><\/p>\n<p style=\"color: #666666;\"><strong>Escola Verge de la Cinta<\/strong><br \/>\nCtra. Tortosa &#8211; L&#8217;Aldea, km 7 C42<br \/>\n43897 Campred\u00f3 (Tortosa)<\/p>\n<p>Tel. 977597220<br \/>\n<a href=\"mailto:e3005182@xtec.cat\">e3005182@xtec.cat<\/a><\/p>\n<p><iframe loading=\"lazy\" style=\"border: 0;\" src=\"https:\/\/www.google.com\/maps\/embed?pb=!1m18!1m12!1m3!1d1490.2555996990504!2d0.5492731256495602!3d40.77095999193644!2m3!1f0!2f0!3f0!3m2!1i1024!2i768!4f13.1!3m3!1m2!1s0x12a0fce9381aaa2d%3A0x488bf534fcc1b19f!2sPartida+Camp+Redo%2C+120%2C+43897+Tortosa%2C+Tarragona!5e1!3m2!1sca!2ses!4v1559454643416!5m2!1sca!2ses\" width=\"600\" height=\"360\" frameborder=\"0\" allowfullscreen=\"allowfullscreen\"><\/iframe><\/p>\n","protected":false},"excerpt":{"rendered":"<p>El centre est\u00e0 ubicat a la pedania de Campred\u00f3 (Tortosa), fora del nucli urb\u00e0, en un entorn natural el que ens ofereix un ampli espai per realitzar diferents activitats que ens permeten estar en continu contacte amb la natura. Es pot tenir acc\u00e9s a l\u2019escola&hellip;  <a href=\"https:\/\/agora.xtec.cat\/esc-merce-pla\/lescola\/on-som\/\" title=\"Read On som\">Llegeix m\u00e9s\u00bb<\/a><\/p>\n","protected":false},"author":1,"featured_media":0,"parent":22,"menu_order":10,"comment_status":"closed","ping_status":"closed","template":"page-templates\/side-menu.php","meta":{"_bbp_topic_count":0,"_bbp_reply_count":0,"_bbp_total_topic_count":0,"_bbp_total_reply_count":0,"_bbp_voice_count":0,"_bbp_anonymous_reply_count":0,"_bbp_topic_count_hidden":0,"_bbp_reply_count_hidden":0,"_bbp_forum_subforum_count":0,"footnotes":""},"class_list":["post-24","page","type-page","status-publish","hentry"],"post_mailing_queue_ids":[],"_links":{"self":[{"href":"https:\/\/agora.xtec.cat\/esc-merce-pla\/wp-json\/wp\/v2\/pages\/24","targetHints":{"allow":["GET"]}}],"collection":[{"href":"https:\/\/agora.xtec.cat\/esc-merce-pla\/wp-json\/wp\/v2\/pages"}],"about":[{"href":"https:\/\/agora.xtec.cat\/esc-merce-pla\/wp-json\/wp\/v2\/types\/page"}],"author":[{"embeddable":true,"href":"https:\/\/agora.xtec.cat\/esc-merce-pla\/wp-json\/wp\/v2\/users\/1"}],"replies":[{"embeddable":true,"href":"https:\/\/agora.xtec.cat\/esc-merce-pla\/wp-json\/wp\/v2\/comments?post=24"}],"version-history":[{"count":4,"href":"https:\/\/agora.xtec.cat\/esc-merce-pla\/wp-json\/wp\/v2\/pages\/24\/revisions"}],"predecessor-version":[{"id":1969,"href":"https:\/\/agora.xtec.cat\/esc-merce-pla\/wp-json\/wp\/v2\/pages\/24\/revisions\/1969"}],"up":[{"embeddable":true,"href":"https:\/\/agora.xtec.cat\/esc-merce-pla\/wp-json\/wp\/v2\/pages\/22"}],"wp:attachment":[{"href":"https:\/\/agora.xtec.cat\/esc-merce-pla\/wp-json\/wp\/v2\/media?parent=24"}],"curies":[{"name":"wp","href":"https:\/\/api.w.org\/{rel}","templated":true}]}}